{"id":23554,"date":"2025-08-01T17:32:17","date_gmt":"2025-08-01T15:32:17","guid":{"rendered":"https:\/\/uj.adatbank.ro\/lexikon\/termek\/toth-istvan-%c2%a7\/"},"modified":"2025-08-01T17:32:17","modified_gmt":"2025-08-01T15:32:17","slug":"toth-istvan-%c2%a7","status":"publish","type":"product","link":"https:\/\/uj.adatbank.ro\/lexikon\/termek\/toth-istvan-%c2%a7\/","title":{"rendered":"T\u00d3TH Istv\u00e1n, \u00a7"},"content":{"rendered":"<p>Mv., 1882. m\u00e1j. 29., \u2020 Kv., 1964. m\u00e1j. 24.: tan\u00e1r, fest\u0151, grafikus. \u2013 \u00c9retts\u00e9git a kv.-i Unit. F\u0151gimn.-ban tett, a k\u00e9pz\u0151m\u0171v\u00e9szeti f\u0151iskol\u00e1t Bp.-en a Rajztan\u00e1rk\u00e9pz\u0151 Int\u00e9zetben v\u00e9gzett \u00e9s rajztan\u00e1ri diplom\u00e1t szerzett (1914). Az els\u0151 vh.-ban az orosz \u00e9s az olasz fronton harcolt, mint tart. hadnagy szerelt le (1918) Kv.-on az egyetemi mintaiskol\u00e1ban, majd a Mari\u00e1numban rajztan\u00e1r (1919\u2013), azut\u00e1n az Unit. F\u0151gimn\u00e1ziumban tan\u00edtott (1925\u201344). Szopos S\u00e1ndorral k\u00f6z\u00f6sen m\u0171v\u00e9szeti mag\u00e1niskol\u00e1t vezetett (1935\u201340). Nyarank\u00e9nt Nagyb\u00e1ny\u00e1n a m\u0171v\u00e9sztelepen dolgozott (1924\u201331). Akvarellfest\u0151, k\u00fcl\u00f6n\u00f6sen a miniat\u0171r akvarellfest\u00e9szetben szerzett mag\u00e1nak h\u00edrnevet, de t\u00e1jk\u00e9peket \u00e9s csend\u00e9leteket is festett. A sokszoros\u00edt\u00f3 grafik\u00e1ban a sz\u00ednes lin\u00f3metsz\u00e9st m\u0171velte. Az els\u0151 ki\u00e1ll\u00edt\u00e1sa n\u00e9h\u00e1ny m\u0171v\u00e9szt\u00e1rs\u00e1val egy\u00fctt rendezett m\u0171terem-ki\u00e1ll\u00edt\u00e1son volt (1920), majd a kedvez\u0151 kritik\u00e1k hat\u00e1s\u00e1ra szinte minden \u00e9vben jelentkezett egy\u00e9ni t\u00e1rlattal. \u00d6t \u00f6n\u00e1ll\u00f3 ki\u00e1ll\u00edt\u00e1st rendezett akvarellekb\u0151l, rajzokb\u00f3l, lin\u00f3leum metszetekb\u0151l. N\u00e9gy lin\u00f3leummetszet mapp\u00e1j\u00e1t jelentette meg (1921\u201327) K\u00f3s K\u00e1roly (1\u20133) \u00e9s Kelemen Lajos (4.) el\u0151szav\u00e1val (1921\u201327). Egyike volt a k\u00e9t vh. k\u00f6z\u00f6tti korszak leggyakrabban foglalkoztatott illusztr\u00e1torainak. Sz\u00ednes fali \u00e1br\u00e1kat rajzolt a kv.-i Bonctani \u00e9s T\u00e1jbonctani Int\u00e9zetnek (1940\u201344). Illusztr\u00e1lt mes\u00e9sk\u00f6nyveket \u00e9s diszm\u0171veket, tervezett nagysz\u00e1mmal m\u0171v\u00e9szi bek\u00f6t\u00e9si t\u00e1bl\u00e1kat. T\u00f6bb ig\u00e9nyes erd\u00e9lyi k\u00e9peslapnak, k\u00fcl\u00f6n\u00f6sen a P\u00e1sztort\u0171znek \u00e9s a Magyar N\u00e9pnek illusztr\u00e1lt rendszeresen (1923\u2013). Az Unit\u00e1rius K\u00f6zl\u00f6ny is az \u00e1ltala rajzolt fejl\u00e9ccel jelent meg (1924\u2013). K\u00e9pz\u0151m\u0171v\u00e9szeti jegyzeteket, kritikai \u00edr\u00e1sokat k\u00f6z\u00f6lt a P\u00e1sztort\u0171z, M\u0171v\u00e9szeti Szalon, Vas\u00e1rnapi \u00dajs\u00e1g, a Magyar N\u00e9p, A H\u00edrn\u00f6k c. foly\u00f3iratokban. \u2013  <strong>F. m..:<\/strong> A magyar d\u00edsz\u00edt\u00e9s alapform\u00e1i (Kv., 1939); illuszt.: Versek, elbesz\u00e9l\u00e9sek, tanulm\u00e1nyok tizenegy fiatal erd\u00e9lyi \u00edr\u00f3t\u00f3l erd\u00e9lyi m\u0171v\u00e9szek rajzaival (Kv., 1923); \u00d3 Kedves Kolozsv\u00e1r; Kelemen Lajos \u00e9s B\u00edr\u00f3 Vencel t\u00f6rt\u00e9nelmi tanulm\u00e1nyai; Palocsay Rudolf K\u00eds\u00e9rleteim (Buk., 1954); Gy\u00f6rfi S\u00e1ndor: N\u00f6v\u00e9nygy\u0171jt\u00e9s, \u00e1llatprepar\u00e1l\u00e1s (Buk., 1962), \u00dajv\u00e1ri J\u00f3zsef: Foly\u00f3k, tavak, tengerek (Buk., 1962); D\u00e1n\u00e9 Tibor: H\u00e1rom emeletes t\u00falvil\u00e1g (Buk., 1964). \u2013  <strong>F. ki\u00e1ll.:<\/strong> Kv. (1925, 27, 28, 29). <br \/><strong>\u2013 Irod.:<\/strong> Banner; Debreczeni L\u00e1szl\u00f3: Sz\u00e9p Erd\u00e9lyorsz\u00e1gb\u00f3l fatornyos haz\u00e1mb\u00f3l (Kv., 2005); Dezs\u0151 Istv\u00e1n; EM; \u00c9ber; Finta Zolt\u00e1n: T. I. gy\u0171jtem\u00e9nyes ki\u00e1ll\u00edt\u00e1sa (P\u00e1sztort\u0171z, 1923. j\u00fan. 2., 22. sz.); K.L. M\u0171v. t\u00f6rt. tan. 2.; Kelemen Lajos 2009; Moln\u00e1r; Osv\u00e1th; R\u00e9thy\u2013\u00dajv\u00e1ri\u2013V\u00e1czi, Szab\u00f3\u2013K\u00e1llai; Walter Gyula: T. I. lin\u00f3leum-metszetei (P\u00e1sztort\u0171z, 1921. j\u00fal. 15., 25. sz.).<\/br><\/p>\n","protected":false},"excerpt":{"rendered":"<p>Mv., 1882. m\u00e1j. 29., \u2020 Kv., 1964. m\u00e1j. 24.: tan\u00e1r, fest\u0151, grafikus. \u2013 \u00c9retts\u00e9git a kv.-i Unit. F\u0151gimn.-ban tett, a k\u00e9pz\u0151m\u0171v\u00e9szeti f\u0151iskol\u00e1t Bp.-en a Rajztan\u00e1rk\u00e9pz\u0151 Int\u00e9zetben v\u00e9gzett \u00e9s rajztan\u00e1ri diplom\u00e1t szerzett (1914). Az els\u0151 vh.-ban az orosz \u00e9s az olasz fronton harcolt, mint tart. hadnagy szerelt le (1918) Kv.-on az egyetemi mintaiskol\u00e1ban, majd a Mari\u00e1numban [&hellip;]<\/p>\n","protected":false},"featured_media":0,"comment_status":"open","ping_status":"closed","template":"","meta":[],"product_brand":[],"product_cat":[137],"product_tag":[],"class_list":{"0":"post-23554","1":"product","2":"type-product","3":"status-publish","5":"product_cat-maros-megyei-eletrajzi-lexikon","7":"first","8":"instock","9":"shipping-taxable","10":"product-type-simple"},"_links":{"self":[{"href":"https:\/\/uj.adatbank.ro\/lexikon\/wp-json\/wp\/v2\/product\/23554","targetHints":{"allow":["GET"]}}],"collection":[{"href":"https:\/\/uj.adatbank.ro\/lexikon\/wp-json\/wp\/v2\/product"}],"about":[{"href":"https:\/\/uj.adatbank.ro\/lexikon\/wp-json\/wp\/v2\/types\/product"}],"replies":[{"embeddable":true,"href":"https:\/\/uj.adatbank.ro\/lexikon\/wp-json\/wp\/v2\/comments?post=23554"}],"wp:attachment":[{"href":"https:\/\/uj.adatbank.ro\/lexikon\/wp-json\/wp\/v2\/media?parent=23554"}],"wp:term":[{"taxonomy":"product_brand","embeddable":true,"href":"https:\/\/uj.adatbank.ro\/lexikon\/wp-json\/wp\/v2\/product_brand?post=23554"},{"taxonomy":"product_cat","embeddable":true,"href":"https:\/\/uj.adatbank.ro\/lexikon\/wp-json\/wp\/v2\/product_cat?post=23554"},{"taxonomy":"product_tag","embeddable":true,"href":"https:\/\/uj.adatbank.ro\/lexikon\/wp-json\/wp\/v2\/product_tag?post=23554"}],"curies":[{"name":"wp","href":"https:\/\/api.w.org\/{rel}","templated":true}]}}

TÓTH István, §

<p>Mv., 1882. máj. 29., † Kv., 1964. máj. 24.: tanár, festő, grafikus. – Érettségit a kv.-i Unit. Főgimn.-ban tett, a képzőművészeti főiskolát Bp.-en a Rajztanárképző Intézetben végzett és rajztanári diplomát szerzett (1914). Az első vh.-ban az orosz és az olasz fronton harcolt, mint tart. hadnagy szerelt le (1918) Kv.-on az egyetemi mintaiskolában, majd a Mariánumban rajztanár (1919–), azután az Unit. Főgimnáziumban tanított (1925–44). Szopos Sándorral közösen művészeti magániskolát vezetett (1935–40). Nyaranként Nagybányán a művésztelepen dolgozott (1924–31). Akvarellfestő, különösen a miniatűr akvarellfestészetben szerzett magának hírnevet, de tájképeket és csendéleteket is festett. A sokszorosító grafikában a színes linómetszést művelte. Az első kiállítása néhány művésztársával együtt rendezett műterem-kiállításon volt (1920), majd a kedvező kritikák hatására szinte minden évben jelentkezett egyéni tárlattal. Öt önálló kiállítást rendezett akvarellekből, rajzokból, linóleum metszetekből. Négy linóleummetszet mappáját jelentette meg (1921–27) Kós Károly (1–3) és Kelemen Lajos (4.) előszavával (1921–27). Egyike volt a két vh. közötti korszak leggyakrabban foglalkoztatott illusztrátorainak. Színes fali ábrákat rajzolt a kv.-i Bonctani és Tájbonctani Intézetnek (1940–44). Illusztrált meséskönyveket és diszműveket, tervezett nagyszámmal művészi bekötési táblákat. Több igényes erdélyi képeslapnak, különösen a Pásztortűznek és a Magyar Népnek illusztrált rendszeresen (1923–). Az Unitárius Közlöny is az általa rajzolt fejléccel jelent meg (1924–). Képzőművészeti jegyzeteket, kritikai írásokat közölt a Pásztortűz, Művészeti Szalon, Vasárnapi Újság, a Magyar Nép, A Hírnök c. folyóiratokban. –  <strong>F. m..:</strong> A magyar díszítés alapformái (Kv., 1939); illuszt.: Versek, elbeszélések, tanulmányok tizenegy fiatal erdélyi írótól erdélyi művészek rajzaival (Kv., 1923); Ó Kedves Kolozsvár; Kelemen Lajos és Bíró Vencel történelmi tanulmányai; Palocsay Rudolf Kísérleteim (Buk., 1954); Györfi Sándor: Növénygyűjtés, állatpreparálás (Buk., 1962), Újvári József: Folyók, tavak, tengerek (Buk., 1962); Dáné Tibor: Három emeletes túlvilág (Buk., 1964). –  <strong>F. kiáll.:</strong> Kv. (1925, 27, 28, 29). <br /><strong>– Irod.:</strong> Banner; Debreczeni László: Szép Erdélyországból fatornyos hazámból (Kv., 2005); Dezső István; EM; Éber; Finta Zoltán: T. I. gyűjteményes kiállítása (Pásztortűz, 1923. jún. 2., 22. sz.); K.L. Műv. tört. tan. 2.; Kelemen Lajos 2009; Molnár; Osváth; Réthy–Újvári–Váczi, Szabó–Kállai; Walter Gyula: T. I. linóleum-metszetei (Pásztortűz, 1921. júl. 15., 25. sz.).</br></p>

<p>Mv., 1882. máj. 29., † Kv., 1964. máj. 24.: tanár, festő, grafikus. – Érettségit a kv.-i Unit. Főgimn.-ban tett, a képzőművészeti főiskolát Bp.-en a Rajztanárképző Intézetben végzett és rajztanári diplomát szerzett (1914). Az első vh.-ban az orosz és az olasz fronton harcolt, mint tart. hadnagy szerelt le (1918) Kv.-on az egyetemi mintaiskolában, majd a Mariánumban [&hellip;]</p>
