{"id":23556,"date":"2025-08-01T17:32:22","date_gmt":"2025-08-01T15:32:22","guid":{"rendered":"https:\/\/uj.adatbank.ro\/lexikon\/termek\/toth-janos\/"},"modified":"2025-08-01T17:32:22","modified_gmt":"2025-08-01T15:32:22","slug":"toth-janos","status":"publish","type":"product","link":"https:\/\/uj.adatbank.ro\/lexikon\/termek\/toth-janos\/","title":{"rendered":"T\u00d3TH J\u00e1nos"},"content":{"rendered":"<p>? \u2020 ?: f\u00f6ldbirtokos nemes, kolostoralap\u00edt\u00f3. \u2013 Marosszentkir\u00e1lyon a p\u00e1losok sz\u00e1m\u00e1ra kolostort alap\u00edtott Bulg\u00e1r L\u00e1szl\u00f3val \u00e9s testv\u00e9r\u00e9vel a P\u00e1los szerzeteseknek adt\u00e1k a mv.-i k\u0151templomot (1370 k.), Jaross B\u00e9la szerint (1350. k.). <br \/><strong>\u2013 Irod.:<\/strong> Id\u0151t\u00e1r 1; L\u00e9sty\u00e1n \u2013 templomok 1.; Darvas-Kozma J\u00f3zsef: A p\u00e1losok Erd\u00e9lyben (N\u00fa., Sz\u00ednes Vil\u00e1g, 2011. m\u00e1j. 7.).<\/br><\/p>\n","protected":false},"excerpt":{"rendered":"<p>? \u2020 ?: f\u00f6ldbirtokos nemes, kolostoralap\u00edt\u00f3. \u2013 Marosszentkir\u00e1lyon a p\u00e1losok sz\u00e1m\u00e1ra kolostort alap\u00edtott Bulg\u00e1r L\u00e1szl\u00f3val \u00e9s testv\u00e9r\u00e9vel a P\u00e1los szerzeteseknek adt\u00e1k a mv.-i k\u0151templomot (1370 k.), Jaross B\u00e9la szerint (1350. k.). \u2013 Irod.: Id\u0151t\u00e1r 1; L\u00e9sty\u00e1n \u2013 templomok 1.; Darvas-Kozma J\u00f3zsef: A p\u00e1losok Erd\u00e9lyben (N\u00fa., Sz\u00ednes Vil\u00e1g, 2011. m\u00e1j. 7.).<\/p>\n","protected":false},"featured_media":0,"comment_status":"open","ping_status":"closed","template":"","meta":[],"product_brand":[],"product_cat":[137],"product_tag":[],"class_list":{"0":"post-23556","1":"product","2":"type-product","3":"status-publish","5":"product_cat-maros-megyei-eletrajzi-lexikon","7":"first","8":"instock","9":"shipping-taxable","10":"product-type-simple"},"_links":{"self":[{"href":"https:\/\/uj.adatbank.ro\/lexikon\/wp-json\/wp\/v2\/product\/23556","targetHints":{"allow":["GET"]}}],"collection":[{"href":"https:\/\/uj.adatbank.ro\/lexikon\/wp-json\/wp\/v2\/product"}],"about":[{"href":"https:\/\/uj.adatbank.ro\/lexikon\/wp-json\/wp\/v2\/types\/product"}],"replies":[{"embeddable":true,"href":"https:\/\/uj.adatbank.ro\/lexikon\/wp-json\/wp\/v2\/comments?post=23556"}],"wp:attachment":[{"href":"https:\/\/uj.adatbank.ro\/lexikon\/wp-json\/wp\/v2\/media?parent=23556"}],"wp:term":[{"taxonomy":"product_brand","embeddable":true,"href":"https:\/\/uj.adatbank.ro\/lexikon\/wp-json\/wp\/v2\/product_brand?post=23556"},{"taxonomy":"product_cat","embeddable":true,"href":"https:\/\/uj.adatbank.ro\/lexikon\/wp-json\/wp\/v2\/product_cat?post=23556"},{"taxonomy":"product_tag","embeddable":true,"href":"https:\/\/uj.adatbank.ro\/lexikon\/wp-json\/wp\/v2\/product_tag?post=23556"}],"curies":[{"name":"wp","href":"https:\/\/api.w.org\/{rel}","templated":true}]}}