{"id":23560,"date":"2025-08-01T17:32:32","date_gmt":"2025-08-01T15:32:32","guid":{"rendered":"https:\/\/uj.adatbank.ro\/lexikon\/termek\/toth-jozsef-3\/"},"modified":"2025-08-01T17:32:32","modified_gmt":"2025-08-01T15:32:32","slug":"toth-jozsef-3","status":"publish","type":"product","link":"https:\/\/uj.adatbank.ro\/lexikon\/termek\/toth-jozsef-3\/","title":{"rendered":"T\u00d3TH J\u00f3zsef"},"content":{"rendered":"<p>Mv., 1914., \u2020 Mv., 1983. jan. 13.: fest\u0151m\u0171v\u00e9sz. \u2013 Mv.-en Guly\u00e1s K\u00e1roly tan\u00edtv\u00e1nya volt. Buk.-ben rekl\u00e1mgrafikusk\u00e9nt dolgozott; Mv.-en dekor\u00e1ci\u00f3 \u00e9s kirakattervez\u0151 (1948\u201368). A harmincas \u00e9vekben r\u00e9szt vett Mv.-en csoportos ki\u00e1ll\u00edt\u00e1sokon. A Mv.-en rendezett grafikai ki\u00e1ll\u00edt\u00e1son (1962) els\u0151 \u00e9s m\u00e1sodik d\u00edjat, a felszabadul\u00e1s 30. \u00e9vfordul\u00f3j\u00e1ra rendezett ki\u00e1ll\u00edt\u00e1son elismer\u0151 oklevelet nyert. \u2013  <strong>F. m..:<\/strong> Cantata Profana, B\u00e1r\u00e1nyka; Sz\u00fcrke Farkas; Az \u0151z hal\u00e1la; D\u00f3zsa Gy\u00f6rgy; Esthajnalcsillag. \u2013 F. ki\u00e1ll\u00edt\u00e1sai: egy\u00e9ni t\u00e1rlatok: Mv (1970, 74); Sepsiszentgy\u00f6rgy (1970); Buk. Dalas kisterem (1971). <br \/><strong>\u2013 Irod.:<\/strong> Katona Szab\u00f3 Istv\u00e1n: Az \u00daj \u00c9let lexikona, 152. (\u00daj \u00c9let, 1964, 21. sz.); Moln\u00e1r; [Nekrol\u00f3g] (V. Z., 1983. jan. 15.); Szab\u00f3\u2013K\u00e1llai.<\/br><\/p>\n","protected":false},"excerpt":{"rendered":"<p>Mv., 1914., \u2020 Mv., 1983. jan. 13.: fest\u0151m\u0171v\u00e9sz. \u2013 Mv.-en Guly\u00e1s K\u00e1roly tan\u00edtv\u00e1nya volt. Buk.-ben rekl\u00e1mgrafikusk\u00e9nt dolgozott; Mv.-en dekor\u00e1ci\u00f3 \u00e9s kirakattervez\u0151 (1948\u201368). A harmincas \u00e9vekben r\u00e9szt vett Mv.-en csoportos ki\u00e1ll\u00edt\u00e1sokon. A Mv.-en rendezett grafikai ki\u00e1ll\u00edt\u00e1son (1962) els\u0151 \u00e9s m\u00e1sodik d\u00edjat, a felszabadul\u00e1s 30. \u00e9vfordul\u00f3j\u00e1ra rendezett ki\u00e1ll\u00edt\u00e1son elismer\u0151 oklevelet nyert. \u2013 F. m..: Cantata Profana, B\u00e1r\u00e1nyka; [&hellip;]<\/p>\n","protected":false},"featured_media":0,"comment_status":"open","ping_status":"closed","template":"","meta":[],"product_brand":[],"product_cat":[137],"product_tag":[],"class_list":{"0":"post-23560","1":"product","2":"type-product","3":"status-publish","5":"product_cat-maros-megyei-eletrajzi-lexikon","7":"first","8":"instock","9":"shipping-taxable","10":"product-type-simple"},"_links":{"self":[{"href":"https:\/\/uj.adatbank.ro\/lexikon\/wp-json\/wp\/v2\/product\/23560","targetHints":{"allow":["GET"]}}],"collection":[{"href":"https:\/\/uj.adatbank.ro\/lexikon\/wp-json\/wp\/v2\/product"}],"about":[{"href":"https:\/\/uj.adatbank.ro\/lexikon\/wp-json\/wp\/v2\/types\/product"}],"replies":[{"embeddable":true,"href":"https:\/\/uj.adatbank.ro\/lexikon\/wp-json\/wp\/v2\/comments?post=23560"}],"wp:attachment":[{"href":"https:\/\/uj.adatbank.ro\/lexikon\/wp-json\/wp\/v2\/media?parent=23560"}],"wp:term":[{"taxonomy":"product_brand","embeddable":true,"href":"https:\/\/uj.adatbank.ro\/lexikon\/wp-json\/wp\/v2\/product_brand?post=23560"},{"taxonomy":"product_cat","embeddable":true,"href":"https:\/\/uj.adatbank.ro\/lexikon\/wp-json\/wp\/v2\/product_cat?post=23560"},{"taxonomy":"product_tag","embeddable":true,"href":"https:\/\/uj.adatbank.ro\/lexikon\/wp-json\/wp\/v2\/product_tag?post=23560"}],"curies":[{"name":"wp","href":"https:\/\/api.w.org\/{rel}","templated":true}]}}

TÓTH József

<p>Mv., 1914., † Mv., 1983. jan. 13.: festőművész. – Mv.-en Gulyás Károly tanítványa volt. Buk.-ben reklámgrafikusként dolgozott; Mv.-en dekoráció és kirakattervező (1948–68). A harmincas években részt vett Mv.-en csoportos kiállításokon. A Mv.-en rendezett grafikai kiállításon (1962) első és második díjat, a felszabadulás 30. évfordulójára rendezett kiállításon elismerő oklevelet nyert. –  <strong>F. m..:</strong> Cantata Profana, Bárányka; Szürke Farkas; Az őz halála; Dózsa György; Esthajnalcsillag. – F. kiállításai: egyéni tárlatok: Mv (1970, 74); Sepsiszentgyörgy (1970); Buk. Dalas kisterem (1971). <br /><strong>– Irod.:</strong> Katona Szabó István: Az Új Élet lexikona, 152. (Új Élet, 1964, 21. sz.); Molnár; [Nekrológ] (V. Z., 1983. jan. 15.); Szabó–Kállai.</br></p>

<p>Mv., 1914., † Mv., 1983. jan. 13.: festőművész. – Mv.-en Gulyás Károly tanítványa volt. Buk.-ben reklámgrafikusként dolgozott; Mv.-en dekoráció és kirakattervező (1948–68). A harmincas években részt vett Mv.-en csoportos kiállításokon. A Mv.-en rendezett grafikai kiállításon (1962) első és második díjat, a felszabadulás 30. évfordulójára rendezett kiállításon elismerő oklevelet nyert. – F. m..: Cantata Profana, Bárányka; [&hellip;]</p>
