{"id":23566,"date":"2025-08-01T17:32:44","date_gmt":"2025-08-01T15:32:44","guid":{"rendered":"https:\/\/uj.adatbank.ro\/lexikon\/termek\/toth-lajos\/"},"modified":"2025-08-01T17:32:44","modified_gmt":"2025-08-01T15:32:44","slug":"toth-lajos","status":"publish","type":"product","link":"https:\/\/uj.adatbank.ro\/lexikon\/termek\/toth-lajos\/","title":{"rendered":"T\u00d3TH Lajos"},"content":{"rendered":"<p>Sz\u00e9kelyh\u00edd, 1878. dec. 6., \u2020 Segesv\u00e1r, 1962.: ref. lelk\u00e9sz, k\u00f6z\u00edr\u00f3, m\u0171ford\u00edt\u00f3. \u2013 A teol\u00f3gi\u00e1t Bp.-en v\u00e9gezte (1902), egyh\u00e1zt\u00f6rt\u00e9netb\u0151l doktor\u00e1lt (1920. \u00e1pr.). Nagyv\u00e1radon teol\u00f3giai tan\u00e1r (1902\u20131906), majd Beretty\u00f3\u00fajfaluba helyezt\u00e9k ref. lelk\u00e9sznek (1906\u20131921), onnan Segesv\u00e1rra ker\u00fclt (1920\u201348), majd Bp.-en \u00e9lt. Eln\u00f6ke a M. \u00d6nk\u00e9pz\u0151 \u00e9s M\u0171kedvel\u0151 T\u00e1rsas\u00e1gnak \u00e9s v\u00e1lasztm\u00e1nyi tagja a M. P\u00e1rt segesv\u00e1ri r\u00e9szleg\u00e9nek. A Sz\u00e9kely Alkalmazottak T\u00e1rsas\u00e1g\u00e1nak helyi eln\u00f6ke Segesv\u00e1ron (1936\u201340) A kaszin\u00f3 v\u00e9dn\u00f6ks\u00e9ge alatt Magyar \u00c9let c. f\u00fcggetlen hetilapot ind\u00edtott (1937 nyar\u00e1n) mely a k\u00f6rny\u00e9kr\u0151l nagysz\u00e1m\u00fa munkat\u00e1rsat t\u00f6m\u00f6r\u00edtett \u00e9s eljutott Nagyk\u00fck\u00fcll\u0151 v\u00e1rmegye minden magyarlakta faluj\u00e1ba. A lap egy \u00e9vet \u00e9lt (1937\u201338.T\u00f6bb nyelvet ismert, angolul, n\u00e9met\u00fcl, franci\u00e1ul, latinul, rom\u00e1nul besz\u00e9l\u0151 \u00e9s \u00edr\u00f3 ember. Folytatta Bal\u00e1s Imre megkezdett templom\u00e9p\u00edt\u0151 munk\u00e1j\u00e1t. A ref. elemi oktat\u00e1s segesv\u00e1ri l\u00e9trehoz\u00f3ja, a t\u00f6bb teremb\u0151l \u00e1ll\u00f3 iskola fokozatos fel\u00e9p\u00edt\u00e9se. T\u00f6bb \u00fajs\u00e1gcikke jelent meg a korabeli sajt\u00f3ban. Ford\u00edtott verseket is. Simon L\u00e1szl\u00f3val szerkesztette a Magyar \u00c9let c. f\u00fcggetlen hetilapot (1937\u201338). A MNSZ segesv\u00e1ri megalakul\u00e1s\u00e1t\u00f3l szorgalmazta a segesv\u00e1ri m. oktat\u00e1s kib\u0151v\u00edt\u00e9s\u00e9t, ezt seg\u00edtette a r. k. f\u0151esperes pl\u00e9b\u00e1nos, dr. Torj\u00e1n K\u00e1rollyal k\u00f6z\u00f6sen \u00e9s k\u00f6zrem\u0171k\u00f6d\u00e9s\u00fckkel a ref. elemi iskola \u00e9p\u00fclet\u00e9ben beindulhatott az Egys\u00e9ges \u00c1llami Pet\u0151fi Gimn\u00e1zium (1945\u201346. tan\u00e9vt\u0151l). Elv\u00e1llalta a francia nyelv tan\u00edt\u00e1s\u00e1t is. \u2013  <strong>F. m..:<\/strong> P\u00e1l apostol levele a gal\u00e1t\u00e1khoz; A kinyilatkoztat\u00e1s t\u00f6rt\u00e9nete; Mit jelent Segesv\u00e1r a magyar m\u0171vel\u0151d\u00e9s sz\u00e1m\u00e1ra? (Segesv\u00e1r, 1924). <br \/><strong>\u2013 Irod.:<\/strong> Gy\u00f6rgy 1926; Lexiconul vie\u0163ii publice; M\u00e1th\u00e9 Andr\u00e1s: Tudja-e, hogy&#8230; (N\u00fa., 1998. \u00e1pr. 21.; 1998. aug. 5.); RMIL.<\/br><\/p>\n","protected":false},"excerpt":{"rendered":"<p>Sz\u00e9kelyh\u00edd, 1878. dec. 6., \u2020 Segesv\u00e1r, 1962.: ref. lelk\u00e9sz, k\u00f6z\u00edr\u00f3, m\u0171ford\u00edt\u00f3. \u2013 A teol\u00f3gi\u00e1t Bp.-en v\u00e9gezte (1902), egyh\u00e1zt\u00f6rt\u00e9netb\u0151l doktor\u00e1lt (1920. \u00e1pr.). Nagyv\u00e1radon teol\u00f3giai tan\u00e1r (1902\u20131906), majd Beretty\u00f3\u00fajfaluba helyezt\u00e9k ref. lelk\u00e9sznek (1906\u20131921), onnan Segesv\u00e1rra ker\u00fclt (1920\u201348), majd Bp.-en \u00e9lt. Eln\u00f6ke a M. \u00d6nk\u00e9pz\u0151 \u00e9s M\u0171kedvel\u0151 T\u00e1rsas\u00e1gnak \u00e9s v\u00e1lasztm\u00e1nyi tagja a M. P\u00e1rt segesv\u00e1ri r\u00e9szleg\u00e9nek. A Sz\u00e9kely [&hellip;]<\/p>\n","protected":false},"featured_media":0,"comment_status":"open","ping_status":"closed","template":"","meta":[],"product_brand":[],"product_cat":[137],"product_tag":[],"class_list":{"0":"post-23566","1":"product","2":"type-product","3":"status-publish","5":"product_cat-maros-megyei-eletrajzi-lexikon","7":"first","8":"instock","9":"shipping-taxable","10":"product-type-simple"},"_links":{"self":[{"href":"https:\/\/uj.adatbank.ro\/lexikon\/wp-json\/wp\/v2\/product\/23566","targetHints":{"allow":["GET"]}}],"collection":[{"href":"https:\/\/uj.adatbank.ro\/lexikon\/wp-json\/wp\/v2\/product"}],"about":[{"href":"https:\/\/uj.adatbank.ro\/lexikon\/wp-json\/wp\/v2\/types\/product"}],"replies":[{"embeddable":true,"href":"https:\/\/uj.adatbank.ro\/lexikon\/wp-json\/wp\/v2\/comments?post=23566"}],"wp:attachment":[{"href":"https:\/\/uj.adatbank.ro\/lexikon\/wp-json\/wp\/v2\/media?parent=23566"}],"wp:term":[{"taxonomy":"product_brand","embeddable":true,"href":"https:\/\/uj.adatbank.ro\/lexikon\/wp-json\/wp\/v2\/product_brand?post=23566"},{"taxonomy":"product_cat","embeddable":true,"href":"https:\/\/uj.adatbank.ro\/lexikon\/wp-json\/wp\/v2\/product_cat?post=23566"},{"taxonomy":"product_tag","embeddable":true,"href":"https:\/\/uj.adatbank.ro\/lexikon\/wp-json\/wp\/v2\/product_tag?post=23566"}],"curies":[{"name":"wp","href":"https:\/\/api.w.org\/{rel}","templated":true}]}}

TÓTH Lajos

<p>Székelyhíd, 1878. dec. 6., † Segesvár, 1962.: ref. lelkész, közíró, műfordító. – A teológiát Bp.-en végezte (1902), egyháztörténetből doktorált (1920. ápr.). Nagyváradon teológiai tanár (1902–1906), majd Berettyóújfaluba helyezték ref. lelkésznek (1906–1921), onnan Segesvárra került (1920–48), majd Bp.-en élt. Elnöke a M. Önképző és Műkedvelő Társaságnak és választmányi tagja a M. Párt segesvári részlegének. A Székely Alkalmazottak Társaságának helyi elnöke Segesváron (1936–40) A kaszinó védnöksége alatt Magyar Élet c. független hetilapot indított (1937 nyarán) mely a környékről nagyszámú munkatársat tömörített és eljutott Nagyküküllő vármegye minden magyarlakta falujába. A lap egy évet élt (1937–38.Több nyelvet ismert, angolul, németül, franciául, latinul, románul beszélő és író ember. Folytatta Balás Imre megkezdett templomépítő munkáját. A ref. elemi oktatás segesvári létrehozója, a több teremből álló iskola fokozatos felépítése. Több újságcikke jelent meg a korabeli sajtóban. Fordított verseket is. Simon Lászlóval szerkesztette a Magyar Élet c. független hetilapot (1937–38). A MNSZ segesvári megalakulásától szorgalmazta a segesvári m. oktatás kibővítését, ezt segítette a r. k. főesperes plébános, dr. Torján Károllyal közösen és közreműködésükkel a ref. elemi iskola épületében beindulhatott az Egységes Állami Petőfi Gimnázium (1945–46. tanévtől). Elvállalta a francia nyelv tanítását is. –  <strong>F. m..:</strong> Pál apostol levele a galátákhoz; A kinyilatkoztatás története; Mit jelent Segesvár a magyar művelődés számára? (Segesvár, 1924). <br /><strong>– Irod.:</strong> György 1926; Lexiconul vieţii publice; Máthé András: Tudja-e, hogy&#8230; (Nú., 1998. ápr. 21.; 1998. aug. 5.); RMIL.</br></p>

<p>Székelyhíd, 1878. dec. 6., † Segesvár, 1962.: ref. lelkész, közíró, műfordító. – A teológiát Bp.-en végezte (1902), egyháztörténetből doktorált (1920. ápr.). Nagyváradon teológiai tanár (1902–1906), majd Berettyóújfaluba helyezték ref. lelkésznek (1906–1921), onnan Segesvárra került (1920–48), majd Bp.-en élt. Elnöke a M. Önképző és Műkedvelő Társaságnak és választmányi tagja a M. Párt segesvári részlegének. A Székely [&hellip;]</p>
