{"id":23583,"date":"2025-08-01T17:33:25","date_gmt":"2025-08-01T15:33:25","guid":{"rendered":"https:\/\/uj.adatbank.ro\/lexikon\/termek\/toth-sandor-2\/"},"modified":"2025-08-01T17:33:25","modified_gmt":"2025-08-01T15:33:25","slug":"toth-sandor-2","status":"publish","type":"product","link":"https:\/\/uj.adatbank.ro\/lexikon\/termek\/toth-sandor-2\/","title":{"rendered":"T\u00d3TH S\u00e1ndor"},"content":{"rendered":"<p>Battonya, 1903., \u2020 Mv., 1972. jan. 14.: karmester, tan\u00e1r. \u2013 Feles\u00e9ge: \u00e9nekesn\u0151. Gyermekeik: T. S\u00e1ndor, dr., fizikatan\u00e1r; J\u00f3zsef tan\u00e1r, Erzs\u00e9bet, \u00e9nekesn\u0151; M\u00e1ria, zenetan\u00e1r. \u2013 A szatm\u00e1ri tan\u00edt\u00f3k\u00e9pz\u0151ben szerzett tanit\u00f3i oklevelet. Zene \u00e9s \u00e9nekk\u00e9pz\u00e9st a mv.-i zenekonzervat\u00f3riumban szerzett, majd, k\u00e9t \u00e9vig a Ia\u015fi-i Zenekonzervat\u00f3riumban tanult. A szatm\u00e1ri egyh\u00e1zk\u00f6zs\u00e9g helyettes karnagya, kinevezt\u00e9k ideiglenesen k\u00e1ntornak. Mv.-en telepedett le, ahol k\u00f6zel \u00f6t \u00e9vtizeden \u00e1t mint karvezet\u0151, zenepedag\u00f3gus, karmester, zeneszerz\u0151 tev\u00e9kenykedett. Ideiglenes k\u00e1ntornak nevezt\u00e9k ki mv.-i pl\u00e9b\u00e1ni\u00e1ra (1923\u20131944), ott a k\u00f6nyvel\u0151i \u00e1ll\u00e1st is bet\u00f6lt\u00f6tte (1929-ig), valamint a minorita templomban is ell\u00e1tta a k\u00e1ntori feladatot. R. K. Templomi Dal\u00e1rd\u00e1t alap\u00edtotta (1925\u2013), ennek m\u0171kedvel\u0151 g\u00e1rd\u00e1ja mutatta be Robert Planquette: Cornevillei harangok c. operettj\u00e9t k\u00e1ntor-karnagyi min\u0151s\u00e9g\u00e9ben tan\u00edtotta be (1927). Ett\u0151l sz\u00e1m\u00edthat\u00f3 az operett m\u0171faj megkedvel\u00e9se Mv.-en. Az \u00d6sszmunk\u00e1s Dal\u00e1rda alap\u00edt\u00f3 karmestere (1925), \u00e1tvette a Mv.-i Munk\u00e1s Dalk\u00f6r vezet\u00e9s\u00e9t (1930-as \u00e9vekben), a M. Dalossz\u00f6vets\u00e9g karnagya, amelynek \u00e9l\u00e9n \u00e9rt\u00e9kes n\u00e9pm\u0171vel\u0151 munk\u00e1t v\u00e9gzett. \u00c1ltal\u00e1nos iskol\u00e1kban tan\u00edtott zen\u00e9t (1940\u2013). T\u00f6bb munk\u00e1s \u00e9nekkart vez\u00e9nyelt, amelyekkel r\u00e9szt vett k\u00f3rusversenyeken \u00e9s \u00fcnneps\u00e9geken. A Mv.-i \u00c1llami Filharm\u00f3nia alap\u00edt\u00f3 tagjai k\u00f6z\u00f6tt szerepelt mint puzonista (1950). A Sz\u00e9kely Sz\u00ednh\u00e1z els\u0151 karmestere (1946\u201347), a sz\u00ednh\u00e1zavat\u00f3 el\u0151ad\u00e1st vez\u00e9nyelte (1946. m\u00e1rc. 10.), majd \u00f6sszesen 14 operettet \u00e9s zen\u00e9s darabot vez\u00e9nyelt. K\u00f6z\u00e9piskolai tan\u00e1r az \u00e1llamos\u00edt\u00e1s ut\u00e1n (1948\u2013), majd az \u00c9nek- \u00e9s T\u00e1ncegy\u00fcttes karmestere eg\u00e9szen nyugd\u00edjaz\u00e1s\u00e1ig (1958\u201366). A sz\u00e1szr\u00e9geni N\u00e9psz\u00ednh\u00e1z tev\u00e9kenys\u00e9g\u00e9t is seg\u00edtette. Mint zeneszerz\u0151 k\u00f3rusm\u0171veket, n\u00e9pdalfeldolgoz\u00e1sokat, sz\u00ednpadi k\u00eds\u00e9r\u0151zen\u00e9t szerzett. Zen\u00e9t \u00edrt t\u00e1ncjelenetekhez, ezenk\u00edv\u00fcl t\u00f6bb zenekari feldolgoz\u00e1s \u00e9s \u00e1tirat szerz\u0151je volt. A Rom\u00e1niai Zeneszerz\u0151k Sz\u00f6vets\u00e9g\u00e9nek tagja. \u2013 F. vez\u00e9nyl\u00e9sei a mv.-i m\u0171kedvel\u0151kkel kb. 20 zen\u00e9s m\u0171 \u00e9s operett: Le\u00e1nyv\u00e1s\u00e1r, Cig\u00e1nyszerelem, Igl\u00f3i di\u00e1kok, Sztambul r\u00f3zs\u00e1ja stb. (1927\u201340); a Sz\u00e9kely sz\u00ednh\u00e1zban (1946\u201347. m\u00e1j): Leh\u00e1r: A mosoly orsz\u00e1ga (1946. m\u00e1rc. 10.); B\u00e9keffy Istv\u00e1n: Es\u0151 ut\u00e1n k\u00f6p\u00f6nyeg; Farkas Imre: Igl\u00f3i di\u00e1kok; K\u00e1lm\u00e1n Imre: Cs\u00e1rd\u00e1skir\u00e1lyn\u0151, Eisemann Mih\u00e1ly: Egy cs\u00f3k \u00e9s m\u00e1s semmi; J. Strauss: A cig\u00e1nyb\u00e1r\u00f3; T\u00f3th Ede: A falu rossza; Szirmay Albert: M\u00e1gn\u00e1s Miska; Kov\u00e1ts Dezs\u0151: Egyiptomi legenda; F\u00e9nyes Szabolcs: V\u00e9n di\u00f3fa; Schubert-Bert\u00e9: H\u00e1rom a kisl\u00e1ny; F\u00e9nyes Szabolcs: Az utols\u00f3 Vereb\u00e9ly l\u00e1ny (az \u00fatols\u00f3 el\u0151ad\u00e1s vez\u00e9nyl\u00e9se 1947. m\u00e1j. 24.). <br \/><strong>\u2013 Irod.:<\/strong> Barab\u00e1s Kisanna.2009; B\u00edr\u00f3 Don\u00e1t; Filarmonica 50; H\u00e9t \u00e9vk.(1982); Horv\u00e1th Bea, Katona Szab\u00f3 Istv\u00e1n: Az \u00daj \u00c9let lexikona, 155. (\u00daj \u00c9let, 24. sz. 1976.); Ki kicsoda?; Kim; Kov\u00e1cs Levente; Maros-k\u00fck\u00fcll\u0151i f\u0151esp; Maros megyei t\u00f6rt.; Papp M\u00e1ria: Azok a r\u00e9gi, sz\u00e9p id\u0151k\u2026 (N\u00fa., 2016. \u00e1pr. 18.); Vir\u00e1g Gy\u00f6rgy; Zenetudom\u00e1nyi \u00edr\u00e1sok.<\/br><\/p>\n","protected":false},"excerpt":{"rendered":"<p>Battonya, 1903., \u2020 Mv., 1972. jan. 14.: karmester, tan\u00e1r. \u2013 Feles\u00e9ge: \u00e9nekesn\u0151. Gyermekeik: T. S\u00e1ndor, dr., fizikatan\u00e1r; J\u00f3zsef tan\u00e1r, Erzs\u00e9bet, \u00e9nekesn\u0151; M\u00e1ria, zenetan\u00e1r. \u2013 A szatm\u00e1ri tan\u00edt\u00f3k\u00e9pz\u0151ben szerzett tanit\u00f3i oklevelet. Zene \u00e9s \u00e9nekk\u00e9pz\u00e9st a mv.-i zenekonzervat\u00f3riumban szerzett, majd, k\u00e9t \u00e9vig a Ia\u015fi-i Zenekonzervat\u00f3riumban tanult. A szatm\u00e1ri egyh\u00e1zk\u00f6zs\u00e9g helyettes karnagya, kinevezt\u00e9k ideiglenesen k\u00e1ntornak. Mv.-en telepedett le, [&hellip;]<\/p>\n","protected":false},"featured_media":0,"comment_status":"open","ping_status":"closed","template":"","meta":[],"product_brand":[],"product_cat":[137],"product_tag":[],"class_list":{"0":"post-23583","1":"product","2":"type-product","3":"status-publish","5":"product_cat-maros-megyei-eletrajzi-lexikon","7":"first","8":"instock","9":"shipping-taxable","10":"product-type-simple"},"_links":{"self":[{"href":"https:\/\/uj.adatbank.ro\/lexikon\/wp-json\/wp\/v2\/product\/23583","targetHints":{"allow":["GET"]}}],"collection":[{"href":"https:\/\/uj.adatbank.ro\/lexikon\/wp-json\/wp\/v2\/product"}],"about":[{"href":"https:\/\/uj.adatbank.ro\/lexikon\/wp-json\/wp\/v2\/types\/product"}],"replies":[{"embeddable":true,"href":"https:\/\/uj.adatbank.ro\/lexikon\/wp-json\/wp\/v2\/comments?post=23583"}],"wp:attachment":[{"href":"https:\/\/uj.adatbank.ro\/lexikon\/wp-json\/wp\/v2\/media?parent=23583"}],"wp:term":[{"taxonomy":"product_brand","embeddable":true,"href":"https:\/\/uj.adatbank.ro\/lexikon\/wp-json\/wp\/v2\/product_brand?post=23583"},{"taxonomy":"product_cat","embeddable":true,"href":"https:\/\/uj.adatbank.ro\/lexikon\/wp-json\/wp\/v2\/product_cat?post=23583"},{"taxonomy":"product_tag","embeddable":true,"href":"https:\/\/uj.adatbank.ro\/lexikon\/wp-json\/wp\/v2\/product_tag?post=23583"}],"curies":[{"name":"wp","href":"https:\/\/api.w.org\/{rel}","templated":true}]}}

TÓTH Sándor

<p>Battonya, 1903., † Mv., 1972. jan. 14.: karmester, tanár. – Felesége: énekesnő. Gyermekeik: T. Sándor, dr., fizikatanár; József tanár, Erzsébet, énekesnő; Mária, zenetanár. – A szatmári tanítóképzőben szerzett tanitói oklevelet. Zene és énekképzést a mv.-i zenekonzervatóriumban szerzett, majd, két évig a Iaşi-i Zenekonzervatóriumban tanult. A szatmári egyházközség helyettes karnagya, kinevezték ideiglenesen kántornak. Mv.-en telepedett le, ahol közel öt évtizeden át mint karvezető, zenepedagógus, karmester, zeneszerző tevékenykedett. Ideiglenes kántornak nevezték ki mv.-i plébániára (1923–1944), ott a könyvelői állást is betöltötte (1929-ig), valamint a minorita templomban is ellátta a kántori feladatot. R. K. Templomi Dalárdát alapította (1925–), ennek műkedvelő gárdája mutatta be Robert Planquette: Cornevillei harangok c. operettjét kántor-karnagyi minőségében tanította be (1927). Ettől számítható az operett műfaj megkedvelése Mv.-en. Az Összmunkás Dalárda alapító karmestere (1925), átvette a Mv.-i Munkás Dalkör vezetését (1930-as években), a M. Dalosszövetség karnagya, amelynek élén értékes népművelő munkát végzett. Általános iskolákban tanított zenét (1940–). Több munkás énekkart vezényelt, amelyekkel részt vett kórusversenyeken és ünnepségeken. A Mv.-i Állami Filharmónia alapító tagjai között szerepelt mint puzonista (1950). A Székely Színház első karmestere (1946–47), a színházavató előadást vezényelte (1946. márc. 10.), majd összesen 14 operettet és zenés darabot vezényelt. Középiskolai tanár az államosítás után (1948–), majd az Ének- és Táncegyüttes karmestere egészen nyugdíjazásáig (1958–66). A szászrégeni Népszínház tevékenységét is segítette. Mint zeneszerző kórusműveket, népdalfeldolgozásokat, színpadi kísérőzenét szerzett. Zenét írt táncjelenetekhez, ezenkívül több zenekari feldolgozás és átirat szerzője volt. A Romániai Zeneszerzők Szövetségének tagja. – F. vezénylései a mv.-i műkedvelőkkel kb. 20 zenés mű és operett: Leányvásár, Cigányszerelem, Iglói diákok, Sztambul rózsája stb. (1927–40); a Székely színházban (1946–47. máj): Lehár: A mosoly országa (1946. márc. 10.); Békeffy István: Eső után köpönyeg; Farkas Imre: Iglói diákok; Kálmán Imre: Csárdáskirálynő, Eisemann Mihály: Egy csók és más semmi; J. Strauss: A cigánybáró; Tóth Ede: A falu rossza; Szirmay Albert: Mágnás Miska; Kováts Dezső: Egyiptomi legenda; Fényes Szabolcs: Vén diófa; Schubert-Berté: Három a kislány; Fényes Szabolcs: Az utolsó Verebély lány (az útolsó előadás vezénylése 1947. máj. 24.). <br /><strong>– Irod.:</strong> Barabás Kisanna.2009; Bíró Donát; Filarmonica 50; Hét évk.(1982); Horváth Bea, Katona Szabó István: Az Új Élet lexikona, 155. (Új Élet, 24. sz. 1976.); Ki kicsoda?; Kim; Kovács Levente; Maros-küküllői főesp; Maros megyei tört.; Papp Mária: Azok a régi, szép idők… (Nú., 2016. ápr. 18.); Virág György; Zenetudományi írások.</br></p>

<p>Battonya, 1903., † Mv., 1972. jan. 14.: karmester, tanár. – Felesége: énekesnő. Gyermekeik: T. Sándor, dr., fizikatanár; József tanár, Erzsébet, énekesnő; Mária, zenetanár. – A szatmári tanítóképzőben szerzett tanitói oklevelet. Zene és énekképzést a mv.-i zenekonzervatóriumban szerzett, majd, két évig a Iaşi-i Zenekonzervatóriumban tanult. A szatmári egyházközség helyettes karnagya, kinevezték ideiglenesen kántornak. Mv.-en telepedett le, [&hellip;]</p>
