{"id":23584,"date":"2025-08-01T17:33:27","date_gmt":"2025-08-01T15:33:27","guid":{"rendered":"https:\/\/uj.adatbank.ro\/lexikon\/termek\/toth-sandor-3\/"},"modified":"2025-08-01T17:33:27","modified_gmt":"2025-08-01T15:33:27","slug":"toth-sandor-3","status":"publish","type":"product","link":"https:\/\/uj.adatbank.ro\/lexikon\/termek\/toth-sandor-3\/","title":{"rendered":"T\u00d3TH S\u00e1ndor"},"content":{"rendered":"<p>Ny\u00e1r\u00e1dmagyar\u00f3s, Torboszl\u00f3, 1913. m\u00e1rc. 21. \u2020 Kv., 2007. aug. 20: matematikus, matematika t\u00f6rt\u00e9n\u00e9sz. \u2013 Tord\u00e1n \u00e9retts\u00e9gizett (1931) a kv.-i egyetem matematika szak\u00e1n szerzett oklevelet (1935), majd a iasi-i egyetemen tett v\u00e9gleges\u00edt\u0151 szakvizsg\u00e1t (1937). Tan\u00edtott Sepsiszentgy\u00f6rgy\u00f6n a Sz\u00e9kely Mik\u00f3 Koll.-ban, Szatm\u00e1rn\u00e9metiben a Ref. Koll.-ban, B\u00e1nffyhunyadon az ipari l\u00edc.-ban, Mv.-en a Ref. Koll.-ban (1939\u201349), amelynek az \u00e1llamos\u00edt\u00e1s el\u0151tt \u0151 volt az utols\u00f3 igazgat\u00f3ja, majd Maros megyei szaktanfel\u00fcgyel\u0151 (1949\u201350). A KZST tagja (1945\u2013), t\u00f6bb esten is el\u0151ad\u00e1ssal szerepelt. Egyetemi el\u0151ad\u00f3tan\u00e1r a kv.-i BTE-n nyugd\u00edjaz\u00e1s\u00e1ig (1950\u201377), egy akkor bevezetett tant\u00e1rgyat a matematikat\u00f6rt\u00e9netet tan\u00edtotta, a Matematika-Fizika Katedra d\u00e9k\u00e1nja, a Geometria Katedra f\u0151n\u00f6ke (1959\u2013). Kutat\u00e1si ter\u00fclete matematikat\u00f6rt\u00e9net. Felt\u00e1rta a k\u00f6z\u00e9pkori erd\u00e9lyi oktat\u00e1s matematikai vonatkoz\u00e1sait, a hazai szerzetesrendek matematikai ismereteit, a 16\u201318 sz\u00e1zadi iskolai oktat\u00e1sban haszn\u00e1latos k\u00e9ziratos mat. jegyzeteket, \u00f6sszesen 199 k\u00e9ziratot, ezek jegyz\u00e9k\u00e9t a M\u0171vel\u0151d\u00e9sben (1985) k\u00f6z\u00f6lte, majd Matematikai \u00e9let az erd\u00e9lyi r\u00e9gis\u00e9gben c\u00edmmel k\u00f6z\u00f6lt uo. (1990). Cikkei szakfoly\u00f3iratokban jelentek meg. \u2013  <strong>F. m..:<\/strong> Apari\u0163ia \u015fi r\u0103sp\u00e2ndirea cifrelor \u00een \u0162\u0103rile Rom\u00e2ne (Buc., 1972); A sz\u00e1mok megjelen\u00e9se \u00e9s elterjed\u00e9se a rom\u00e1n orsz\u00e1gokban (Buk., 1972); Primele manuscrise matematice rom\u00e2ne\u015fti \u00een \u0162\u0103rile Rom\u00e2ne (Kv., 1972); Az erd\u00e9lyi matematika t\u00f6rt\u00e9net\u00e9b\u0151l (Kv., 2004); t\u00e1rssz: Matematikai m\u0171velts\u00e9g\u00fcnk keretei. K\u00f6z\u00e9pkor \u00e9s renesz\u00e1nsz (Szab\u00f3 \u00c1rp\u00e1ddal, Bp., 1988). <br \/><strong>\u2013 Irod.:<\/strong> B\u00e1nffy \u2013 Marosi; Clujeni ai sec. 20.; Kozma; L\u00e1zok J\u00e1nos: Epil\u00f3gus Vir\u00e1g Gy\u00f6rgy sz\u00ednh\u00e1zi eml\u00e9kirat\u00e1hoz: A mv.-i k\u00f6z\u00f6ns\u00e9g vis-\u00e0-vis operett (Papp M\u00e1ria megjegyz\u00e9sei a Sz\u00e9kely Sz\u00ednh\u00e1z \u201eoperettes korszak\u00e1r\u00f3l\u201d) (N\u00fa., M\u00fazsa, 2016. m\u00e1j. 14.); Maros-k\u00fck\u00fcll\u0151i f\u0151esp.; Mv. t\u00f6rt. 2; RMIL; Skola; T. S. tan\u00e1rt b\u00edzt\u00e1k meg az igazgat\u00f3i teend\u0151k v\u00e9gz\u00e9s\u00e9vel (Szabad Sz\u00f3, 1947. j\u00fal. 11.).<\/br><\/p>\n","protected":false},"excerpt":{"rendered":"<p>Ny\u00e1r\u00e1dmagyar\u00f3s, Torboszl\u00f3, 1913. m\u00e1rc. 21. \u2020 Kv., 2007. aug. 20: matematikus, matematika t\u00f6rt\u00e9n\u00e9sz. \u2013 Tord\u00e1n \u00e9retts\u00e9gizett (1931) a kv.-i egyetem matematika szak\u00e1n szerzett oklevelet (1935), majd a iasi-i egyetemen tett v\u00e9gleges\u00edt\u0151 szakvizsg\u00e1t (1937). Tan\u00edtott Sepsiszentgy\u00f6rgy\u00f6n a Sz\u00e9kely Mik\u00f3 Koll.-ban, Szatm\u00e1rn\u00e9metiben a Ref. Koll.-ban, B\u00e1nffyhunyadon az ipari l\u00edc.-ban, Mv.-en a Ref. Koll.-ban (1939\u201349), amelynek az \u00e1llamos\u00edt\u00e1s [&hellip;]<\/p>\n","protected":false},"featured_media":0,"comment_status":"open","ping_status":"closed","template":"","meta":[],"product_brand":[],"product_cat":[137],"product_tag":[],"class_list":{"0":"post-23584","1":"product","2":"type-product","3":"status-publish","5":"product_cat-maros-megyei-eletrajzi-lexikon","7":"first","8":"instock","9":"shipping-taxable","10":"product-type-simple"},"_links":{"self":[{"href":"https:\/\/uj.adatbank.ro\/lexikon\/wp-json\/wp\/v2\/product\/23584","targetHints":{"allow":["GET"]}}],"collection":[{"href":"https:\/\/uj.adatbank.ro\/lexikon\/wp-json\/wp\/v2\/product"}],"about":[{"href":"https:\/\/uj.adatbank.ro\/lexikon\/wp-json\/wp\/v2\/types\/product"}],"replies":[{"embeddable":true,"href":"https:\/\/uj.adatbank.ro\/lexikon\/wp-json\/wp\/v2\/comments?post=23584"}],"wp:attachment":[{"href":"https:\/\/uj.adatbank.ro\/lexikon\/wp-json\/wp\/v2\/media?parent=23584"}],"wp:term":[{"taxonomy":"product_brand","embeddable":true,"href":"https:\/\/uj.adatbank.ro\/lexikon\/wp-json\/wp\/v2\/product_brand?post=23584"},{"taxonomy":"product_cat","embeddable":true,"href":"https:\/\/uj.adatbank.ro\/lexikon\/wp-json\/wp\/v2\/product_cat?post=23584"},{"taxonomy":"product_tag","embeddable":true,"href":"https:\/\/uj.adatbank.ro\/lexikon\/wp-json\/wp\/v2\/product_tag?post=23584"}],"curies":[{"name":"wp","href":"https:\/\/api.w.org\/{rel}","templated":true}]}}

TÓTH Sándor

<p>Nyárádmagyarós, Torboszló, 1913. márc. 21. † Kv., 2007. aug. 20: matematikus, matematika történész. – Tordán érettségizett (1931) a kv.-i egyetem matematika szakán szerzett oklevelet (1935), majd a iasi-i egyetemen tett véglegesítő szakvizsgát (1937). Tanított Sepsiszentgyörgyön a Székely Mikó Koll.-ban, Szatmárnémetiben a Ref. Koll.-ban, Bánffyhunyadon az ipari líc.-ban, Mv.-en a Ref. Koll.-ban (1939–49), amelynek az államosítás előtt ő volt az utolsó igazgatója, majd Maros megyei szaktanfelügyelő (1949–50). A KZST tagja (1945–), több esten is előadással szerepelt. Egyetemi előadótanár a kv.-i BTE-n nyugdíjazásáig (1950–77), egy akkor bevezetett tantárgyat a matematikatörténetet tanította, a Matematika-Fizika Katedra dékánja, a Geometria Katedra főnöke (1959–). Kutatási területe matematikatörténet. Feltárta a középkori erdélyi oktatás matematikai vonatkozásait, a hazai szerzetesrendek matematikai ismereteit, a 16–18 századi iskolai oktatásban használatos kéziratos mat. jegyzeteket, összesen 199 kéziratot, ezek jegyzékét a Művelődésben (1985) közölte, majd Matematikai élet az erdélyi régiségben címmel közölt uo. (1990). Cikkei szakfolyóiratokban jelentek meg. –  <strong>F. m..:</strong> Apariţia şi răspândirea cifrelor în Ţările Române (Buc., 1972); A számok megjelenése és elterjedése a román országokban (Buk., 1972); Primele manuscrise matematice româneşti în Ţările Române (Kv., 1972); Az erdélyi matematika történetéből (Kv., 2004); társsz: Matematikai műveltségünk keretei. Középkor és reneszánsz (Szabó Árpáddal, Bp., 1988). <br /><strong>– Irod.:</strong> Bánffy – Marosi; Clujeni ai sec. 20.; Kozma; Lázok János: Epilógus Virág György színházi emlékiratához: A mv.-i közönség vis-à-vis operett (Papp Mária megjegyzései a Székely Színház „operettes korszakáról”) (Nú., Múzsa, 2016. máj. 14.); Maros-küküllői főesp.; Mv. tört. 2; RMIL; Skola; T. S. tanárt bízták meg az igazgatói teendők végzésével (Szabad Szó, 1947. júl. 11.).</br></p>

<p>Nyárádmagyarós, Torboszló, 1913. márc. 21. † Kv., 2007. aug. 20: matematikus, matematika történész. – Tordán érettségizett (1931) a kv.-i egyetem matematika szakán szerzett oklevelet (1935), majd a iasi-i egyetemen tett véglegesítő szakvizsgát (1937). Tanított Sepsiszentgyörgyön a Székely Mikó Koll.-ban, Szatmárnémetiben a Ref. Koll.-ban, Bánffyhunyadon az ipari líc.-ban, Mv.-en a Ref. Koll.-ban (1939–49), amelynek az államosítás [&hellip;]</p>
