{"id":23589,"date":"2025-08-01T17:33:40","date_gmt":"2025-08-01T15:33:40","guid":{"rendered":"https:\/\/uj.adatbank.ro\/lexikon\/termek\/toth-szucs-ilona\/"},"modified":"2025-08-01T17:33:40","modified_gmt":"2025-08-01T15:33:40","slug":"toth-szucs-ilona","status":"publish","type":"product","link":"https:\/\/uj.adatbank.ro\/lexikon\/termek\/toth-szucs-ilona\/","title":{"rendered":"T\u00d3TH SZ\u0170CS Ilona"},"content":{"rendered":"<p>Medgyes, 1930, \u2020 M\u00fcnchen, 1990. nov.: fest\u0151m\u0171v\u00e9sz. \u2013 K\u00f6z\u00e9piskolai tanulm\u00e1nyait a mv.-i M\u0171v\u00e9szeti L\u00edceumban v\u00e9gezte, Bordi Andr\u00e1s \u00e9s Barab\u00e1s Istv\u00e1n ir\u00e1ny\u00edt\u00e1sa alatt. Egyetemi tanulm\u00e1nyait 1951-ben kezdte meg Bukarestben, a Nicolae Grigorescu K\u00e9pz\u0151m\u0171v\u00e9szeti Int\u00e9zetben, majd 1952-t\u0151l a kolozsv\u00e1ri Ion Andreescu K\u00e9pz\u0151m\u0171v\u00e9szeti Int\u00e9zetben folytatta, ahol 1957-ben fejezte be tanulm\u00e1nyait. Mikl\u00f3ssy G\u00e1bor, Abodi Nagy B\u00e9la \u00e9s Teodor Har\u015fia ir\u00e1ny\u00edt\u00e1sa alatt dolgozott. Sz\u00e1mos kollekt\u00edv ki\u00e1ll\u00edt\u00e1son vett r\u00e9szt. 1970-t\u0151l jelmeztervez\u0151k\u00e9nt is dolgozott a Kolozsv\u00e1ri \u00c1llami Magyar Sz\u00ednh\u00e1zban, 1979-ben III. d\u00edjat nyert a Meg\u00e9nekl\u00fcnk Rom\u00e1nia fesztiv\u00e1lon, jelmeztervez\u0151i kateg\u00f3ri\u00e1ban. 1984-ben f\u00e9rj\u00e9vel, T\u00f3th L\u00e1szl\u00f3val egy\u00fctt M\u00fcnchenben telepedett le. \u2013  <strong>F. ki\u00e1ll.:<\/strong> Korunk Gal\u00e9ria (Kolozsv\u00e1r), 1975; Akt\u00edv Art Gal\u00e9ria (Szentendre), 1991 \u2013 poszthumusz ki\u00e1ll\u00edt\u00e1s T\u00f3th L\u00e1szl\u00f3val k\u00f6z\u00f6sen; EM\u0170K (Sepsiszentgy\u00f6rgy), 2024 \u2013 poszthumusz ki\u00e1ll\u00edt\u00e1s T\u00f3th L\u00e1szl\u00f3val k\u00f6z\u00f6sen <br \/><strong>\u2013 Irod.:<\/strong> [Nekrol\u00f3g] (N\u00fa., 1990. dec. 13.); EM\u0170K honlap.<\/br><\/p>\n","protected":false},"excerpt":{"rendered":"<p>Medgyes, 1930, \u2020 M\u00fcnchen, 1990. nov.: fest\u0151m\u0171v\u00e9sz. \u2013 K\u00f6z\u00e9piskolai tanulm\u00e1nyait a mv.-i M\u0171v\u00e9szeti L\u00edceumban v\u00e9gezte, Bordi Andr\u00e1s \u00e9s Barab\u00e1s Istv\u00e1n ir\u00e1ny\u00edt\u00e1sa alatt. Egyetemi tanulm\u00e1nyait 1951-ben kezdte meg Bukarestben, a Nicolae Grigorescu K\u00e9pz\u0151m\u0171v\u00e9szeti Int\u00e9zetben, majd 1952-t\u0151l a kolozsv\u00e1ri Ion Andreescu K\u00e9pz\u0151m\u0171v\u00e9szeti Int\u00e9zetben folytatta, ahol 1957-ben fejezte be tanulm\u00e1nyait. Mikl\u00f3ssy G\u00e1bor, Abodi Nagy B\u00e9la \u00e9s Teodor Har\u015fia [&hellip;]<\/p>\n","protected":false},"featured_media":0,"comment_status":"open","ping_status":"closed","template":"","meta":[],"product_brand":[],"product_cat":[137],"product_tag":[],"class_list":{"0":"post-23589","1":"product","2":"type-product","3":"status-publish","5":"product_cat-maros-megyei-eletrajzi-lexikon","7":"first","8":"instock","9":"shipping-taxable","10":"product-type-simple"},"_links":{"self":[{"href":"https:\/\/uj.adatbank.ro\/lexikon\/wp-json\/wp\/v2\/product\/23589","targetHints":{"allow":["GET"]}}],"collection":[{"href":"https:\/\/uj.adatbank.ro\/lexikon\/wp-json\/wp\/v2\/product"}],"about":[{"href":"https:\/\/uj.adatbank.ro\/lexikon\/wp-json\/wp\/v2\/types\/product"}],"replies":[{"embeddable":true,"href":"https:\/\/uj.adatbank.ro\/lexikon\/wp-json\/wp\/v2\/comments?post=23589"}],"wp:attachment":[{"href":"https:\/\/uj.adatbank.ro\/lexikon\/wp-json\/wp\/v2\/media?parent=23589"}],"wp:term":[{"taxonomy":"product_brand","embeddable":true,"href":"https:\/\/uj.adatbank.ro\/lexikon\/wp-json\/wp\/v2\/product_brand?post=23589"},{"taxonomy":"product_cat","embeddable":true,"href":"https:\/\/uj.adatbank.ro\/lexikon\/wp-json\/wp\/v2\/product_cat?post=23589"},{"taxonomy":"product_tag","embeddable":true,"href":"https:\/\/uj.adatbank.ro\/lexikon\/wp-json\/wp\/v2\/product_tag?post=23589"}],"curies":[{"name":"wp","href":"https:\/\/api.w.org\/{rel}","templated":true}]}}

TÓTH SZŰCS Ilona

<p>Medgyes, 1930, † München, 1990. nov.: festőművész. – Középiskolai tanulmányait a mv.-i Művészeti Líceumban végezte, Bordi András és Barabás István irányítása alatt. Egyetemi tanulmányait 1951-ben kezdte meg Bukarestben, a Nicolae Grigorescu Képzőművészeti Intézetben, majd 1952-től a kolozsvári Ion Andreescu Képzőművészeti Intézetben folytatta, ahol 1957-ben fejezte be tanulmányait. Miklóssy Gábor, Abodi Nagy Béla és Teodor Harşia irányítása alatt dolgozott. Számos kollektív kiállításon vett részt. 1970-től jelmeztervezőként is dolgozott a Kolozsvári Állami Magyar Színházban, 1979-ben III. díjat nyert a Megéneklünk Románia fesztiválon, jelmeztervezői kategóriában. 1984-ben férjével, Tóth Lászlóval együtt Münchenben telepedett le. –  <strong>F. kiáll.:</strong> Korunk Galéria (Kolozsvár), 1975; Aktív Art Galéria (Szentendre), 1991 – poszthumusz kiállítás Tóth Lászlóval közösen; EMŰK (Sepsiszentgyörgy), 2024 – poszthumusz kiállítás Tóth Lászlóval közösen <br /><strong>– Irod.:</strong> [Nekrológ] (Nú., 1990. dec. 13.); EMŰK honlap.</br></p>

<p>Medgyes, 1930, † München, 1990. nov.: festőművész. – Középiskolai tanulmányait a mv.-i Művészeti Líceumban végezte, Bordi András és Barabás István irányítása alatt. Egyetemi tanulmányait 1951-ben kezdte meg Bukarestben, a Nicolae Grigorescu Képzőművészeti Intézetben, majd 1952-től a kolozsvári Ion Andreescu Képzőművészeti Intézetben folytatta, ahol 1957-ben fejezte be tanulmányait. Miklóssy Gábor, Abodi Nagy Béla és Teodor Harşia [&hellip;]</p>
