{"id":23590,"date":"2025-08-01T17:33:42","date_gmt":"2025-08-01T15:33:42","guid":{"rendered":"https:\/\/uj.adatbank.ro\/lexikon\/termek\/toth-tamas-%c2%a7\/"},"modified":"2025-08-01T17:33:42","modified_gmt":"2025-08-01T15:33:42","slug":"toth-tamas-%c2%a7","status":"publish","type":"product","link":"https:\/\/uj.adatbank.ro\/lexikon\/termek\/toth-tamas-%c2%a7\/","title":{"rendered":"T\u00d3TH Tam\u00e1s, \u00a7"},"content":{"rendered":"<p>Kv., 1936. febr. 26., \u2020 Bp., 2022. febr. 6.: sz\u00ednm\u0171v\u00e9sz, sz\u00ednh\u00e1zigazgat\u00f3. \u2013 T. S\u00e1ndor, m\u00e9sz\u00e1ros \u00e9s Schn\u00e1bel Berta fia. Feles\u00e9ge Sz\u00e9kely Anna sz\u00ednm\u0171v\u00e9sz. \u2013 Kv.-on a hidelvei Elemi Iskol\u00e1ban (1943\u201347), a Ref. Koll.\/2. sz. Fi\u00fal\u00edceum tanul\u00f3ja (1947\u201353). A mv.-i Szentgy\u00f6rgyi Istv\u00e1n Sz\u00ednm\u0171v\u00e9szeti Int\u00e9zetben v\u00e9gzett (1954\u201358). A v\u00e1ros Nemzeti Sz\u00ednh\u00e1z\u00e1hoz szerz\u0151d\u00f6tt (1958. aug. 1.\u2013). \u00d3raad\u00f3 tan\u00e1r a Szentgy\u00f6rgyi Istv\u00e1n Sz\u00ednm\u0171v\u00e9szeti Int\u00e9zetben (1972\u201376). R\u00f6vid id\u0151n bel\u00fcl a t\u00e1rs. egyik vezet\u0151 sz\u00edn\u00e9sze lett, a hetvenes \u00e9vek elej\u00e9n r\u00f6vid ideig igazgat\u00f3ja is, majd a nyolcvanas \u00e9vekben aligazgat\u00f3ja. Kit\u0171n\u0151 jellemsz\u00edn\u00e9sz, magas \u00e9rzelmi-indulati tel\u00edtetts\u00e9g \u00e9s visszafogott eszk\u00f6z\u00f6k jellemzik j\u00e1t\u00e9k\u00e1t. V\u00edgj\u00e1t\u00e9ki szerepekben j\u00f3l \u00e9rv\u00e9nyes\u00fcl k\u00f6nnyed j\u00e1t\u00e9koss\u00e1ga, csattan\u00f3s humora vagy finom ironiz\u00e1l\u00f3 k\u00e9szs\u00e9ge. Szentgy\u00f6rgyi Istv\u00e1n-d\u00edjas (1997. nov.), a Kultur\u00e1lis \u00c9rdemrend I. fokozat\u00e1val t\u00fcntett\u00e9k ki. \u2013 <strong>F. sz.:<\/strong>: Marian (P. Karvas: \u00c9jf\u00e9li mise, 1961); Madaras Antal (S\u00fct\u0151 A.: T\u00e9kozl\u00f3 szerelem, 1962); Joe (E. O\u2019Neill: Hossz\u00fa az \u00fat haz\u00e1ig, 1964); Boboc (P. Everac: A l\u00e1thatatlan staf\u00e9ta, 1964); Petur (Katona J.: B\u00e1nk b\u00e1n); Pjotr (Tolsztoj: A s\u00f6t\u00e9ts\u00e9g hatalma, 1966); Petru Rare\u015f (H.Lovinescu: Petru Rare\u015f, 1967); Bolyai Antal (N\u00e9meth L. A k\u00e9t Bolyai, 1970); XIV. Lajos (M. Bulgakov: K\u00e9pmutat\u00f3k cselsz\u00f6v\u00e9se, 1973); Zamiszlov (M. Gorkij: Nyaral\u00f3k, 1974); Gedeon (S\u00fct\u0151 A.: Pomp\u00e1s Gedeon); Versinyin (Csehov: H\u00e1rom n\u0151v\u00e9r, 1975); Beauperthuis (E. Labiche. Az olasz szalmakalap, 1976); Dogsborough (B. Brecht: \u00c1ll\u00edts\u00e1tok meg Arturo Uit, 1976); Domingo (Schiller: Don Carlos, 1977); Pr\u00e9da M\u00e1t\u00e9 (Tam\u00e1si \u00c1.: \u00c9nekes mad\u00e1r, 1978); Kelemen (Kocsis I., Nem z\u00e1rjuk kulcsra az ajt\u00f3t, 1980); Kent (W. Shakespeare: Lear kir\u00e1ly, 1980); Petur (Katona J.: B\u00e1nk b\u00e1n, 1981); M\u00e9lt\u00f3s\u00e1gos (Ters\u00e1nszky J.J.: Kakuk Marci, 1984); Patikus (Sz\u00e9p E. Patika, 1984); Malingear (E. Labiche: Szemf\u00e9nyveszt\u0151k, 1985); Robinson (Osztrovszkij: A hozom\u00e1ny n\u00e9lk\u00fcli l\u00e1ny, 1986); Albafiorita (C. Goldoni: A fogadosn\u00e9, 1987); Krafts (Shaw: Warrenn\u00e9 mesters\u00e9ge, 1987) Klescs (Gorkij: \u00c9jjeli mened\u00e9khely, 1989); Farao (Madach I.: M\u00f3zes, 1990); Zsellyei Balogh \u00c1bel (M\u00f3ricz Zs.: \u00dari muri, 1990); Leon \u00far (V. Eftimiu: A csavarg\u00f3, 1990); Zemljanyika (Gogol: A revizor, 1991); Achiles (Sz\u00e9kely J.: Vak B\u00e9la kir\u00e1ly, 1991); \u2013 <strong>F. filmjei:<\/strong> Dimine\u0163ile unui b\u0103iat cuminte; Buzduganul cu trei pece\u0163i; Jelenid\u0151, Forr\u00f3 vizet a kopaszra. Kerekes T\u00f3th Erzs\u00e9bettel k\u00e9t k\u00f6nny\u0171zene lemeze k\u00e9sz\u00fclt az Electrecordn\u00e1l. <br \/><strong>\u2013 Irod.:<\/strong> A H\u00e9t \u00e9vk. (1982); EMKK 2000; Katona Szab\u00f3 Istv\u00e1n: Az \u00daj \u00c9let lexikona, 154.(\u00daj \u00c9let, 1976, 23 sz.); Koch M\u00e1ria: Besz\u00e9lget\u00e9s T. T. sz\u00ednm\u0171v\u00e9sszel (V.Z., 1968. febr. 17.); Kusz\u00e1lik; MSZL, N. M. K.: \u201eSenkinek sem szeretn\u00e9k csal\u00f3d\u00e1st okozni&#8230;\u201d (V. Z., 1985. okt. 19.); Nagy Mikl\u00f3s Kund: Kalaplev\u00e9ve, l\u00e1bujjhegyen (N\u00fa., M\u00fazsa, 1997. nov. 21., 321. sz.); RMKK; Todea 2013.<\/br><\/p>\n","protected":false},"excerpt":{"rendered":"<p>Kv., 1936. febr. 26., \u2020 Bp., 2022. febr. 6.: sz\u00ednm\u0171v\u00e9sz, sz\u00ednh\u00e1zigazgat\u00f3. \u2013 T. S\u00e1ndor, m\u00e9sz\u00e1ros \u00e9s Schn\u00e1bel Berta fia. Feles\u00e9ge Sz\u00e9kely Anna sz\u00ednm\u0171v\u00e9sz. \u2013 Kv.-on a hidelvei Elemi Iskol\u00e1ban (1943\u201347), a Ref. Koll.\/2. sz. Fi\u00fal\u00edceum tanul\u00f3ja (1947\u201353). A mv.-i Szentgy\u00f6rgyi Istv\u00e1n Sz\u00ednm\u0171v\u00e9szeti Int\u00e9zetben v\u00e9gzett (1954\u201358). A v\u00e1ros Nemzeti Sz\u00ednh\u00e1z\u00e1hoz szerz\u0151d\u00f6tt (1958. aug. 1.\u2013). \u00d3raad\u00f3 tan\u00e1r [&hellip;]<\/p>\n","protected":false},"featured_media":0,"comment_status":"open","ping_status":"closed","template":"","meta":[],"product_brand":[],"product_cat":[137],"product_tag":[],"class_list":{"0":"post-23590","1":"product","2":"type-product","3":"status-publish","5":"product_cat-maros-megyei-eletrajzi-lexikon","7":"first","8":"instock","9":"shipping-taxable","10":"product-type-simple"},"_links":{"self":[{"href":"https:\/\/uj.adatbank.ro\/lexikon\/wp-json\/wp\/v2\/product\/23590","targetHints":{"allow":["GET"]}}],"collection":[{"href":"https:\/\/uj.adatbank.ro\/lexikon\/wp-json\/wp\/v2\/product"}],"about":[{"href":"https:\/\/uj.adatbank.ro\/lexikon\/wp-json\/wp\/v2\/types\/product"}],"replies":[{"embeddable":true,"href":"https:\/\/uj.adatbank.ro\/lexikon\/wp-json\/wp\/v2\/comments?post=23590"}],"wp:attachment":[{"href":"https:\/\/uj.adatbank.ro\/lexikon\/wp-json\/wp\/v2\/media?parent=23590"}],"wp:term":[{"taxonomy":"product_brand","embeddable":true,"href":"https:\/\/uj.adatbank.ro\/lexikon\/wp-json\/wp\/v2\/product_brand?post=23590"},{"taxonomy":"product_cat","embeddable":true,"href":"https:\/\/uj.adatbank.ro\/lexikon\/wp-json\/wp\/v2\/product_cat?post=23590"},{"taxonomy":"product_tag","embeddable":true,"href":"https:\/\/uj.adatbank.ro\/lexikon\/wp-json\/wp\/v2\/product_tag?post=23590"}],"curies":[{"name":"wp","href":"https:\/\/api.w.org\/{rel}","templated":true}]}}

TÓTH Tamás, §

<p>Kv., 1936. febr. 26., † Bp., 2022. febr. 6.: színművész, színházigazgató. – T. Sándor, mészáros és Schnábel Berta fia. Felesége Székely Anna színművész. – Kv.-on a hidelvei Elemi Iskolában (1943–47), a Ref. Koll./2. sz. Fiúlíceum tanulója (1947–53). A mv.-i Szentgyörgyi István Színművészeti Intézetben végzett (1954–58). A város Nemzeti Színházához szerződött (1958. aug. 1.–). Óraadó tanár a Szentgyörgyi István Színművészeti Intézetben (1972–76). Rövid időn belül a társ. egyik vezető színésze lett, a hetvenes évek elején rövid ideig igazgatója is, majd a nyolcvanas években aligazgatója. Kitűnő jellemszínész, magas érzelmi-indulati telítettség és visszafogott eszközök jellemzik játékát. Vígjátéki szerepekben jól érvényesül könnyed játékossága, csattanós humora vagy finom ironizáló készsége. Szentgyörgyi István-díjas (1997. nov.), a Kulturális Érdemrend I. fokozatával tüntették ki. – <strong>F. sz.:</strong>: Marian (P. Karvas: Éjféli mise, 1961); Madaras Antal (Sütő A.: Tékozló szerelem, 1962); Joe (E. O’Neill: Hosszú az út hazáig, 1964); Boboc (P. Everac: A láthatatlan staféta, 1964); Petur (Katona J.: Bánk bán); Pjotr (Tolsztoj: A sötétség hatalma, 1966); Petru Rareş (H.Lovinescu: Petru Rareş, 1967); Bolyai Antal (Németh L. A két Bolyai, 1970); XIV. Lajos (M. Bulgakov: Képmutatók cselszövése, 1973); Zamiszlov (M. Gorkij: Nyaralók, 1974); Gedeon (Sütő A.: Pompás Gedeon); Versinyin (Csehov: Három nővér, 1975); Beauperthuis (E. Labiche. Az olasz szalmakalap, 1976); Dogsborough (B. Brecht: Állítsátok meg Arturo Uit, 1976); Domingo (Schiller: Don Carlos, 1977); Préda Máté (Tamási Á.: Énekes madár, 1978); Kelemen (Kocsis I., Nem zárjuk kulcsra az ajtót, 1980); Kent (W. Shakespeare: Lear király, 1980); Petur (Katona J.: Bánk bán, 1981); Méltóságos (Tersánszky J.J.: Kakuk Marci, 1984); Patikus (Szép E. Patika, 1984); Malingear (E. Labiche: Szemfényvesztők, 1985); Robinson (Osztrovszkij: A hozomány nélküli lány, 1986); Albafiorita (C. Goldoni: A fogadosné, 1987); Krafts (Shaw: Warrenné mestersége, 1987) Klescs (Gorkij: Éjjeli menedékhely, 1989); Farao (Madach I.: Mózes, 1990); Zsellyei Balogh Ábel (Móricz Zs.: Úri muri, 1990); Leon úr (V. Eftimiu: A csavargó, 1990); Zemljanyika (Gogol: A revizor, 1991); Achiles (Székely J.: Vak Béla király, 1991); – <strong>F. filmjei:</strong> Dimineţile unui băiat cuminte; Buzduganul cu trei peceţi; Jelenidő, Forró vizet a kopaszra. Kerekes Tóth Erzsébettel két könnyűzene lemeze készült az Electrecordnál. <br /><strong>– Irod.:</strong> A Hét évk. (1982); EMKK 2000; Katona Szabó István: Az Új Élet lexikona, 154.(Új Élet, 1976, 23 sz.); Koch Mária: Beszélgetés T. T. színművésszel (V.Z., 1968. febr. 17.); Kuszálik; MSZL, N. M. K.: „Senkinek sem szeretnék csalódást okozni&#8230;” (V. Z., 1985. okt. 19.); Nagy Miklós Kund: Kalaplevéve, lábujjhegyen (Nú., Múzsa, 1997. nov. 21., 321. sz.); RMKK; Todea 2013.</br></p>

<p>Kv., 1936. febr. 26., † Bp., 2022. febr. 6.: színművész, színházigazgató. – T. Sándor, mészáros és Schnábel Berta fia. Felesége Székely Anna színművész. – Kv.-on a hidelvei Elemi Iskolában (1943–47), a Ref. Koll./2. sz. Fiúlíceum tanulója (1947–53). A mv.-i Szentgyörgyi István Színművészeti Intézetben végzett (1954–58). A város Nemzeti Színházához szerződött (1958. aug. 1.–). Óraadó tanár [&hellip;]</p>
