{"id":23594,"date":"2025-08-01T17:33:50","date_gmt":"2025-08-01T15:33:50","guid":{"rendered":"https:\/\/uj.adatbank.ro\/lexikon\/termek\/tothfalusi-jozsef-%c2%a7-tothfalussy-jozsef-totfalusi-jozsef\/"},"modified":"2025-08-01T17:33:50","modified_gmt":"2025-08-01T15:33:50","slug":"tothfalusi-jozsef-%c2%a7-tothfalussy-jozsef-totfalusi-jozsef","status":"publish","type":"product","link":"https:\/\/uj.adatbank.ro\/lexikon\/termek\/tothfalusi-jozsef-%c2%a7-tothfalussy-jozsef-totfalusi-jozsef\/","title":{"rendered":"T\u00d3THFALUSI J\u00f3zsef, \u00a7 T\u00f3thfalussy J\u00f3zsef, T\u00f3tfalusi J\u00f3zsef"},"content":{"rendered":"<p>Mv., 1869. okt. 21., \u2020 Mv., 1940. j\u00fan. 15.: ref. lelk\u00e9sz. \u2013 Apja: T. J\u00f3zsef (1836? \u2013 Mv., 1919. \u00e1pr. 30.). Testv\u00e9rei: T. K\u00e1roly, feles\u00e9ge Fodor Jol\u00e1n; S\u00e1ndor; Anna Marton Gy\u00f6rgyn\u00e9; L\u00f3ri Szak\u00e1cs J\u00f3zsefn\u00e9. Feles\u00e9ge: Kathonay Ir\u00e9n, K. Gyula keresked\u0151-f\u00f6ldbirtokos \u00e9s Petri Vilma le\u00e1nya. (Esk\u00fcv\u0151: 1896. aug. 25.). \u2013 A mv.-i Ref. Koll.-ban \u00e9retts\u00e9gizett (1888. j\u00fan.), Nagyenyeden v\u00e9gezte a teol\u00f3gi\u00e1t, a kv.-i \u00e9s bp.-i egyetemen keleti nyelveket \u00e9s jogot tanult. Lelk\u00e9szk\u00e9pes\u00edt\u0151 szakvizsg\u00e1t tett (1893. szept. 4.). Nagyenyeden kezdte tev\u00e9kenys\u00e9g\u00e9t: jur\u00e1tus, hitoktat\u00f3 a ref. koll.-ban. Sz\u00e1sz Domokos p\u00fcsp\u00f6k titk\u00e1ra lett Kv.-on (1893\u201395). Tanulm\u00e1ny\u00faton volt Sv\u00e1jcban \u00e9s Ausztri\u00e1ban (1899), N\u00e9meto., Sv\u00e9do.-ban \u00e9s D\u00e1ni\u00e1ban (1907). Mv.-en az egyh\u00e1zk\u00f6zs\u00e9g vezet\u0151 lelk\u00e9sze (megv\u00e1lasztott\u00e1k 1895. szept. 29., felszentelt\u00e9k (1897\u20131937), a v\u00e1rtemplomi gy\u00fclekezet papja Vass Tam\u00e1s ut\u00e1n (\u20201899). A Ref. Koll.-ban tan\u00e1r (1895\u20131903) \u00e9s az el\u00f6lj\u00e1r\u00f3s\u00e1g tagja (1905\u201310); Kossuth Lajos sz\u00fclet\u00e9s\u00e9nek 100. \u00e9vfordul\u00f3j\u00e1n tartott istentiszteleten besz\u00e9det mondott a v\u00e1rtemplomban (1902. szept. 25.). A ref. egyh\u00e1zk\u00f6zs\u00e9g f\u0151gondnok\u00e1v\u00e1 v\u00e1lasztott\u00e1k Bern\u00e1dy Gy\u00f6rgy\u00f6t (1904. okt. 23.). Restaur\u00e1lt\u00e1k seg\u00edts\u00e9g\u00e9vel a V\u00e1rtemplomot, megalap\u00edtott\u00e1k a K\u00f6zhaszn\u00fa Takar\u00e9kp\u00e9nzt\u00e1r Rt.-t (1909), melynek c\u00e9lja a szeg\u00e9ny iskol\u00e1k \u00e9s egyh\u00e1zak megseg\u00edt\u00e9se volt. V\u00e1rosi t\u00f6rv\u00e9nyhat\u00f3s\u00e1gi bizotts\u00e1gban tag (1910- ), javasolta Bolyai-eml\u00e9km\u00fazeum l\u00e9tes\u00edt\u00e9s\u00e9t a K\u00f6zm\u0171vel\u0151d\u00e9si H\u00e1zban. Sz\u00e1mos egyh\u00e1zi tiszts\u00e9get viselt, Marosi Egyh\u00e1zmegye esperes\u00e9v\u00e9 v\u00e1lasztott\u00e1k (1923. j\u00fan. 25.\u20131925. okt.), de k\u00e9t \u00e9v m\u00falva lemondott e tiszts\u00e9gr\u0151l, az egyh\u00e1zk\u00f6zs\u00e9g \u00e9s a sz\u00f3rv\u00e1nymisszi\u00f3 jav\u00e1ra dolgozott nyugd\u00edjaz\u00e1s\u00e1ig (\u20131938). Vezet\u00e9s\u00e9vel hat\u00e9kony belmisszi\u00f3i munka folyt Mv.-en. Sokoldal\u00fa tev\u00e9kenys\u00e9get fejtett ki, volt zsinati tag, egyh\u00e1zker\u00fcleti tan\u00e1csb\u00edr\u00f3, v\u00e1rosatya, tan\u00fcgyi bizotts\u00e1gi tag, dalsz\u00f6vets\u00e9gi eln\u00f6k, fegyh\u00e1zlelk\u00e9sz. Szerkesztette a Marosvid\u00e9k c. lapot (1896\u201398), cikkeit, tanulm\u00e1nyait k\u00f6z\u00f6lte a bp.-i Egyh\u00e1zi \u00e9s Irodalmi Lap, az Erd\u00e9lyi Protest\u00e1ns K\u00f6zl\u00f6ny, a Reform\u00e1tus Szemle, Hajnal, a Vas\u00e1rnap, az \u00d6r\u00f6mh\u00edr, amit szerkesztett is. A KZST eln\u00f6ke (1910\u201328), majd tb. eln\u00f6ke volt. Hal\u00e1l\u00e1ig az irodalomnak \u00e9lt. \u2013  <strong>F. m..:<\/strong> Egys\u00e9ges liturgia a Magyar. ev. ref. egyh\u00e1zban (1904); A Berlini v\u00e1rosi misszi\u00f3 (Kv., 1907); K\u00e9pes Szent Biblia (Stuttgart, 1908, t\u00f6bb m\u0171v\u00e9szi illusztr\u00e1ci\u00f3val); J\u00e9zus \u00e9lete a XX. Sz\u00e1zadban (1940); Gyermekek a Bibli\u00e1ban (1940);  <strong>t\u00e1rssz.:<\/strong> Vass Tam\u00e1s mv.-i ref. lelk\u00e9sz eml\u00e9kezete (Mv., 1899); Moln\u00e1r Albert eml\u00e9kezete (Kv., 1901); Mv. \u00e9s a h\u00e1bor\u00fa (Mv., 1915);  <strong> szerk.:<\/strong> Meg van \u00edrva: Bibliai szentig\u00e9k gy\u0171jtem\u00e9nye &#8230; magyar nyelven feldolgozta \u00e9s kiadta (Mv., 1928). <br \/><strong>\u2013 Irod.:<\/strong> \u00c1goston Albert: Alkot\u00e1sainkra, \u00e9rt\u00e9keinkre eml\u00e9kezve (N\u00fa., 1993. dec. 14.); Almanah Tg. M; Bern\u00e1dy; Berekm\u00e9ri \u00c1. R\u00f3bert: Az egyh\u00e1zk\u00f6zs\u00e9g legkiv\u00e1l\u00f3bb lelkip\u00e1sztorainak sor\u00e1ban eml\u00edtettik: T. J. (V\u00e1s\u00e1rhelyi H\u00edrlap, 2008. febr. 19.); Berekm\u00e9ri \u00c1rp\u00e1d R\u00f3bert: T. J. (1869\u20131940) = P\u00e1l-Antal \u2013 Simon 2011; Chinezu, Ion: Cs\u00e1ky; Csekme; EM; Farcz\u00e1dy; Gy\u00e1szjelent\u0151; Id\u0151t\u00e1r 2; Id\u0151t\u00e1r 3, Ki kicsoda?; Marosi-KZST; Molter; Mv. \u00e9s a h\u00e1bor\u00fa 1.; Mv. t\u00f6rt. 2.; Mv.-Bal\u00e1s; N\u00fa. (2005. febr. 19); Osv\u00e1th; \u00d6kr\u00f6s, P\u00e1l-Antal 2003; Pan\u0103; Szinnyei; T. J. nyugalomba vonul (\u00daj Kezdet, 2010. aug., 8. sz.).<\/br><\/p>\n","protected":false},"excerpt":{"rendered":"<p>Mv., 1869. okt. 21., \u2020 Mv., 1940. j\u00fan. 15.: ref. lelk\u00e9sz. \u2013 Apja: T. J\u00f3zsef (1836? \u2013 Mv., 1919. \u00e1pr. 30.). Testv\u00e9rei: T. K\u00e1roly, feles\u00e9ge Fodor Jol\u00e1n; S\u00e1ndor; Anna Marton Gy\u00f6rgyn\u00e9; L\u00f3ri Szak\u00e1cs J\u00f3zsefn\u00e9. Feles\u00e9ge: Kathonay Ir\u00e9n, K. Gyula keresked\u0151-f\u00f6ldbirtokos \u00e9s Petri Vilma le\u00e1nya. (Esk\u00fcv\u0151: 1896. aug. 25.). \u2013 A mv.-i Ref. Koll.-ban \u00e9retts\u00e9gizett (1888. [&hellip;]<\/p>\n","protected":false},"featured_media":0,"comment_status":"open","ping_status":"closed","template":"","meta":[],"product_brand":[],"product_cat":[137],"product_tag":[],"class_list":{"0":"post-23594","1":"product","2":"type-product","3":"status-publish","5":"product_cat-maros-megyei-eletrajzi-lexikon","7":"first","8":"instock","9":"shipping-taxable","10":"product-type-simple"},"_links":{"self":[{"href":"https:\/\/uj.adatbank.ro\/lexikon\/wp-json\/wp\/v2\/product\/23594","targetHints":{"allow":["GET"]}}],"collection":[{"href":"https:\/\/uj.adatbank.ro\/lexikon\/wp-json\/wp\/v2\/product"}],"about":[{"href":"https:\/\/uj.adatbank.ro\/lexikon\/wp-json\/wp\/v2\/types\/product"}],"replies":[{"embeddable":true,"href":"https:\/\/uj.adatbank.ro\/lexikon\/wp-json\/wp\/v2\/comments?post=23594"}],"wp:attachment":[{"href":"https:\/\/uj.adatbank.ro\/lexikon\/wp-json\/wp\/v2\/media?parent=23594"}],"wp:term":[{"taxonomy":"product_brand","embeddable":true,"href":"https:\/\/uj.adatbank.ro\/lexikon\/wp-json\/wp\/v2\/product_brand?post=23594"},{"taxonomy":"product_cat","embeddable":true,"href":"https:\/\/uj.adatbank.ro\/lexikon\/wp-json\/wp\/v2\/product_cat?post=23594"},{"taxonomy":"product_tag","embeddable":true,"href":"https:\/\/uj.adatbank.ro\/lexikon\/wp-json\/wp\/v2\/product_tag?post=23594"}],"curies":[{"name":"wp","href":"https:\/\/api.w.org\/{rel}","templated":true}]}}

TÓTHFALUSI József, § Tóthfalussy József, Tótfalusi József

<p>Mv., 1869. okt. 21., † Mv., 1940. jún. 15.: ref. lelkész. – Apja: T. József (1836? – Mv., 1919. ápr. 30.). Testvérei: T. Károly, felesége Fodor Jolán; Sándor; Anna Marton Györgyné; Lóri Szakács Józsefné. Felesége: Kathonay Irén, K. Gyula kereskedő-földbirtokos és Petri Vilma leánya. (Esküvő: 1896. aug. 25.). – A mv.-i Ref. Koll.-ban érettségizett (1888. jún.), Nagyenyeden végezte a teológiát, a kv.-i és bp.-i egyetemen keleti nyelveket és jogot tanult. Lelkészképesítő szakvizsgát tett (1893. szept. 4.). Nagyenyeden kezdte tevékenységét: jurátus, hitoktató a ref. koll.-ban. Szász Domokos püspök titkára lett Kv.-on (1893–95). Tanulmányúton volt Svájcban és Ausztriában (1899), Németo., Svédo.-ban és Dániában (1907). Mv.-en az egyházközség vezető lelkésze (megválasztották 1895. szept. 29., felszentelték (1897–1937), a vártemplomi gyülekezet papja Vass Tamás után (†1899). A Ref. Koll.-ban tanár (1895–1903) és az elöljáróság tagja (1905–10); Kossuth Lajos születésének 100. évfordulóján tartott istentiszteleten beszédet mondott a vártemplomban (1902. szept. 25.). A ref. egyházközség főgondnokává választották Bernády Györgyöt (1904. okt. 23.). Restaurálták segítségével a Vártemplomot, megalapították a Közhasznú Takarékpénztár Rt.-t (1909), melynek célja a szegény iskolák és egyházak megsegítése volt. Városi törvényhatósági bizottságban tag (1910- ), javasolta Bolyai-emlékmúzeum létesítését a Közművelődési Házban. Számos egyházi tisztséget viselt, Marosi Egyházmegye esperesévé választották (1923. jún. 25.–1925. okt.), de két év múlva lemondott e tisztségről, az egyházközség és a szórványmisszió javára dolgozott nyugdíjazásáig (–1938). Vezetésével hatékony belmissziói munka folyt Mv.-en. Sokoldalú tevékenységet fejtett ki, volt zsinati tag, egyházkerületi tanácsbíró, városatya, tanügyi bizottsági tag, dalszövetségi elnök, fegyházlelkész. Szerkesztette a Marosvidék c. lapot (1896–98), cikkeit, tanulmányait közölte a bp.-i Egyházi és Irodalmi Lap, az Erdélyi Protestáns Közlöny, a Református Szemle, Hajnal, a Vasárnap, az Örömhír, amit szerkesztett is. A KZST elnöke (1910–28), majd tb. elnöke volt. Haláláig az irodalomnak élt. –  <strong>F. m..:</strong> Egységes liturgia a Magyar. ev. ref. egyházban (1904); A Berlini városi misszió (Kv., 1907); Képes Szent Biblia (Stuttgart, 1908, több művészi illusztrációval); Jézus élete a XX. Században (1940); Gyermekek a Bibliában (1940);  <strong>társsz.:</strong> Vass Tamás mv.-i ref. lelkész emlékezete (Mv., 1899); Molnár Albert emlékezete (Kv., 1901); Mv. és a háború (Mv., 1915);  <strong> szerk.:</strong> Meg van írva: Bibliai szentigék gyűjteménye &#8230; magyar nyelven feldolgozta és kiadta (Mv., 1928). <br /><strong>– Irod.:</strong> Ágoston Albert: Alkotásainkra, értékeinkre emlékezve (Nú., 1993. dec. 14.); Almanah Tg. M; Bernády; Berekméri Á. Róbert: Az egyházközség legkiválóbb lelkipásztorainak sorában említettik: T. J. (Vásárhelyi Hírlap, 2008. febr. 19.); Berekméri Árpád Róbert: T. J. (1869–1940) = Pál-Antal – Simon 2011; Chinezu, Ion: Csáky; Csekme; EM; Farczády; Gyászjelentő; Időtár 2; Időtár 3, Ki kicsoda?; Marosi-KZST; Molter; Mv. és a háború 1.; Mv. tört. 2.; Mv.-Balás; Nú. (2005. febr. 19); Osváth; Ökrös, Pál-Antal 2003; Pană; Szinnyei; T. J. nyugalomba vonul (Új Kezdet, 2010. aug., 8. sz.).</br></p>

<p>Mv., 1869. okt. 21., † Mv., 1940. jún. 15.: ref. lelkész. – Apja: T. József (1836? – Mv., 1919. ápr. 30.). Testvérei: T. Károly, felesége Fodor Jolán; Sándor; Anna Marton Györgyné; Lóri Szakács Józsefné. Felesége: Kathonay Irén, K. Gyula kereskedő-földbirtokos és Petri Vilma leánya. (Esküvő: 1896. aug. 25.). – A mv.-i Ref. Koll.-ban érettségizett (1888. [&hellip;]</p>
