{"id":23595,"date":"2025-08-01T17:33:52","date_gmt":"2025-08-01T15:33:52","guid":{"rendered":"https:\/\/uj.adatbank.ro\/lexikon\/termek\/tothfalusi-karoly\/"},"modified":"2025-08-01T17:33:52","modified_gmt":"2025-08-01T15:33:52","slug":"tothfalusi-karoly","status":"publish","type":"product","link":"https:\/\/uj.adatbank.ro\/lexikon\/termek\/tothfalusi-karoly\/","title":{"rendered":"T\u00d3THFALUSI K\u00e1roly"},"content":{"rendered":"<p>? \u2020 ?: m\u0171b\u00fatorasztalos, \u00e9p\u00edtkez\u00e9si v\u00e1llalkoz\u00f3. \u2013 V\u00e1llalkoz\u00f3 iparos Mv.-en (19\/ 20. sz.). Az \u00c9p\u00edt\u0151iparosok Egyes\u00fclet\u00e9nek eln\u00f6ke (1919\u2013) <br \/><strong>\u2013 Irod.:<\/strong> Keresztes Gyula: A szecesszi\u00f3 Mv.-en 2.(N\u00fa., 1991. j\u00fal. 13.).<\/br><\/p>\n","protected":false},"excerpt":{"rendered":"<p>? \u2020 ?: m\u0171b\u00fatorasztalos, \u00e9p\u00edtkez\u00e9si v\u00e1llalkoz\u00f3. \u2013 V\u00e1llalkoz\u00f3 iparos Mv.-en (19\/ 20. sz.). Az \u00c9p\u00edt\u0151iparosok Egyes\u00fclet\u00e9nek eln\u00f6ke (1919\u2013) \u2013 Irod.: Keresztes Gyula: A szecesszi\u00f3 Mv.-en 2.(N\u00fa., 1991. j\u00fal. 13.).<\/p>\n","protected":false},"featured_media":0,"comment_status":"open","ping_status":"closed","template":"","meta":[],"product_brand":[],"product_cat":[137],"product_tag":[],"class_list":{"0":"post-23595","1":"product","2":"type-product","3":"status-publish","5":"product_cat-maros-megyei-eletrajzi-lexikon","7":"first","8":"instock","9":"shipping-taxable","10":"product-type-simple"},"_links":{"self":[{"href":"https:\/\/uj.adatbank.ro\/lexikon\/wp-json\/wp\/v2\/product\/23595","targetHints":{"allow":["GET"]}}],"collection":[{"href":"https:\/\/uj.adatbank.ro\/lexikon\/wp-json\/wp\/v2\/product"}],"about":[{"href":"https:\/\/uj.adatbank.ro\/lexikon\/wp-json\/wp\/v2\/types\/product"}],"replies":[{"embeddable":true,"href":"https:\/\/uj.adatbank.ro\/lexikon\/wp-json\/wp\/v2\/comments?post=23595"}],"wp:attachment":[{"href":"https:\/\/uj.adatbank.ro\/lexikon\/wp-json\/wp\/v2\/media?parent=23595"}],"wp:term":[{"taxonomy":"product_brand","embeddable":true,"href":"https:\/\/uj.adatbank.ro\/lexikon\/wp-json\/wp\/v2\/product_brand?post=23595"},{"taxonomy":"product_cat","embeddable":true,"href":"https:\/\/uj.adatbank.ro\/lexikon\/wp-json\/wp\/v2\/product_cat?post=23595"},{"taxonomy":"product_tag","embeddable":true,"href":"https:\/\/uj.adatbank.ro\/lexikon\/wp-json\/wp\/v2\/product_tag?post=23595"}],"curies":[{"name":"wp","href":"https:\/\/api.w.org\/{rel}","templated":true}]}}