{"id":23598,"date":"2025-08-01T17:34:01","date_gmt":"2025-08-01T15:34:01","guid":{"rendered":"https:\/\/uj.adatbank.ro\/lexikon\/termek\/tothfalusi-sandor\/"},"modified":"2025-08-01T17:34:01","modified_gmt":"2025-08-01T15:34:01","slug":"tothfalusi-sandor","status":"publish","type":"product","link":"https:\/\/uj.adatbank.ro\/lexikon\/termek\/tothfalusi-sandor\/","title":{"rendered":"T\u00d3THFALUSI S\u00e1ndor"},"content":{"rendered":"<p>Mv., 1878., \u2020 ?: szab\u00f3. \u2013 K\u00f6z\u00e9piskol\u00e1t v\u00e9gzett, majd szab\u00e1szatot tanult, Els\u0151k k\u00f6z\u00f6tt volt, akik k\u00fclf\u00f6ldre mentek iparuk t\u00f6k\u00e9letes elsaj\u00e1t\u00edt\u00e1sa v\u00e9gett: Bp.-en majd 9 \u00e9vig N\u00e9meto.-ban dolgozott, k\u00f6zben Berlinben elv\u00e9gezte a szab\u00e1szati szakiskol\u00e1t (1904). Gazdag tapaszalatokkal, szaktud\u00e1ssal, t\u00e1rsadalmi szervez\u0151k\u00e9pess\u00e9ggel haza t\u00e9rve Mv.-en \u00f6n\u00e1ll\u00f3 m\u0171helyt nyitott (1910). A mv.-i szab\u00f3k szakszervezet\u00e9nek \u00e9s a szab\u00f3mesterek \u00e1rucsarnok\u00e1nak eln\u00f6ke, a magyar iparosegylet v\u00e1l. tagja \u00e9s t\u00f6bb t\u00e1rsadalmi \u00e9s kultur\u00e1lis egyes\u00fclet v\u00e1lasztm\u00e1nyi tagja volt. <br \/><strong>\u2013 Irod.:<\/strong> Ki kicsoda?; \u00d6kr\u00f6s.<\/br><\/p>\n","protected":false},"excerpt":{"rendered":"<p>Mv., 1878., \u2020 ?: szab\u00f3. \u2013 K\u00f6z\u00e9piskol\u00e1t v\u00e9gzett, majd szab\u00e1szatot tanult, Els\u0151k k\u00f6z\u00f6tt volt, akik k\u00fclf\u00f6ldre mentek iparuk t\u00f6k\u00e9letes elsaj\u00e1t\u00edt\u00e1sa v\u00e9gett: Bp.-en majd 9 \u00e9vig N\u00e9meto.-ban dolgozott, k\u00f6zben Berlinben elv\u00e9gezte a szab\u00e1szati szakiskol\u00e1t (1904). Gazdag tapaszalatokkal, szaktud\u00e1ssal, t\u00e1rsadalmi szervez\u0151k\u00e9pess\u00e9ggel haza t\u00e9rve Mv.-en \u00f6n\u00e1ll\u00f3 m\u0171helyt nyitott (1910). A mv.-i szab\u00f3k szakszervezet\u00e9nek \u00e9s a szab\u00f3mesterek \u00e1rucsarnok\u00e1nak eln\u00f6ke, [&hellip;]<\/p>\n","protected":false},"featured_media":0,"comment_status":"open","ping_status":"closed","template":"","meta":[],"product_brand":[],"product_cat":[137],"product_tag":[],"class_list":{"0":"post-23598","1":"product","2":"type-product","3":"status-publish","5":"product_cat-maros-megyei-eletrajzi-lexikon","7":"first","8":"instock","9":"shipping-taxable","10":"product-type-simple"},"_links":{"self":[{"href":"https:\/\/uj.adatbank.ro\/lexikon\/wp-json\/wp\/v2\/product\/23598","targetHints":{"allow":["GET"]}}],"collection":[{"href":"https:\/\/uj.adatbank.ro\/lexikon\/wp-json\/wp\/v2\/product"}],"about":[{"href":"https:\/\/uj.adatbank.ro\/lexikon\/wp-json\/wp\/v2\/types\/product"}],"replies":[{"embeddable":true,"href":"https:\/\/uj.adatbank.ro\/lexikon\/wp-json\/wp\/v2\/comments?post=23598"}],"wp:attachment":[{"href":"https:\/\/uj.adatbank.ro\/lexikon\/wp-json\/wp\/v2\/media?parent=23598"}],"wp:term":[{"taxonomy":"product_brand","embeddable":true,"href":"https:\/\/uj.adatbank.ro\/lexikon\/wp-json\/wp\/v2\/product_brand?post=23598"},{"taxonomy":"product_cat","embeddable":true,"href":"https:\/\/uj.adatbank.ro\/lexikon\/wp-json\/wp\/v2\/product_cat?post=23598"},{"taxonomy":"product_tag","embeddable":true,"href":"https:\/\/uj.adatbank.ro\/lexikon\/wp-json\/wp\/v2\/product_tag?post=23598"}],"curies":[{"name":"wp","href":"https:\/\/api.w.org\/{rel}","templated":true}]}}

TÓTHFALUSI Sándor

<p>Mv., 1878., † ?: szabó. – Középiskolát végzett, majd szabászatot tanult, Elsők között volt, akik külföldre mentek iparuk tökéletes elsajátítása végett: Bp.-en majd 9 évig Németo.-ban dolgozott, közben Berlinben elvégezte a szabászati szakiskolát (1904). Gazdag tapaszalatokkal, szaktudással, társadalmi szervezőképességgel haza térve Mv.-en önálló műhelyt nyitott (1910). A mv.-i szabók szakszervezetének és a szabómesterek árucsarnokának elnöke, a magyar iparosegylet vál. tagja és több társadalmi és kulturális egyesület választmányi tagja volt. <br /><strong>– Irod.:</strong> Ki kicsoda?; Ökrös.</br></p>

<p>Mv., 1878., † ?: szabó. – Középiskolát végzett, majd szabászatot tanult, Elsők között volt, akik külföldre mentek iparuk tökéletes elsajátítása végett: Bp.-en majd 9 évig Németo.-ban dolgozott, közben Berlinben elvégezte a szabászati szakiskolát (1904). Gazdag tapaszalatokkal, szaktudással, társadalmi szervezőképességgel haza térve Mv.-en önálló műhelyt nyitott (1910). A mv.-i szabók szakszervezetének és a szabómesterek árucsarnokának elnöke, [&hellip;]</p>
