{"id":23599,"date":"2025-08-01T17:34:04","date_gmt":"2025-08-01T15:34:04","guid":{"rendered":"https:\/\/uj.adatbank.ro\/lexikon\/termek\/toth-pall-jozsef-%c2%a7-totyi\/"},"modified":"2025-08-01T17:34:04","modified_gmt":"2025-08-01T15:34:04","slug":"toth-pall-jozsef-%c2%a7-totyi","status":"publish","type":"product","link":"https:\/\/uj.adatbank.ro\/lexikon\/termek\/toth-pall-jozsef-%c2%a7-totyi\/","title":{"rendered":"T\u00d3TH-P\u00c1LL J\u00f3zsef, \u00a7 Totyi"},"content":{"rendered":"<p>1917., \u2020 Mv., 2001. nov. 11.: v\u00e1rosi tisztvisel\u0151, fogtechnikus, \u00fasz\u00f3, v\u00edzilabd\u00e1z\u00f3, korcsoly\u00e1z\u00f3, edz\u0151. \u2013 A Mv.-i II. Fog\u00e1szat laborat\u00f3rium\u00e1ban dolgozott. Sportszerepl\u00e9s\u00e9t Aradon kezdte (1931). Mv.-en \u00e9lt (1933\u2013), ahol az orsz\u00e1g els\u0151 versenyk\u00e9pes \u00fasz\u00f3medenc\u00e9je \u00e9p\u00fclt (a mai Voin\u0163a strand), \u00e9s ahol az els\u0151 nemzetk\u00f6zi \u00fasz\u00f3versenyt is megrendezt\u00e9k (1923). Tagja, majd bajnoka az MSE \u00fasz\u00f3szakoszt\u00e1lynak; a 100 \u00e9s 200 m\u00e9teres gyors\u00fasz\u00e1s orsz\u00e1gos bajnoka (1934, 1935), II. helyezett (1936); v\u00e1lt\u00f3ban rom\u00e1n bajnok (1933\u201340). Mo.-on szerezte meg az edz\u0151i enged\u00e9ly\u00e9t (1941). A rom\u00e1n \u00fasz\u00f3v\u00e1logatott edz\u0151je (1956\u201370), az olimpiai j\u00e1t\u00e9kokon r\u00e9sztvev\u0151 legjobb \u00fasz\u00f3k dolgoztak a keze alatt, tan\u00edtv\u00e1nyai k\u00f6z\u00f6tt volt: M\u00e9der K\u00e1roly, Both M\u00e1ria, Both S\u00e1ndor, Csisz\u00e9r Ern\u0151, Szabados Zolt\u00e1n, Klosz M\u00e1ria, Kov\u00e1cs Albert, Nagy D\u00e9nes, Benedek Istv\u00e1n. T\u00f6bbsz\u00f6r volt a rom\u00e1n v\u00e1logatott edz\u0151je, r\u00e9szt vett a Melbourne-i olimpi\u00e1n (1956), az Eur\u00f3pa bajnoks\u00e1gon (1958, 1964), a Balk\u00e1n-bajnoks\u00e1gon (1969). Mv. \u00fasz\u00f3sportj\u00e1nak megalapoz\u00f3ja tisztelet\u00e9re a mv.-i nemzetk\u00f6zi Maros kupa \u00fasz\u00f3verseny keret\u00e9ben T. P. J. eml\u00e9ksz\u00e1mot rendeztek 200 m vegyes\u00fasz\u00e1sban (2002). <br \/><strong>\u2013 Irod.:<\/strong> N\u00fa. (2001. nov. 15; 2002 m\u00e1j. 7.); Pluh\u00e1r; R. K.: Egy edz\u0151 portr\u00e9ja (V. Z., 1969. okt. 21.); Ra\u0163iu: Sportul mure\u015fan; T.-P. J. \u00fasz\u00f3edz\u0151 (N\u00fa., 2000. aug. 7.).<\/br><\/p>\n","protected":false},"excerpt":{"rendered":"<p>1917., \u2020 Mv., 2001. nov. 11.: v\u00e1rosi tisztvisel\u0151, fogtechnikus, \u00fasz\u00f3, v\u00edzilabd\u00e1z\u00f3, korcsoly\u00e1z\u00f3, edz\u0151. \u2013 A Mv.-i II. Fog\u00e1szat laborat\u00f3rium\u00e1ban dolgozott. Sportszerepl\u00e9s\u00e9t Aradon kezdte (1931). Mv.-en \u00e9lt (1933\u2013), ahol az orsz\u00e1g els\u0151 versenyk\u00e9pes \u00fasz\u00f3medenc\u00e9je \u00e9p\u00fclt (a mai Voin\u0163a strand), \u00e9s ahol az els\u0151 nemzetk\u00f6zi \u00fasz\u00f3versenyt is megrendezt\u00e9k (1923). Tagja, majd bajnoka az MSE \u00fasz\u00f3szakoszt\u00e1lynak; a 100 [&hellip;]<\/p>\n","protected":false},"featured_media":0,"comment_status":"open","ping_status":"closed","template":"","meta":[],"product_brand":[],"product_cat":[137],"product_tag":[],"class_list":{"0":"post-23599","1":"product","2":"type-product","3":"status-publish","5":"product_cat-maros-megyei-eletrajzi-lexikon","7":"first","8":"instock","9":"shipping-taxable","10":"product-type-simple"},"_links":{"self":[{"href":"https:\/\/uj.adatbank.ro\/lexikon\/wp-json\/wp\/v2\/product\/23599","targetHints":{"allow":["GET"]}}],"collection":[{"href":"https:\/\/uj.adatbank.ro\/lexikon\/wp-json\/wp\/v2\/product"}],"about":[{"href":"https:\/\/uj.adatbank.ro\/lexikon\/wp-json\/wp\/v2\/types\/product"}],"replies":[{"embeddable":true,"href":"https:\/\/uj.adatbank.ro\/lexikon\/wp-json\/wp\/v2\/comments?post=23599"}],"wp:attachment":[{"href":"https:\/\/uj.adatbank.ro\/lexikon\/wp-json\/wp\/v2\/media?parent=23599"}],"wp:term":[{"taxonomy":"product_brand","embeddable":true,"href":"https:\/\/uj.adatbank.ro\/lexikon\/wp-json\/wp\/v2\/product_brand?post=23599"},{"taxonomy":"product_cat","embeddable":true,"href":"https:\/\/uj.adatbank.ro\/lexikon\/wp-json\/wp\/v2\/product_cat?post=23599"},{"taxonomy":"product_tag","embeddable":true,"href":"https:\/\/uj.adatbank.ro\/lexikon\/wp-json\/wp\/v2\/product_tag?post=23599"}],"curies":[{"name":"wp","href":"https:\/\/api.w.org\/{rel}","templated":true}]}}

TÓTH-PÁLL József, § Totyi

<p>1917., † Mv., 2001. nov. 11.: városi tisztviselő, fogtechnikus, úszó, vízilabdázó, korcsolyázó, edző. – A Mv.-i II. Fogászat laboratóriumában dolgozott. Sportszereplését Aradon kezdte (1931). Mv.-en élt (1933–), ahol az ország első versenyképes úszómedencéje épült (a mai Voinţa strand), és ahol az első nemzetközi úszóversenyt is megrendezték (1923). Tagja, majd bajnoka az MSE úszószakosztálynak; a 100 és 200 méteres gyorsúszás országos bajnoka (1934, 1935), II. helyezett (1936); váltóban román bajnok (1933–40). Mo.-on szerezte meg az edzői engedélyét (1941). A román úszóválogatott edzője (1956–70), az olimpiai játékokon résztvevő legjobb úszók dolgoztak a keze alatt, tanítványai között volt: Méder Károly, Both Mária, Both Sándor, Csiszér Ernő, Szabados Zoltán, Klosz Mária, Kovács Albert, Nagy Dénes, Benedek István. Többször volt a román válogatott edzője, részt vett a Melbourne-i olimpián (1956), az Európa bajnokságon (1958, 1964), a Balkán-bajnokságon (1969). Mv. úszósportjának megalapozója tiszteletére a mv.-i nemzetközi Maros kupa úszóverseny keretében T. P. J. emlékszámot rendeztek 200 m vegyesúszásban (2002). <br /><strong>– Irod.:</strong> Nú. (2001. nov. 15; 2002 máj. 7.); Pluhár; R. K.: Egy edző portréja (V. Z., 1969. okt. 21.); Raţiu: Sportul mureşan; T.-P. J. úszóedző (Nú., 2000. aug. 7.).</br></p>

<p>1917., † Mv., 2001. nov. 11.: városi tisztviselő, fogtechnikus, úszó, vízilabdázó, korcsolyázó, edző. – A Mv.-i II. Fogászat laboratóriumában dolgozott. Sportszereplését Aradon kezdte (1931). Mv.-en élt (1933–), ahol az ország első versenyképes úszómedencéje épült (a mai Voinţa strand), és ahol az első nemzetközi úszóversenyt is megrendezték (1923). Tagja, majd bajnoka az MSE úszószakosztálynak; a 100 [&hellip;]</p>
