{"id":23601,"date":"2025-08-01T17:34:09","date_gmt":"2025-08-01T15:34:09","guid":{"rendered":"https:\/\/uj.adatbank.ro\/lexikon\/termek\/totosi-matyas\/"},"modified":"2025-08-01T17:34:09","modified_gmt":"2025-08-01T15:34:09","slug":"totosi-matyas","status":"publish","type":"product","link":"https:\/\/uj.adatbank.ro\/lexikon\/termek\/totosi-matyas\/","title":{"rendered":"T\u00d6T\u00d6SI M\u00e1ty\u00e1s"},"content":{"rendered":"<p>? \u2020 ?: orgonista. \u2013 tan\u00edtott a mv.-i pl\u00e9b\u00e1ni\u00e1lis iskol\u00e1ban vil\u00e1gi tant\u00e1rgyak keret\u00e9ben zen\u00e9t (16. sz. eleje). <br \/><strong>\u2013 Irod.:<\/strong> Kr\u00f3n F\u00fcz. (1937. 2\/6).<\/br><\/p>\n","protected":false},"excerpt":{"rendered":"<p>? \u2020 ?: orgonista. \u2013 tan\u00edtott a mv.-i pl\u00e9b\u00e1ni\u00e1lis iskol\u00e1ban vil\u00e1gi tant\u00e1rgyak keret\u00e9ben zen\u00e9t (16. sz. eleje). \u2013 Irod.: Kr\u00f3n F\u00fcz. (1937. 2\/6).<\/p>\n","protected":false},"featured_media":0,"comment_status":"open","ping_status":"closed","template":"","meta":[],"product_brand":[],"product_cat":[137],"product_tag":[],"class_list":{"0":"post-23601","1":"product","2":"type-product","3":"status-publish","5":"product_cat-maros-megyei-eletrajzi-lexikon","7":"first","8":"instock","9":"shipping-taxable","10":"product-type-simple"},"_links":{"self":[{"href":"https:\/\/uj.adatbank.ro\/lexikon\/wp-json\/wp\/v2\/product\/23601","targetHints":{"allow":["GET"]}}],"collection":[{"href":"https:\/\/uj.adatbank.ro\/lexikon\/wp-json\/wp\/v2\/product"}],"about":[{"href":"https:\/\/uj.adatbank.ro\/lexikon\/wp-json\/wp\/v2\/types\/product"}],"replies":[{"embeddable":true,"href":"https:\/\/uj.adatbank.ro\/lexikon\/wp-json\/wp\/v2\/comments?post=23601"}],"wp:attachment":[{"href":"https:\/\/uj.adatbank.ro\/lexikon\/wp-json\/wp\/v2\/media?parent=23601"}],"wp:term":[{"taxonomy":"product_brand","embeddable":true,"href":"https:\/\/uj.adatbank.ro\/lexikon\/wp-json\/wp\/v2\/product_brand?post=23601"},{"taxonomy":"product_cat","embeddable":true,"href":"https:\/\/uj.adatbank.ro\/lexikon\/wp-json\/wp\/v2\/product_cat?post=23601"},{"taxonomy":"product_tag","embeddable":true,"href":"https:\/\/uj.adatbank.ro\/lexikon\/wp-json\/wp\/v2\/product_tag?post=23601"}],"curies":[{"name":"wp","href":"https:\/\/api.w.org\/{rel}","templated":true}]}}