{"id":23610,"date":"2025-08-01T17:34:31","date_gmt":"2025-08-01T15:34:31","guid":{"rendered":"https:\/\/uj.adatbank.ro\/lexikon\/termek\/tovissi-daniel\/"},"modified":"2025-08-01T17:34:31","modified_gmt":"2025-08-01T15:34:31","slug":"tovissi-daniel","status":"publish","type":"product","link":"https:\/\/uj.adatbank.ro\/lexikon\/termek\/tovissi-daniel\/","title":{"rendered":"T\u00d6VISSI D\u00e1niel"},"content":{"rendered":"<p>? \u2020 ?: f\u00f6ldbirtokos. \u2013 Feles\u00e9ge: Szentp\u00e1li Judit, \u00e1ltala s\u00f6v\u00e9nyfalvi \u00e9s \u00e1d\u00e1mosi birtokot szerzett. Szentp\u00e1li Judit \u00e9s testv\u00e9re, Zsuzsanna az anyai \u0151si vagyonon osztozott a S\u00f6v\u00e9nyfalv\u00e1n \u00e9s a hozz\u00e1tartoz\u00f3 \u00e1d\u00e1mosi \u00e9s domb\u00f3i r\u00e9szeken (1677). A s\u00f6v\u00e9nyfalvi ref. templomnak \u00f3n kann\u00e1t adom\u00e1nyozott (1676 ut\u00e1n) \u00e9s az \u00e1d\u00e1mosi egyh\u00e1znak keny\u00e9roszt\u00f3 t\u00e1ny\u00e9rt (1706). <br \/><strong>\u2013 Irod.:<\/strong> K\u00fck\u00fcll\u0151i Ref. Egyh\u00e1zm. 2., 4.<\/br><\/p>\n","protected":false},"excerpt":{"rendered":"<p>? \u2020 ?: f\u00f6ldbirtokos. \u2013 Feles\u00e9ge: Szentp\u00e1li Judit, \u00e1ltala s\u00f6v\u00e9nyfalvi \u00e9s \u00e1d\u00e1mosi birtokot szerzett. Szentp\u00e1li Judit \u00e9s testv\u00e9re, Zsuzsanna az anyai \u0151si vagyonon osztozott a S\u00f6v\u00e9nyfalv\u00e1n \u00e9s a hozz\u00e1tartoz\u00f3 \u00e1d\u00e1mosi \u00e9s domb\u00f3i r\u00e9szeken (1677). A s\u00f6v\u00e9nyfalvi ref. templomnak \u00f3n kann\u00e1t adom\u00e1nyozott (1676 ut\u00e1n) \u00e9s az \u00e1d\u00e1mosi egyh\u00e1znak keny\u00e9roszt\u00f3 t\u00e1ny\u00e9rt (1706). \u2013 Irod.: K\u00fck\u00fcll\u0151i Ref. Egyh\u00e1zm. [&hellip;]<\/p>\n","protected":false},"featured_media":0,"comment_status":"open","ping_status":"closed","template":"","meta":[],"product_brand":[],"product_cat":[137],"product_tag":[],"class_list":{"0":"post-23610","1":"product","2":"type-product","3":"status-publish","5":"product_cat-maros-megyei-eletrajzi-lexikon","7":"first","8":"instock","9":"shipping-taxable","10":"product-type-simple"},"_links":{"self":[{"href":"https:\/\/uj.adatbank.ro\/lexikon\/wp-json\/wp\/v2\/product\/23610","targetHints":{"allow":["GET"]}}],"collection":[{"href":"https:\/\/uj.adatbank.ro\/lexikon\/wp-json\/wp\/v2\/product"}],"about":[{"href":"https:\/\/uj.adatbank.ro\/lexikon\/wp-json\/wp\/v2\/types\/product"}],"replies":[{"embeddable":true,"href":"https:\/\/uj.adatbank.ro\/lexikon\/wp-json\/wp\/v2\/comments?post=23610"}],"wp:attachment":[{"href":"https:\/\/uj.adatbank.ro\/lexikon\/wp-json\/wp\/v2\/media?parent=23610"}],"wp:term":[{"taxonomy":"product_brand","embeddable":true,"href":"https:\/\/uj.adatbank.ro\/lexikon\/wp-json\/wp\/v2\/product_brand?post=23610"},{"taxonomy":"product_cat","embeddable":true,"href":"https:\/\/uj.adatbank.ro\/lexikon\/wp-json\/wp\/v2\/product_cat?post=23610"},{"taxonomy":"product_tag","embeddable":true,"href":"https:\/\/uj.adatbank.ro\/lexikon\/wp-json\/wp\/v2\/product_tag?post=23610"}],"curies":[{"name":"wp","href":"https:\/\/api.w.org\/{rel}","templated":true}]}}