{"id":23612,"date":"2025-08-01T17:34:36","date_gmt":"2025-08-01T15:34:36","guid":{"rendered":"https:\/\/uj.adatbank.ro\/lexikon\/termek\/tovissi-jozsef-iosif\/"},"modified":"2025-08-01T17:34:36","modified_gmt":"2025-08-01T15:34:36","slug":"tovissi-jozsef-iosif","status":"publish","type":"product","link":"https:\/\/uj.adatbank.ro\/lexikon\/termek\/tovissi-jozsef-iosif\/","title":{"rendered":"T\u00d6VISSI J\u00f3zsef, Iosif"},"content":{"rendered":"<p>Sz\u00e9kelykakasd, 1927. j\u00fan. 13., \u2020 ?: f\u00f6ldrajztan\u00e1r. \u2013 K\u00f6z\u00e9piskolai tanulm\u00e1nyait Mv.-en a K\u0151r\u00f6si Csoma S\u00e1ndor polg\u00e1ri Fi\u00faiskol\u00e1ban (1944) \u00e9s a kereskedelmi gimn\u00e1ziumban \u00e9retts\u00e9gizett (1948), majd Kv.-on a BTE Geol\u00f3gia-F\u00f6ldrajz Kar\u00e1n szerzett diplom\u00e1t (1952); a f\u00f6ldrajz- tudom\u00e1nyok doktora, a Fels\u0151-Olt medenc\u00e9j\u00e9nek domborzat\u00e1r\u00f3l \u00edrta \u00e9rtekez\u00e9s\u00e9t (1978). Egyetemi p\u00e1lyafut\u00e1sa Kv.-hoz kapcsol\u00f3dott: egyetemi tan\u00e1rseg\u00e9d a BBTE Fizikai F\u00f6ldrajz Tansz\u00e9k\u00e9n (1958\u201389); adjunktus (1989\u2013), el\u0151ad\u00f3tan\u00e1r majd nyugd\u00edjas megh\u00edvott el\u0151ad\u00f3 docens (1991\u2013). A m. csoportok felsz\u00e1mol\u00e1sa ut\u00e1n, az 1960-as \u00e9vekt\u0151l csak rom\u00e1n nyelven tan\u00edtott. Oktat\u00f3i tev\u00e9kenys\u00e9ge alatt 18 f\u00f6ldrajzi tant\u00e1rgyat tan\u00edtott, megszervezte \u00e9s m\u0171szerekkel l\u00e1tta el a f\u00f6ldrajzi tansz\u00e9k \u00fcled\u00e9k-vizsg\u00e1lati \u00e9s l\u00e9gif\u00e9nyk\u00e9p-\u00e9rtelmez\u00e9si laborat\u00f3rium\u00e1t K\u00e9t \u00faj tant\u00e1rgy el\u0151ad\u00e1s\u00e1t kezdem\u00e9nyezte: f\u00f6ldrajz l\u00e9gif\u00e9nyk\u00e9p-\u00e9rtelmez\u00e9s; a term\u00e9szeti f\u00f6ldrajz kutat\u00e1s\u00e1nak m\u00f3dszertana. Gazdas\u00e1gi \u00e9s n\u00e9pess\u00e9g f\u00f6ldrajz, \u00e1ltal\u00e1nos f\u00f6ldrajz tank\u00f6nyveket \u00edrt m\u00e1sokkal (1980\u201386) Kutat\u00e1si ter\u00fclete: a geomorfol\u00f3gia, a f\u00f6ldfelsz\u00edn form\u00e1i, t\u00e1j\u00e9rt\u00e9kel\u00e9s. A Bolyai T\u00e1rsas\u00e1g tagja (1990\u2013). Sz\u00e1mos tudom\u00e1nyos dolgozat\u00e1t \u00e9s ismeretterjeszt\u0151 \u00edr\u00e1s\u00e1t k\u00f6z\u00f6lte a Studia Universitatum Babes-Bolyai, Aluta, F\u00f6ldrajzi K\u00f6zlem\u00e9nyek, az EME K\u00f6zlem\u00e9nyei, Terra, Studia, Contribu\u0163ii Botanice, Probleme de Geografie Aplicat\u0103, Korunk, A H\u00e9t, M\u0171vel\u0151d\u00e9s, Csal\u00e1di T\u00fck\u00f6r, G\u00e9niusz, TETT, Szabads\u00e1g, Sz\u00e9kelyf\u00f6ld F\u00f6ldrajzi K\u00f6zlem\u00e9nyek, M\u00fazeumi F\u00fczetek, Studia, Terra. A MTA k\u00f6ztest\u00fcleti tagja, a M. F\u00f6ldrajzi T\u00e1rsas\u00e1g tiszteleti tagja, az EKE eln\u00f6ke (1990\u201392). \u2013  <strong>F. m..:<\/strong> \u00cendrum\u0103tor \u00een cercet\u0103ri de geomorfologie: Metode sedimentologice. (Cluj, 1970.); \u00d6kol\u00f3giai tanulm\u00e1nyok (Buk., 1980.); Erd\u00e9ly term\u00e9szetf\u00f6ldrajza (Ny\u00edregyh\u00e1za, 1993); K\u00f6dl\u00e1mpa (Balatonbogl\u00e1r-Bp., 1997); Az Olt foly\u00f3 a K\u00e1rp\u00e1t-medenc\u00e9ben (Kv., 2006);  <strong>t\u00e1rssz.:<\/strong> Simpozionul de palinologie .1970. Cluj (Buc., 1970.); \u00cendrum\u0103tor \u00een cercet\u0103ri de geomorfologie (Kv., 1972); Viile \u015fi vinurile din Transilvania (Buk., 1975); Hargita megye term\u00e9szet- \u00e9s k\u00f6rnyezetv\u00e9delm\u00e9nek id\u0151szer\u0171 k\u00e9rd\u00e9sei (Cs\u00edkszereda, 1979); Aerofotointerpretare geografic\u0103 (Ion Donisa-, Grigore Mihail-lal, Ia\u015fi, 1979, Buk., 1980); Rom\u00e1niai magyar irodalmi lexikon.1\u20133 k. (Buk., 1981- 2010); M\u0171eml\u00e9kv\u00e9delem \u00e9s k\u00f6rnyezetv\u00e9delem (Szov\u00e1ta, 1997); Gazdas\u00e1g \u2013 Eur\u00f3r\u00e9gi\u00f3k (Kv., 1999); A Keleti K\u00e1rp\u00e1tok \u00e1sv\u00e1nyvizeir\u0151l \u00e9s gy\u00f3gyf\u00fcrd\u0151ir\u0151l (Ny\u00edregyh\u00e1za, 2000);  <strong>ford.:<\/strong> \u00d6kol\u00f3giai tanulm\u00e1nyok (Buk., 1980), Gazdas\u00e1gi \u00e9s n\u00e9pess\u00e9gf\u00f6ldrajz (Buk., 1982.); \u00c1ltal\u00e1nos f\u00f6ldrajz \u00e9s f\u00f6ldtan (Buk., 1983.); \u00c1ltal\u00e1nos term\u00e9szeti f\u00f6ldrajz (Buk., 1994.); F\u00f6ldrajzi m\u00fazeumi tanulm\u00e1nyok 10. (Bp., 1991). <br \/><strong>\u2013 Irod.:<\/strong> Clujeni ai sec. 20; KKACs; Magy. kutat\u00f3k; Ol\u00e1h-G\u00e1l Elvira: \u201e\u00c9letemben minden munk\u00e1nak \u00e9s eredm\u00e9nynek \u00f6r\u00fcltem&#8230;\u201d (Sz\u00e9kelyf\u00f6ld, 2001. j\u00fal., 7. sz.); R\u00e9thy\u2013\u00dajv\u00e1ri\u2013V\u00e1czi; RMIL; Sz\u00e9kelykakasd; Tizenk\u00e9t \u00e9v; Todea.<\/br><\/p>\n","protected":false},"excerpt":{"rendered":"<p>Sz\u00e9kelykakasd, 1927. j\u00fan. 13., \u2020 ?: f\u00f6ldrajztan\u00e1r. \u2013 K\u00f6z\u00e9piskolai tanulm\u00e1nyait Mv.-en a K\u0151r\u00f6si Csoma S\u00e1ndor polg\u00e1ri Fi\u00faiskol\u00e1ban (1944) \u00e9s a kereskedelmi gimn\u00e1ziumban \u00e9retts\u00e9gizett (1948), majd Kv.-on a BTE Geol\u00f3gia-F\u00f6ldrajz Kar\u00e1n szerzett diplom\u00e1t (1952); a f\u00f6ldrajz- tudom\u00e1nyok doktora, a Fels\u0151-Olt medenc\u00e9j\u00e9nek domborzat\u00e1r\u00f3l \u00edrta \u00e9rtekez\u00e9s\u00e9t (1978). Egyetemi p\u00e1lyafut\u00e1sa Kv.-hoz kapcsol\u00f3dott: egyetemi tan\u00e1rseg\u00e9d a BBTE Fizikai F\u00f6ldrajz Tansz\u00e9k\u00e9n [&hellip;]<\/p>\n","protected":false},"featured_media":0,"comment_status":"open","ping_status":"closed","template":"","meta":[],"product_brand":[],"product_cat":[137],"product_tag":[],"class_list":{"0":"post-23612","1":"product","2":"type-product","3":"status-publish","5":"product_cat-maros-megyei-eletrajzi-lexikon","7":"first","8":"instock","9":"shipping-taxable","10":"product-type-simple"},"_links":{"self":[{"href":"https:\/\/uj.adatbank.ro\/lexikon\/wp-json\/wp\/v2\/product\/23612","targetHints":{"allow":["GET"]}}],"collection":[{"href":"https:\/\/uj.adatbank.ro\/lexikon\/wp-json\/wp\/v2\/product"}],"about":[{"href":"https:\/\/uj.adatbank.ro\/lexikon\/wp-json\/wp\/v2\/types\/product"}],"replies":[{"embeddable":true,"href":"https:\/\/uj.adatbank.ro\/lexikon\/wp-json\/wp\/v2\/comments?post=23612"}],"wp:attachment":[{"href":"https:\/\/uj.adatbank.ro\/lexikon\/wp-json\/wp\/v2\/media?parent=23612"}],"wp:term":[{"taxonomy":"product_brand","embeddable":true,"href":"https:\/\/uj.adatbank.ro\/lexikon\/wp-json\/wp\/v2\/product_brand?post=23612"},{"taxonomy":"product_cat","embeddable":true,"href":"https:\/\/uj.adatbank.ro\/lexikon\/wp-json\/wp\/v2\/product_cat?post=23612"},{"taxonomy":"product_tag","embeddable":true,"href":"https:\/\/uj.adatbank.ro\/lexikon\/wp-json\/wp\/v2\/product_tag?post=23612"}],"curies":[{"name":"wp","href":"https:\/\/api.w.org\/{rel}","templated":true}]}}