{"id":23616,"date":"2025-08-01T17:34:48","date_gmt":"2025-08-01T15:34:48","guid":{"rendered":"https:\/\/uj.adatbank.ro\/lexikon\/termek\/tovissy-odon-hagymasbodoni\/"},"modified":"2025-08-01T17:34:48","modified_gmt":"2025-08-01T15:34:48","slug":"tovissy-odon-hagymasbodoni","status":"publish","type":"product","link":"https:\/\/uj.adatbank.ro\/lexikon\/termek\/tovissy-odon-hagymasbodoni\/","title":{"rendered":"T\u00d6VISSY \u00d6d\u00f6n, hagym\u00e1sbodoni"},"content":{"rendered":"<p>Mez\u0151b\u00e1nd, 1897, \u2020 ?: gazd\u00e1lkod\u00f3. \u2013 Mv.-en tett kereskedelmi \u00e9retts\u00e9git. Az els\u0151 vh.-ban a 22. gy. e.-ben \u00e9s a sz\u00e9kely hadoszt\u00e1lyban az orosz \u00e9s az olasz fronton volt, megsebes\u00fclt, majd a nemzeti hadseregben is szolg\u00e1lt, mint hadnagy szerelt le a II. o. ez\u00fcst vit. \u00e9rem \u00e9s a K\u00e1roly Csapatkereszt kit\u00fcntet\u00e9sekkel. Mez\u0151b\u00e1ndon gazd\u00e1lkodott 80 hold f\u00f6ld\u00f6n, a Hangya eln\u00f6ke, a ref. egyh\u00e1z p\u00e9nzt\u00e1rosa \u00e9s presbitere, a Tejsz\u00f6v. eln\u00f6ke, kult\u00farint\u00e9zm\u00e9nyek tagja \u00e9s t\u00e1mogat\u00f3ja volt. <br \/><strong>\u2013 Irod.:<\/strong> Sz\u00e9kelyf\u00f6ld \u00ed. k.<\/br><\/p>\n","protected":false},"excerpt":{"rendered":"<p>Mez\u0151b\u00e1nd, 1897, \u2020 ?: gazd\u00e1lkod\u00f3. \u2013 Mv.-en tett kereskedelmi \u00e9retts\u00e9git. Az els\u0151 vh.-ban a 22. gy. e.-ben \u00e9s a sz\u00e9kely hadoszt\u00e1lyban az orosz \u00e9s az olasz fronton volt, megsebes\u00fclt, majd a nemzeti hadseregben is szolg\u00e1lt, mint hadnagy szerelt le a II. o. ez\u00fcst vit. \u00e9rem \u00e9s a K\u00e1roly Csapatkereszt kit\u00fcntet\u00e9sekkel. Mez\u0151b\u00e1ndon gazd\u00e1lkodott 80 hold f\u00f6ld\u00f6n, [&hellip;]<\/p>\n","protected":false},"featured_media":0,"comment_status":"open","ping_status":"closed","template":"","meta":[],"product_brand":[],"product_cat":[137],"product_tag":[],"class_list":{"0":"post-23616","1":"product","2":"type-product","3":"status-publish","5":"product_cat-maros-megyei-eletrajzi-lexikon","7":"first","8":"instock","9":"shipping-taxable","10":"product-type-simple"},"_links":{"self":[{"href":"https:\/\/uj.adatbank.ro\/lexikon\/wp-json\/wp\/v2\/product\/23616","targetHints":{"allow":["GET"]}}],"collection":[{"href":"https:\/\/uj.adatbank.ro\/lexikon\/wp-json\/wp\/v2\/product"}],"about":[{"href":"https:\/\/uj.adatbank.ro\/lexikon\/wp-json\/wp\/v2\/types\/product"}],"replies":[{"embeddable":true,"href":"https:\/\/uj.adatbank.ro\/lexikon\/wp-json\/wp\/v2\/comments?post=23616"}],"wp:attachment":[{"href":"https:\/\/uj.adatbank.ro\/lexikon\/wp-json\/wp\/v2\/media?parent=23616"}],"wp:term":[{"taxonomy":"product_brand","embeddable":true,"href":"https:\/\/uj.adatbank.ro\/lexikon\/wp-json\/wp\/v2\/product_brand?post=23616"},{"taxonomy":"product_cat","embeddable":true,"href":"https:\/\/uj.adatbank.ro\/lexikon\/wp-json\/wp\/v2\/product_cat?post=23616"},{"taxonomy":"product_tag","embeddable":true,"href":"https:\/\/uj.adatbank.ro\/lexikon\/wp-json\/wp\/v2\/product_tag?post=23616"}],"curies":[{"name":"wp","href":"https:\/\/api.w.org\/{rel}","templated":true}]}}

TÖVISSY Ödön, hagymásbodoni

<p>Mezőbánd, 1897, † ?: gazdálkodó. – Mv.-en tett kereskedelmi érettségit. Az első vh.-ban a 22. gy. e.-ben és a székely hadosztályban az orosz és az olasz fronton volt, megsebesült, majd a nemzeti hadseregben is szolgált, mint hadnagy szerelt le a II. o. ezüst vit. érem és a Károly Csapatkereszt kitüntetésekkel. Mezőbándon gazdálkodott 80 hold földön, a Hangya elnöke, a ref. egyház pénztárosa és presbitere, a Tejszöv. elnöke, kultúrintézmények tagja és támogatója volt. <br /><strong>– Irod.:</strong> Székelyföld í. k.</br></p>

<p>Mezőbánd, 1897, † ?: gazdálkodó. – Mv.-en tett kereskedelmi érettségit. Az első vh.-ban a 22. gy. e.-ben és a székely hadosztályban az orosz és az olasz fronton volt, megsebesült, majd a nemzeti hadseregben is szolgált, mint hadnagy szerelt le a II. o. ezüst vit. érem és a Károly Csapatkereszt kitüntetésekkel. Mezőbándon gazdálkodott 80 hold földön, [&hellip;]</p>
