{"id":23621,"date":"2025-08-01T17:34:59","date_gmt":"2025-08-01T15:34:59","guid":{"rendered":"https:\/\/uj.adatbank.ro\/lexikon\/termek\/trambitas-ioan\/"},"modified":"2025-08-01T17:34:59","modified_gmt":"2025-08-01T15:34:59","slug":"trambitas-ioan","status":"publish","type":"product","link":"https:\/\/uj.adatbank.ro\/lexikon\/termek\/trambitas-ioan\/","title":{"rendered":"TR\u00c2MBI\u0162A\u015e, Ioan"},"content":{"rendered":"<p>Platone\u015fti tanya, Salam\u00e1s k\u00f6zs\u00e9g, 1909. okt. 14., \u2020 Mv., 1994. dec. 21.: tan\u00e1r. \u2013 A csal\u00e1dot kitelep\u00edtett\u00e9k \u00e9s Mo.-ra vitt\u00e9k k\u00e9nyszermunk\u00e1ra, minden\u00fckb\u0151l kifosztott\u00e1k. Visszat\u00e9r\u00e9s ut\u00e1n, nemsok\u00e1ra teljes \u00e1rvas\u00e1gra jutott. Apai nagyb\u00e1tyja, Vasile Tr\u00e2mbi\u0163a\u015f nevelte fel. Elemi iskol\u00e1t Gal\u00f3c\u00e1son, gimn\u00e1ziumot Gyergy\u00f3ban, tan\u00edt\u00f3k\u00e9pz\u0151t Nasz\u00f3don v\u00e9gzett (1929). Katonai szolg\u00e1lat ut\u00e1n Gal\u00f3c\u00e1son (1931\u201332); Szenth\u00e1roms\u00e1gon (1932\u201333); Marosh\u00e9v\u00edzen (1933\u201334) tan\u00edtott. V\u00e9gleges kinevez\u00e9st Marosh\u00e9v\u00edz-Kelemenpatakra kapott (1934), ahol n\u00e9gy tantermes iskol\u00e1t \u00e9s tan\u00edt\u00f3i lak\u00e1st \u00e9p\u00edttetett. Ez\u00e9rt \u201ePro- Patria\u201d II. oszt. kit\u00fcntet\u00e9st kapott. A B\u00e9csi Dikt\u00e1tum k\u00f6vetkezt\u00e9ben B\u00e1bahalm\u00e1ra k\u00f6lt\u00f6z\u00f6tt, ahol tan\u00edt\u00f3i kinevez\u00e9st kapott. Koncentr\u00e1lt\u00e1k \u00e9s a frontra k\u00fcldt\u00e9k (1941\u201345). Kelemenpatakon iskolaigazgat\u00f3 lett (1945\u2013). Marosh\u00e9v\u00edzen tan\u00edtott (1947\u201351), Erd\u0151szentgy\u00f6rgy\u00f6n a rom\u00e1n iskol\u00e1ban (1951\u201353), Sz\u00e1szr\u00e9genben a Rom\u00e1n Tan\u00edt\u00f3k\u00e9pz\u0151ben igazgat\u00f3 (1953\u201356), \u00fajj\u00e1szervezi a r\u00e9geni Rom\u00e1n L\u00edc.-ot (ma Petru Maior L\u00edc.) (1954\u2013), amelynek igazgat\u00f3ja volt (\u20131956). R\u00e9gen rajon szaktanfel\u00fcgyel\u0151je (1956\u201361), majd nyugd\u00edjaz\u00e1s\u00e1ig (1972) igazgat\u00f3 \u00e9s tan\u00e1r a r\u00e9geni 1-es sz \u00c1ltal\u00e1nos Iskol\u00e1ban. Ebben az id\u0151szakban levelez\u0151 hallgat\u00f3k\u00e9nt elv\u00e9gezte a kv.-i 3 \u00e9ves Tan\u00e1rk\u00e9pz\u0151 F\u0151iskola f\u00f6ldrajz-term\u00e9szetrajz szak\u00e1t. Nev\u00e9hez f\u0171z\u0151dik a r\u00e9geni N\u00e9pi Egyetem l\u00e9trehoz\u00e1sa, amelynek rektora volt (1962\u201372). Eln\u00f6ke volt a Harc a b\u00e9k\u00e9\u00e9rt (Lupta pentru pace) bizotts\u00e1gnak (1956\u201370). T\u00f6bb kit\u00fcntet\u00e9sben r\u00e9szes\u00fclt. <br \/><strong>\u2013 Irod.:<\/strong> Dasc\u0103li mure\u015feni, 1.<\/br><\/p>\n","protected":false},"excerpt":{"rendered":"<p>Platone\u015fti tanya, Salam\u00e1s k\u00f6zs\u00e9g, 1909. okt. 14., \u2020 Mv., 1994. dec. 21.: tan\u00e1r. \u2013 A csal\u00e1dot kitelep\u00edtett\u00e9k \u00e9s Mo.-ra vitt\u00e9k k\u00e9nyszermunk\u00e1ra, minden\u00fckb\u0151l kifosztott\u00e1k. Visszat\u00e9r\u00e9s ut\u00e1n, nemsok\u00e1ra teljes \u00e1rvas\u00e1gra jutott. Apai nagyb\u00e1tyja, Vasile Tr\u00e2mbi\u0163a\u015f nevelte fel. Elemi iskol\u00e1t Gal\u00f3c\u00e1son, gimn\u00e1ziumot Gyergy\u00f3ban, tan\u00edt\u00f3k\u00e9pz\u0151t Nasz\u00f3don v\u00e9gzett (1929). Katonai szolg\u00e1lat ut\u00e1n Gal\u00f3c\u00e1son (1931\u201332); Szenth\u00e1roms\u00e1gon (1932\u201333); Marosh\u00e9v\u00edzen (1933\u201334) tan\u00edtott. V\u00e9gleges [&hellip;]<\/p>\n","protected":false},"featured_media":0,"comment_status":"open","ping_status":"closed","template":"","meta":[],"product_brand":[],"product_cat":[137],"product_tag":[],"class_list":{"0":"post-23621","1":"product","2":"type-product","3":"status-publish","5":"product_cat-maros-megyei-eletrajzi-lexikon","7":"first","8":"instock","9":"shipping-taxable","10":"product-type-simple"},"_links":{"self":[{"href":"https:\/\/uj.adatbank.ro\/lexikon\/wp-json\/wp\/v2\/product\/23621","targetHints":{"allow":["GET"]}}],"collection":[{"href":"https:\/\/uj.adatbank.ro\/lexikon\/wp-json\/wp\/v2\/product"}],"about":[{"href":"https:\/\/uj.adatbank.ro\/lexikon\/wp-json\/wp\/v2\/types\/product"}],"replies":[{"embeddable":true,"href":"https:\/\/uj.adatbank.ro\/lexikon\/wp-json\/wp\/v2\/comments?post=23621"}],"wp:attachment":[{"href":"https:\/\/uj.adatbank.ro\/lexikon\/wp-json\/wp\/v2\/media?parent=23621"}],"wp:term":[{"taxonomy":"product_brand","embeddable":true,"href":"https:\/\/uj.adatbank.ro\/lexikon\/wp-json\/wp\/v2\/product_brand?post=23621"},{"taxonomy":"product_cat","embeddable":true,"href":"https:\/\/uj.adatbank.ro\/lexikon\/wp-json\/wp\/v2\/product_cat?post=23621"},{"taxonomy":"product_tag","embeddable":true,"href":"https:\/\/uj.adatbank.ro\/lexikon\/wp-json\/wp\/v2\/product_tag?post=23621"}],"curies":[{"name":"wp","href":"https:\/\/api.w.org\/{rel}","templated":true}]}}

TRÂMBIŢAŞ, Ioan

<p>Platoneşti tanya, Salamás község, 1909. okt. 14., † Mv., 1994. dec. 21.: tanár. – A családot kitelepítették és Mo.-ra vitték kényszermunkára, mindenükből kifosztották. Visszatérés után, nemsokára teljes árvaságra jutott. Apai nagybátyja, Vasile Trâmbiţaş nevelte fel. Elemi iskolát Galócáson, gimnáziumot Gyergyóban, tanítóképzőt Naszódon végzett (1929). Katonai szolgálat után Galócáson (1931–32); Szentháromságon (1932–33); Maroshévízen (1933–34) tanított. Végleges kinevezést Maroshévíz-Kelemenpatakra kapott (1934), ahol négy tantermes iskolát és tanítói lakást építtetett. Ezért „Pro- Patria” II. oszt. kitüntetést kapott. A Bécsi Diktátum következtében Bábahalmára költözött, ahol tanítói kinevezést kapott. Koncentrálták és a frontra küldték (1941–45). Kelemenpatakon iskolaigazgató lett (1945–). Maroshévízen tanított (1947–51), Erdőszentgyörgyön a román iskolában (1951–53), Szászrégenben a Román Tanítóképzőben igazgató (1953–56), újjászervezi a régeni Román Líc.-ot (ma Petru Maior Líc.) (1954–), amelynek igazgatója volt (–1956). Régen rajon szaktanfelügyelője (1956–61), majd nyugdíjazásáig (1972) igazgató és tanár a régeni 1-es sz Általános Iskolában. Ebben az időszakban levelező hallgatóként elvégezte a kv.-i 3 éves Tanárképző Főiskola földrajz-természetrajz szakát. Nevéhez fűződik a régeni Népi Egyetem létrehozása, amelynek rektora volt (1962–72). Elnöke volt a Harc a békéért (Lupta pentru pace) bizottságnak (1956–70). Több kitüntetésben részesült. <br /><strong>– Irod.:</strong> Dascăli mureşeni, 1.</br></p>

<p>Platoneşti tanya, Salamás község, 1909. okt. 14., † Mv., 1994. dec. 21.: tanár. – A családot kitelepítették és Mo.-ra vitték kényszermunkára, mindenükből kifosztották. Visszatérés után, nemsokára teljes árvaságra jutott. Apai nagybátyja, Vasile Trâmbiţaş nevelte fel. Elemi iskolát Galócáson, gimnáziumot Gyergyóban, tanítóképzőt Naszódon végzett (1929). Katonai szolgálat után Galócáson (1931–32); Szentháromságon (1932–33); Maroshévízen (1933–34) tanított. Végleges [&hellip;]</p>
