{"id":23627,"date":"2025-08-01T17:35:14","date_gmt":"2025-08-01T15:35:14","guid":{"rendered":"https:\/\/uj.adatbank.ro\/lexikon\/termek\/trauzner-samuel-trauzner-samuelis\/"},"modified":"2025-08-01T17:35:14","modified_gmt":"2025-08-01T15:35:14","slug":"trauzner-samuel-trauzner-samuelis","status":"publish","type":"product","link":"https:\/\/uj.adatbank.ro\/lexikon\/termek\/trauzner-samuel-trauzner-samuelis\/","title":{"rendered":"TRAUZNER S\u00e1muel, Trauzner Samuelis"},"content":{"rendered":"<p>? \u2020 Disznaj\u00f3, 1586.: ref. lelk\u00e9sz. \u2013 Disznaj\u00f3 papja, amikor a templomot b\u0151v\u00edtett\u00e9k (1888) \u00e9s az \u00faj tornyot \u00e9p\u00edtett\u00e9k, akkor ker\u00fclt a felsz\u00ednre a r\u00e9gi s\u00edrk\u00f6ve. Felirata: \u201eHic jacet filia pastoris ev. ref. Samuelis Trauzner anno Domini MDLXXXVI\u201d. <br \/><strong>\u2013 Irod.:<\/strong> L\u00e9sty\u00e1n \u2013 templomok; \u0150sz.<\/br><\/p>\n","protected":false},"excerpt":{"rendered":"<p>? \u2020 Disznaj\u00f3, 1586.: ref. lelk\u00e9sz. \u2013 Disznaj\u00f3 papja, amikor a templomot b\u0151v\u00edtett\u00e9k (1888) \u00e9s az \u00faj tornyot \u00e9p\u00edtett\u00e9k, akkor ker\u00fclt a felsz\u00ednre a r\u00e9gi s\u00edrk\u00f6ve. Felirata: \u201eHic jacet filia pastoris ev. ref. Samuelis Trauzner anno Domini MDLXXXVI\u201d. \u2013 Irod.: L\u00e9sty\u00e1n \u2013 templomok; \u0150sz.<\/p>\n","protected":false},"featured_media":0,"comment_status":"open","ping_status":"closed","template":"","meta":[],"product_brand":[],"product_cat":[137],"product_tag":[],"class_list":{"0":"post-23627","1":"product","2":"type-product","3":"status-publish","5":"product_cat-maros-megyei-eletrajzi-lexikon","7":"first","8":"instock","9":"shipping-taxable","10":"product-type-simple"},"_links":{"self":[{"href":"https:\/\/uj.adatbank.ro\/lexikon\/wp-json\/wp\/v2\/product\/23627","targetHints":{"allow":["GET"]}}],"collection":[{"href":"https:\/\/uj.adatbank.ro\/lexikon\/wp-json\/wp\/v2\/product"}],"about":[{"href":"https:\/\/uj.adatbank.ro\/lexikon\/wp-json\/wp\/v2\/types\/product"}],"replies":[{"embeddable":true,"href":"https:\/\/uj.adatbank.ro\/lexikon\/wp-json\/wp\/v2\/comments?post=23627"}],"wp:attachment":[{"href":"https:\/\/uj.adatbank.ro\/lexikon\/wp-json\/wp\/v2\/media?parent=23627"}],"wp:term":[{"taxonomy":"product_brand","embeddable":true,"href":"https:\/\/uj.adatbank.ro\/lexikon\/wp-json\/wp\/v2\/product_brand?post=23627"},{"taxonomy":"product_cat","embeddable":true,"href":"https:\/\/uj.adatbank.ro\/lexikon\/wp-json\/wp\/v2\/product_cat?post=23627"},{"taxonomy":"product_tag","embeddable":true,"href":"https:\/\/uj.adatbank.ro\/lexikon\/wp-json\/wp\/v2\/product_tag?post=23627"}],"curies":[{"name":"wp","href":"https:\/\/api.w.org\/{rel}","templated":true}]}}