{"id":23628,"date":"2025-08-01T17:35:16","date_gmt":"2025-08-01T15:35:16","guid":{"rendered":"https:\/\/uj.adatbank.ro\/lexikon\/termek\/trefan-leonard-p\/"},"modified":"2025-08-01T17:35:16","modified_gmt":"2025-08-01T15:35:16","slug":"trefan-leonard-p","status":"publish","type":"product","link":"https:\/\/uj.adatbank.ro\/lexikon\/termek\/trefan-leonard-p\/","title":{"rendered":"TREF\u00c1N Leon\u00e1rd, P."},"content":{"rendered":"<p>1875., \u2020 1945.: ferences h\u00e1zf\u0151n\u00f6k, szerzetes. \u2013 Szentferenc-rendi \u00e1ldoz\u00f3pap. Mv.-en nyomdaalap\u00edt\u00f3, h\u00e1zf\u0151n\u00f6k (1903\u201305), a Szent Ferenc H\u00edrn\u00f6ke foly\u00f3irat elind\u00edt\u00f3ja, szerk.-je. Az els\u0151 orsz\u00e1gos ferences zar\u00e1ndoklatot tett\u00e9k Loretto \u00e9s Assisi \u00e9rint\u00e9s\u00e9vel R\u00f3m\u00e1ba, az \u0151 \u00e9s Dobozy J\u00e1nos d\u00e1vodi pl\u00e9b\u00e1nos vezet\u00e9s\u00e9vel (1904. okt.). Cikkei jelentek meg a Magyar N\u00e9p c. lapban. \u2013  <strong>F. m..:<\/strong> Szerafi kalauz az \u00e9gbe vezet\u0151 \u00faton: Szent Ferenc harmadik rendj\u00e9nek vil\u00e1gban \u00e9l\u0151 tagjai \u00e9s a kereszt\u00e9ny t\u00f6k\u00e9letess\u00e9gre t\u00f6rekv\u0151 lelkek sz\u00e1m\u00e1ra (Kv., 1919); Foh\u00e1szok J\u00e9zus legszentebb sz\u00edv\u00e9nek tisztelet\u00e9re (Kv., 1924); \u00c9l\u0151 vizek mellett (Kv., 1926); Szent Ferenc Harmadik Rendj\u00e9nek F\u00f6lv\u00e9teli \u00e9s Szab\u00e1lyk\u00f6nyvecsk\u00e9je (Kv., 1926); A Szent Kereszt Hadserege szab\u00e1lyai \u00e9s f\u00f6lv\u00e9teli k\u00f6nyve (Kv., 1926); Mosolyg\u00f3 t\u00e1jak (A c\u00edmlapj\u00e1t \u00e9s rajzait Kisp\u00e1l L\u00e1szl\u00f3 rajzol\u00f3m\u0171v\u00e9sz k\u00e9sz\u00edtette; Tg. M., 1936). \u2212 Irod.: Ferenczi 1928; Ga\u00e1l 2001; Gy\u00f6rgy 1926; Millenniumi ki\u00e1ll.; Monay: R. m. gy.; Maros-k\u00fck\u00fcll\u0151i f\u0151esp.; Valentiny 1937.<\/br><\/p>\n","protected":false},"excerpt":{"rendered":"<p>1875., \u2020 1945.: ferences h\u00e1zf\u0151n\u00f6k, szerzetes. \u2013 Szentferenc-rendi \u00e1ldoz\u00f3pap. Mv.-en nyomdaalap\u00edt\u00f3, h\u00e1zf\u0151n\u00f6k (1903\u201305), a Szent Ferenc H\u00edrn\u00f6ke foly\u00f3irat elind\u00edt\u00f3ja, szerk.-je. Az els\u0151 orsz\u00e1gos ferences zar\u00e1ndoklatot tett\u00e9k Loretto \u00e9s Assisi \u00e9rint\u00e9s\u00e9vel R\u00f3m\u00e1ba, az \u0151 \u00e9s Dobozy J\u00e1nos d\u00e1vodi pl\u00e9b\u00e1nos vezet\u00e9s\u00e9vel (1904. okt.). Cikkei jelentek meg a Magyar N\u00e9p c. lapban. \u2013 F. m..: Szerafi kalauz az [&hellip;]<\/p>\n","protected":false},"featured_media":0,"comment_status":"open","ping_status":"closed","template":"","meta":[],"product_brand":[],"product_cat":[137],"product_tag":[],"class_list":{"0":"post-23628","1":"product","2":"type-product","3":"status-publish","5":"product_cat-maros-megyei-eletrajzi-lexikon","7":"first","8":"instock","9":"shipping-taxable","10":"product-type-simple"},"_links":{"self":[{"href":"https:\/\/uj.adatbank.ro\/lexikon\/wp-json\/wp\/v2\/product\/23628","targetHints":{"allow":["GET"]}}],"collection":[{"href":"https:\/\/uj.adatbank.ro\/lexikon\/wp-json\/wp\/v2\/product"}],"about":[{"href":"https:\/\/uj.adatbank.ro\/lexikon\/wp-json\/wp\/v2\/types\/product"}],"replies":[{"embeddable":true,"href":"https:\/\/uj.adatbank.ro\/lexikon\/wp-json\/wp\/v2\/comments?post=23628"}],"wp:attachment":[{"href":"https:\/\/uj.adatbank.ro\/lexikon\/wp-json\/wp\/v2\/media?parent=23628"}],"wp:term":[{"taxonomy":"product_brand","embeddable":true,"href":"https:\/\/uj.adatbank.ro\/lexikon\/wp-json\/wp\/v2\/product_brand?post=23628"},{"taxonomy":"product_cat","embeddable":true,"href":"https:\/\/uj.adatbank.ro\/lexikon\/wp-json\/wp\/v2\/product_cat?post=23628"},{"taxonomy":"product_tag","embeddable":true,"href":"https:\/\/uj.adatbank.ro\/lexikon\/wp-json\/wp\/v2\/product_tag?post=23628"}],"curies":[{"name":"wp","href":"https:\/\/api.w.org\/{rel}","templated":true}]}}

TREFÁN Leonárd, P.

<p>1875., † 1945.: ferences házfőnök, szerzetes. – Szentferenc-rendi áldozópap. Mv.-en nyomdaalapító, házfőnök (1903–05), a Szent Ferenc Hírnöke folyóirat elindítója, szerk.-je. Az első országos ferences zarándoklatot tették Loretto és Assisi érintésével Rómába, az ő és Dobozy János dávodi plébános vezetésével (1904. okt.). Cikkei jelentek meg a Magyar Nép c. lapban. –  <strong>F. m..:</strong> Szerafi kalauz az égbe vezető úton: Szent Ferenc harmadik rendjének világban élő tagjai és a keresztény tökéletességre törekvő lelkek számára (Kv., 1919); Fohászok Jézus legszentebb szívének tiszteletére (Kv., 1924); Élő vizek mellett (Kv., 1926); Szent Ferenc Harmadik Rendjének Fölvételi és Szabálykönyvecskéje (Kv., 1926); A Szent Kereszt Hadserege szabályai és fölvételi könyve (Kv., 1926); Mosolygó tájak (A címlapját és rajzait Kispál László rajzolóművész készítette; Tg. M., 1936). − Irod.: Ferenczi 1928; Gaál 2001; György 1926; Millenniumi kiáll.; Monay: R. m. gy.; Maros-küküllői főesp.; Valentiny 1937.</br></p>

<p>1875., † 1945.: ferences házfőnök, szerzetes. – Szentferenc-rendi áldozópap. Mv.-en nyomdaalapító, házfőnök (1903–05), a Szent Ferenc Hírnöke folyóirat elindítója, szerk.-je. Az első országos ferences zarándoklatot tették Loretto és Assisi érintésével Rómába, az ő és Dobozy János dávodi plébános vezetésével (1904. okt.). Cikkei jelentek meg a Magyar Nép c. lapban. – F. m..: Szerafi kalauz az [&hellip;]</p>
