{"id":23630,"date":"2025-08-01T17:35:20","date_gmt":"2025-08-01T15:35:20","guid":{"rendered":"https:\/\/uj.adatbank.ro\/lexikon\/termek\/trella-varhelyi-imola\/"},"modified":"2025-08-01T17:35:20","modified_gmt":"2025-08-01T15:35:20","slug":"trella-varhelyi-imola","status":"publish","type":"product","link":"https:\/\/uj.adatbank.ro\/lexikon\/termek\/trella-varhelyi-imola\/","title":{"rendered":"TRELLA-V\u00c1RHELYI Imola"},"content":{"rendered":"<p>K\u00e9zdiv\u00e1s\u00e1rhely, 1928? \u2020 Marosv\u00e1s\u00e1rhely, 2024. aug. 29.: fest\u0151m\u0171v\u00e9sz. \u2013 Tanulm\u00e1nyait a kolozsv\u00e1ri Ion Andreescu K\u00e9pz\u0151m\u0171v\u00e9szeti Int\u00e9zetben v\u00e9gezte, Kov\u00e1cs Zolt\u00e1n \u00e9s Mikl\u00f3ssy G\u00e1bor ir\u00e1ny\u00edt\u00e1sa alatt (1954). Az 50-es \u00e9vekt\u0151l a nagyb\u00e1nyai m\u0171v\u00e9sztelepen alkotott, Mv.-re k\u00f6lt\u00f6z\u00f6tt. Ki\u00e1ll\u00edtott akvarelljeib\u0151l, pasztelljeib\u0151l a mv.-i kis gal\u00e9ri\u00e1ban (1999. aug. 2. \u2013); a Bern\u00e1dy-h\u00e1zban (2000. m\u00e1jus 26. \u2013). R\u00e9szt vett a mez\u0151paniti alkot\u00f3t\u00e1borban is (1999) <br \/><strong>\u2013 Irod.:<\/strong> MMK.<\/br><\/p>\n","protected":false},"excerpt":{"rendered":"<p>K\u00e9zdiv\u00e1s\u00e1rhely, 1928? \u2020 Marosv\u00e1s\u00e1rhely, 2024. aug. 29.: fest\u0151m\u0171v\u00e9sz. \u2013 Tanulm\u00e1nyait a kolozsv\u00e1ri Ion Andreescu K\u00e9pz\u0151m\u0171v\u00e9szeti Int\u00e9zetben v\u00e9gezte, Kov\u00e1cs Zolt\u00e1n \u00e9s Mikl\u00f3ssy G\u00e1bor ir\u00e1ny\u00edt\u00e1sa alatt (1954). Az 50-es \u00e9vekt\u0151l a nagyb\u00e1nyai m\u0171v\u00e9sztelepen alkotott, Mv.-re k\u00f6lt\u00f6z\u00f6tt. Ki\u00e1ll\u00edtott akvarelljeib\u0151l, pasztelljeib\u0151l a mv.-i kis gal\u00e9ri\u00e1ban (1999. aug. 2. \u2013); a Bern\u00e1dy-h\u00e1zban (2000. m\u00e1jus 26. \u2013). R\u00e9szt vett a mez\u0151paniti [&hellip;]<\/p>\n","protected":false},"featured_media":0,"comment_status":"open","ping_status":"closed","template":"","meta":[],"product_brand":[],"product_cat":[137],"product_tag":[],"class_list":{"0":"post-23630","1":"product","2":"type-product","3":"status-publish","5":"product_cat-maros-megyei-eletrajzi-lexikon","7":"first","8":"instock","9":"shipping-taxable","10":"product-type-simple"},"_links":{"self":[{"href":"https:\/\/uj.adatbank.ro\/lexikon\/wp-json\/wp\/v2\/product\/23630","targetHints":{"allow":["GET"]}}],"collection":[{"href":"https:\/\/uj.adatbank.ro\/lexikon\/wp-json\/wp\/v2\/product"}],"about":[{"href":"https:\/\/uj.adatbank.ro\/lexikon\/wp-json\/wp\/v2\/types\/product"}],"replies":[{"embeddable":true,"href":"https:\/\/uj.adatbank.ro\/lexikon\/wp-json\/wp\/v2\/comments?post=23630"}],"wp:attachment":[{"href":"https:\/\/uj.adatbank.ro\/lexikon\/wp-json\/wp\/v2\/media?parent=23630"}],"wp:term":[{"taxonomy":"product_brand","embeddable":true,"href":"https:\/\/uj.adatbank.ro\/lexikon\/wp-json\/wp\/v2\/product_brand?post=23630"},{"taxonomy":"product_cat","embeddable":true,"href":"https:\/\/uj.adatbank.ro\/lexikon\/wp-json\/wp\/v2\/product_cat?post=23630"},{"taxonomy":"product_tag","embeddable":true,"href":"https:\/\/uj.adatbank.ro\/lexikon\/wp-json\/wp\/v2\/product_tag?post=23630"}],"curies":[{"name":"wp","href":"https:\/\/api.w.org\/{rel}","templated":true}]}}

TRELLA-VÁRHELYI Imola

<p>Kézdivásárhely, 1928? † Marosvásárhely, 2024. aug. 29.: festőművész. – Tanulmányait a kolozsvári Ion Andreescu Képzőművészeti Intézetben végezte, Kovács Zoltán és Miklóssy Gábor irányítása alatt (1954). Az 50-es évektől a nagybányai művésztelepen alkotott, Mv.-re költözött. Kiállított akvarelljeiből, pasztelljeiből a mv.-i kis galériában (1999. aug. 2. –); a Bernády-házban (2000. május 26. –). Részt vett a mezőpaniti alkotótáborban is (1999) <br /><strong>– Irod.:</strong> MMK.</br></p>

<p>Kézdivásárhely, 1928? † Marosvásárhely, 2024. aug. 29.: festőművész. – Tanulmányait a kolozsvári Ion Andreescu Képzőművészeti Intézetben végezte, Kovács Zoltán és Miklóssy Gábor irányítása alatt (1954). Az 50-es évektől a nagybányai művésztelepen alkotott, Mv.-re költözött. Kiállított akvarelljeiből, pasztelljeiből a mv.-i kis galériában (1999. aug. 2. –); a Bernády-házban (2000. május 26. –). Részt vett a mezőpaniti [&hellip;]</p>
