{"id":23634,"date":"2025-08-01T17:35:30","date_gmt":"2025-08-01T15:35:30","guid":{"rendered":"https:\/\/uj.adatbank.ro\/lexikon\/termek\/trepches-janos\/"},"modified":"2025-08-01T17:35:30","modified_gmt":"2025-08-01T15:35:30","slug":"trepches-janos","status":"publish","type":"product","link":"https:\/\/uj.adatbank.ro\/lexikon\/termek\/trepches-janos\/","title":{"rendered":"TREPCHES J\u00e1nos"},"content":{"rendered":"<p>Brass\u00f3, 1848. szept. 17., \u2020 ?: alezredes. \u2013 Feles\u00e9ge: Schunn Friderika (1852. \u2013 Mv., 1918. \u00e1pr. 25.). Gyermekeik: Hermina \u2013 Speil K\u00e1rolyn\u00e9; Rika \u2013 cs. kir. \u0151rnagy Koch Guszt\u00e1vn\u00e9; Ir\u00e9n \u2013 dr. honv\u00e9d t\u00f6rzsorvos Grossmann Rezs\u0151n\u00e9; Luiska \u2013 cs. kir. sz\u00e1zados Kolomyjcuk S\u00e1ndorn\u00e9; Gusta \u2013 dr. kir. t\u00f6rv\u00e9nysz\u00e9ki b\u00edr\u00f3 Boz\u00e1n Gyul\u00e1n\u00e9; Egon. \u2013 H\u00e1rom re\u00e1l- \u00e9s k\u00e9t kereskedelmi oszt\u00e1lyt elv\u00e9gezve a 24. honv\u00e9dz\u00e1szl\u00f3aljhoz sorozt\u00e1k be (1870); a Lud. Akad\u00e9mia tisztk\u00e9pz\u0151-tanfolyam\u00e1n vett r\u00e9szt (1874), ahonnan mint hadapr\u00f3d l\u00e9pett ki csapatszolg\u00e1latra, r\u00e9szint irodai szolg\u00e1latra (1876\u2013); m. kir. honv\u00e9d hadnagy (1878), f\u0151hadnagy (1887), sz\u00e1zados (1891), majd \u0151rnagy. A mv.-i honv\u00e9dcsapatk\u00f3rh\u00e1z gazd\u00e1szatkezel\u0151 tisztje (1897\u2013). Soron k\u00edv\u00fcl alezredess\u00e9 nevezt\u00e9k ki (1908). Nyugalomba vonult (1914) kit\u00fcntet\u00e9sekkel. A Ludovika Akad\u00e9mia K\u00f6zl\u00f6ny\u00e9nek munkat\u00e1rsa. <br \/><strong>\u2013 Irod.:<\/strong> Erd\u00e9lyi ezredek; Gy\u00e1szjelent\u0151; Szinnyei.<\/br><\/p>\n","protected":false},"excerpt":{"rendered":"<p>Brass\u00f3, 1848. szept. 17., \u2020 ?: alezredes. \u2013 Feles\u00e9ge: Schunn Friderika (1852. \u2013 Mv., 1918. \u00e1pr. 25.). Gyermekeik: Hermina \u2013 Speil K\u00e1rolyn\u00e9; Rika \u2013 cs. kir. \u0151rnagy Koch Guszt\u00e1vn\u00e9; Ir\u00e9n \u2013 dr. honv\u00e9d t\u00f6rzsorvos Grossmann Rezs\u0151n\u00e9; Luiska \u2013 cs. kir. sz\u00e1zados Kolomyjcuk S\u00e1ndorn\u00e9; Gusta \u2013 dr. kir. t\u00f6rv\u00e9nysz\u00e9ki b\u00edr\u00f3 Boz\u00e1n Gyul\u00e1n\u00e9; Egon. \u2013 H\u00e1rom re\u00e1l- [&hellip;]<\/p>\n","protected":false},"featured_media":0,"comment_status":"open","ping_status":"closed","template":"","meta":[],"product_brand":[],"product_cat":[137],"product_tag":[],"class_list":{"0":"post-23634","1":"product","2":"type-product","3":"status-publish","5":"product_cat-maros-megyei-eletrajzi-lexikon","7":"first","8":"instock","9":"shipping-taxable","10":"product-type-simple"},"_links":{"self":[{"href":"https:\/\/uj.adatbank.ro\/lexikon\/wp-json\/wp\/v2\/product\/23634","targetHints":{"allow":["GET"]}}],"collection":[{"href":"https:\/\/uj.adatbank.ro\/lexikon\/wp-json\/wp\/v2\/product"}],"about":[{"href":"https:\/\/uj.adatbank.ro\/lexikon\/wp-json\/wp\/v2\/types\/product"}],"replies":[{"embeddable":true,"href":"https:\/\/uj.adatbank.ro\/lexikon\/wp-json\/wp\/v2\/comments?post=23634"}],"wp:attachment":[{"href":"https:\/\/uj.adatbank.ro\/lexikon\/wp-json\/wp\/v2\/media?parent=23634"}],"wp:term":[{"taxonomy":"product_brand","embeddable":true,"href":"https:\/\/uj.adatbank.ro\/lexikon\/wp-json\/wp\/v2\/product_brand?post=23634"},{"taxonomy":"product_cat","embeddable":true,"href":"https:\/\/uj.adatbank.ro\/lexikon\/wp-json\/wp\/v2\/product_cat?post=23634"},{"taxonomy":"product_tag","embeddable":true,"href":"https:\/\/uj.adatbank.ro\/lexikon\/wp-json\/wp\/v2\/product_tag?post=23634"}],"curies":[{"name":"wp","href":"https:\/\/api.w.org\/{rel}","templated":true}]}}

TREPCHES János

<p>Brassó, 1848. szept. 17., † ?: alezredes. – Felesége: Schunn Friderika (1852. – Mv., 1918. ápr. 25.). Gyermekeik: Hermina – Speil Károlyné; Rika – cs. kir. őrnagy Koch Gusztávné; Irén – dr. honvéd törzsorvos Grossmann Rezsőné; Luiska – cs. kir. százados Kolomyjcuk Sándorné; Gusta – dr. kir. törvényszéki bíró Bozán Gyuláné; Egon. – Három reál- és két kereskedelmi osztályt elvégezve a 24. honvédzászlóaljhoz sorozták be (1870); a Lud. Akadémia tisztképző-tanfolyamán vett részt (1874), ahonnan mint hadapród lépett ki csapatszolgálatra, részint irodai szolgálatra (1876–); m. kir. honvéd hadnagy (1878), főhadnagy (1887), százados (1891), majd őrnagy. A mv.-i honvédcsapatkórház gazdászatkezelő tisztje (1897–). Soron kívül alezredessé nevezték ki (1908). Nyugalomba vonult (1914) kitüntetésekkel. A Ludovika Akadémia Közlönyének munkatársa. <br /><strong>– Irod.:</strong> Erdélyi ezredek; Gyászjelentő; Szinnyei.</br></p>

<p>Brassó, 1848. szept. 17., † ?: alezredes. – Felesége: Schunn Friderika (1852. – Mv., 1918. ápr. 25.). Gyermekeik: Hermina – Speil Károlyné; Rika – cs. kir. őrnagy Koch Gusztávné; Irén – dr. honvéd törzsorvos Grossmann Rezsőné; Luiska – cs. kir. százados Kolomyjcuk Sándorné; Gusta – dr. kir. törvényszéki bíró Bozán Gyuláné; Egon. – Három reál- [&hellip;]</p>
