{"id":23641,"date":"2025-08-01T17:35:45","date_gmt":"2025-08-01T15:35:45","guid":{"rendered":"https:\/\/uj.adatbank.ro\/lexikon\/termek\/trojan-karoly\/"},"modified":"2025-08-01T17:35:45","modified_gmt":"2025-08-01T15:35:45","slug":"trojan-karoly","status":"publish","type":"product","link":"https:\/\/uj.adatbank.ro\/lexikon\/termek\/trojan-karoly\/","title":{"rendered":"TROJ\u00c1N K\u00e1roly"},"content":{"rendered":"<p>Gyulafeh\u00e9rv\u00e1r, 1899. m\u00e1j. 26., \u2020 S\u00e1rpatak, 1971. aug. 30.: r. k. pap. \u2013 Tanulm\u00e1nyait Gyulafeh\u00e9rv\u00e1ron, R\u00f3m\u00e1ban a Collegium Germanicum et Hungaricumban (1918\u201325) \u00e9s Innsbruckban v\u00e9gezte. R\u00f3m\u00e1ban szentelt\u00e9k papp\u00e1 (1924. okt. 28.). Szolg\u00e1lt Cs\u00edkszentgy\u00f6rgy\u00f6n (1925), Nagyszebenben (1926), k\u00e1pl\u00e1n \u00e9s hitoktat\u00f3 Kv.-on (1927), pl\u00e9b\u00e1nos Parajdon, teol. tan\u00e1r Gyulafeh\u00e9rv\u00e1ron (1932). Pl\u00e9b\u00e1nos Segesv\u00e1ron (1942), f\u0151esperes (1947\u2013). Lelkip\u00e1sztor S\u00e1rpatakon (1951). Gyulafeh\u00e9rv\u00e1ron teol. tan\u00e1r \u00e9s vicerektor. <br \/><strong>\u2013 Irod.:<\/strong> Ferenczi S\u00e1ndor 2009.<\/br><\/p>\n","protected":false},"excerpt":{"rendered":"<p>Gyulafeh\u00e9rv\u00e1r, 1899. m\u00e1j. 26., \u2020 S\u00e1rpatak, 1971. aug. 30.: r. k. pap. \u2013 Tanulm\u00e1nyait Gyulafeh\u00e9rv\u00e1ron, R\u00f3m\u00e1ban a Collegium Germanicum et Hungaricumban (1918\u201325) \u00e9s Innsbruckban v\u00e9gezte. R\u00f3m\u00e1ban szentelt\u00e9k papp\u00e1 (1924. okt. 28.). Szolg\u00e1lt Cs\u00edkszentgy\u00f6rgy\u00f6n (1925), Nagyszebenben (1926), k\u00e1pl\u00e1n \u00e9s hitoktat\u00f3 Kv.-on (1927), pl\u00e9b\u00e1nos Parajdon, teol. tan\u00e1r Gyulafeh\u00e9rv\u00e1ron (1932). Pl\u00e9b\u00e1nos Segesv\u00e1ron (1942), f\u0151esperes (1947\u2013). Lelkip\u00e1sztor S\u00e1rpatakon (1951). [&hellip;]<\/p>\n","protected":false},"featured_media":0,"comment_status":"open","ping_status":"closed","template":"","meta":[],"product_brand":[],"product_cat":[137],"product_tag":[],"class_list":{"0":"post-23641","1":"product","2":"type-product","3":"status-publish","5":"product_cat-maros-megyei-eletrajzi-lexikon","7":"first","8":"instock","9":"shipping-taxable","10":"product-type-simple"},"_links":{"self":[{"href":"https:\/\/uj.adatbank.ro\/lexikon\/wp-json\/wp\/v2\/product\/23641","targetHints":{"allow":["GET"]}}],"collection":[{"href":"https:\/\/uj.adatbank.ro\/lexikon\/wp-json\/wp\/v2\/product"}],"about":[{"href":"https:\/\/uj.adatbank.ro\/lexikon\/wp-json\/wp\/v2\/types\/product"}],"replies":[{"embeddable":true,"href":"https:\/\/uj.adatbank.ro\/lexikon\/wp-json\/wp\/v2\/comments?post=23641"}],"wp:attachment":[{"href":"https:\/\/uj.adatbank.ro\/lexikon\/wp-json\/wp\/v2\/media?parent=23641"}],"wp:term":[{"taxonomy":"product_brand","embeddable":true,"href":"https:\/\/uj.adatbank.ro\/lexikon\/wp-json\/wp\/v2\/product_brand?post=23641"},{"taxonomy":"product_cat","embeddable":true,"href":"https:\/\/uj.adatbank.ro\/lexikon\/wp-json\/wp\/v2\/product_cat?post=23641"},{"taxonomy":"product_tag","embeddable":true,"href":"https:\/\/uj.adatbank.ro\/lexikon\/wp-json\/wp\/v2\/product_tag?post=23641"}],"curies":[{"name":"wp","href":"https:\/\/api.w.org\/{rel}","templated":true}]}}

TROJÁN Károly

<p>Gyulafehérvár, 1899. máj. 26., † Sárpatak, 1971. aug. 30.: r. k. pap. – Tanulmányait Gyulafehérváron, Rómában a Collegium Germanicum et Hungaricumban (1918–25) és Innsbruckban végezte. Rómában szentelték pappá (1924. okt. 28.). Szolgált Csíkszentgyörgyön (1925), Nagyszebenben (1926), káplán és hitoktató Kv.-on (1927), plébános Parajdon, teol. tanár Gyulafehérváron (1932). Plébános Segesváron (1942), főesperes (1947–). Lelkipásztor Sárpatakon (1951). Gyulafehérváron teol. tanár és vicerektor. <br /><strong>– Irod.:</strong> Ferenczi Sándor 2009.</br></p>

<p>Gyulafehérvár, 1899. máj. 26., † Sárpatak, 1971. aug. 30.: r. k. pap. – Tanulmányait Gyulafehérváron, Rómában a Collegium Germanicum et Hungaricumban (1918–25) és Innsbruckban végezte. Rómában szentelték pappá (1924. okt. 28.). Szolgált Csíkszentgyörgyön (1925), Nagyszebenben (1926), káplán és hitoktató Kv.-on (1927), plébános Parajdon, teol. tanár Gyulafehérváron (1932). Plébános Segesváron (1942), főesperes (1947–). Lelkipásztor Sárpatakon (1951). [&hellip;]</p>
