{"id":23643,"date":"2025-08-01T17:35:51","date_gmt":"2025-08-01T15:35:51","guid":{"rendered":"https:\/\/uj.adatbank.ro\/lexikon\/termek\/trombitas-anania\/"},"modified":"2025-08-01T17:35:51","modified_gmt":"2025-08-01T15:35:51","slug":"trombitas-anania","status":"publish","type":"product","link":"https:\/\/uj.adatbank.ro\/lexikon\/termek\/trombitas-anania\/","title":{"rendered":"TROMBI\u0162A\u015e, Anania"},"content":{"rendered":"<p>Mv., 1838 \u2020 Szeben, 1886. m\u00e1rc. 22.: jog\u00e1sz, politikus. \u2013 A k\u00f6z\u00e9piskol\u00e1t a szebeni r. kat. gimn\u00e1ziumban, az egyetemet B\u00e9csben hallgatta. Mint egyetemista aleln\u00f6ke a B\u00e9csi Irodalmi-Tudom\u00e1nyos T\u00e1rsas\u00e1gnak, munkat\u00e1rsa a Muza Rom\u00e2n\u0103 c \u00e9vk\u00f6nyvnek. Hazat\u00e9r\u00e9se ut\u00e1n a mocsi v\u00e1laszt\u00f3k\u00f6rzet eln\u00f6ke, a Kolozs megyei Rom\u00e1nok Klubj\u00e1nak eln\u00f6ke, a Rom\u00e1n Nemzeti P\u00e1rt k\u00f6zponti bizotts\u00e1g\u00e1nak tagja, a nemzeti szolidarit\u00e1s \u00e9lharcosa. Szebenbe k\u00f6lt\u00f6z\u00f6tt (1879), az \u00e9rseki iskola szen\u00e1tus\u00e1nak sz\u00e1mfeletti tagja, k\u00e9s\u0151bb az egyh\u00e1ztan\u00e1cs \u00fcln\u00f6ke \u00e9s az iskolai szen\u00e1tus tagja. R\u00e9szt vett a szebeni Nemzeti Konferenci\u00e1kon (1875, 1878, 1881), a rom\u00e1n jog\u00e1szok konferenci\u00e1j\u00e1n (1880), \u00e9s ott sz\u00f3t emelt a korm\u00e1ny agr\u00e1rt\u00f6rv\u00e9ny-tervezete ellen, k\u00f6vetelte az Albina bank demokratiz\u00e1l\u00e1s\u00e1t. K\u00fczd\u00f6tt a Memorandum k\u00f6zz\u00e9t\u00e9tel\u00e9\u00e9rt (1882). Az ASTRA tagja, \u00e1lland\u00f3 t\u00e1mogat\u00f3ja annak keret\u00e9ben a term\u00e9szettudom\u00e1nyos szakoszt\u00e1ly megalap\u00edt\u00f3ja volt. <br \/><strong>\u2013 Irod.:<\/strong> Todea 2013; Vatra (1985. nov. 20., 11. sz., C mell\u00e9klet).<\/br><\/p>\n","protected":false},"excerpt":{"rendered":"<p>Mv., 1838 \u2020 Szeben, 1886. m\u00e1rc. 22.: jog\u00e1sz, politikus. \u2013 A k\u00f6z\u00e9piskol\u00e1t a szebeni r. kat. gimn\u00e1ziumban, az egyetemet B\u00e9csben hallgatta. Mint egyetemista aleln\u00f6ke a B\u00e9csi Irodalmi-Tudom\u00e1nyos T\u00e1rsas\u00e1gnak, munkat\u00e1rsa a Muza Rom\u00e2n\u0103 c \u00e9vk\u00f6nyvnek. Hazat\u00e9r\u00e9se ut\u00e1n a mocsi v\u00e1laszt\u00f3k\u00f6rzet eln\u00f6ke, a Kolozs megyei Rom\u00e1nok Klubj\u00e1nak eln\u00f6ke, a Rom\u00e1n Nemzeti P\u00e1rt k\u00f6zponti bizotts\u00e1g\u00e1nak tagja, a nemzeti [&hellip;]<\/p>\n","protected":false},"featured_media":0,"comment_status":"open","ping_status":"closed","template":"","meta":[],"product_brand":[],"product_cat":[137],"product_tag":[],"class_list":{"0":"post-23643","1":"product","2":"type-product","3":"status-publish","5":"product_cat-maros-megyei-eletrajzi-lexikon","7":"first","8":"instock","9":"shipping-taxable","10":"product-type-simple"},"_links":{"self":[{"href":"https:\/\/uj.adatbank.ro\/lexikon\/wp-json\/wp\/v2\/product\/23643","targetHints":{"allow":["GET"]}}],"collection":[{"href":"https:\/\/uj.adatbank.ro\/lexikon\/wp-json\/wp\/v2\/product"}],"about":[{"href":"https:\/\/uj.adatbank.ro\/lexikon\/wp-json\/wp\/v2\/types\/product"}],"replies":[{"embeddable":true,"href":"https:\/\/uj.adatbank.ro\/lexikon\/wp-json\/wp\/v2\/comments?post=23643"}],"wp:attachment":[{"href":"https:\/\/uj.adatbank.ro\/lexikon\/wp-json\/wp\/v2\/media?parent=23643"}],"wp:term":[{"taxonomy":"product_brand","embeddable":true,"href":"https:\/\/uj.adatbank.ro\/lexikon\/wp-json\/wp\/v2\/product_brand?post=23643"},{"taxonomy":"product_cat","embeddable":true,"href":"https:\/\/uj.adatbank.ro\/lexikon\/wp-json\/wp\/v2\/product_cat?post=23643"},{"taxonomy":"product_tag","embeddable":true,"href":"https:\/\/uj.adatbank.ro\/lexikon\/wp-json\/wp\/v2\/product_tag?post=23643"}],"curies":[{"name":"wp","href":"https:\/\/api.w.org\/{rel}","templated":true}]}}

TROMBIŢAŞ, Anania

<p>Mv., 1838 † Szeben, 1886. márc. 22.: jogász, politikus. – A középiskolát a szebeni r. kat. gimnáziumban, az egyetemet Bécsben hallgatta. Mint egyetemista alelnöke a Bécsi Irodalmi-Tudományos Társaságnak, munkatársa a Muza Română c évkönyvnek. Hazatérése után a mocsi választókörzet elnöke, a Kolozs megyei Románok Klubjának elnöke, a Román Nemzeti Párt központi bizottságának tagja, a nemzeti szolidaritás élharcosa. Szebenbe költözött (1879), az érseki iskola szenátusának számfeletti tagja, később az egyháztanács ülnöke és az iskolai szenátus tagja. Részt vett a szebeni Nemzeti Konferenciákon (1875, 1878, 1881), a román jogászok konferenciáján (1880), és ott szót emelt a kormány agrártörvény-tervezete ellen, követelte az Albina bank demokratizálását. Küzdött a Memorandum közzétételéért (1882). Az ASTRA tagja, állandó támogatója annak keretében a természettudományos szakosztály megalapítója volt. <br /><strong>– Irod.:</strong> Todea 2013; Vatra (1985. nov. 20., 11. sz., C melléklet).</br></p>

<p>Mv., 1838 † Szeben, 1886. márc. 22.: jogász, politikus. – A középiskolát a szebeni r. kat. gimnáziumban, az egyetemet Bécsben hallgatta. Mint egyetemista alelnöke a Bécsi Irodalmi-Tudományos Társaságnak, munkatársa a Muza Română c évkönyvnek. Hazatérése után a mocsi választókörzet elnöke, a Kolozs megyei Románok Klubjának elnöke, a Román Nemzeti Párt központi bizottságának tagja, a nemzeti [&hellip;]</p>
