{"id":23644,"date":"2025-08-01T17:35:53","date_gmt":"2025-08-01T15:35:53","guid":{"rendered":"https:\/\/uj.adatbank.ro\/lexikon\/termek\/trombitas-ananias-von-bethlen-trombitas-ananias\/"},"modified":"2025-08-01T17:35:53","modified_gmt":"2025-08-01T15:35:53","slug":"trombitas-ananias-von-bethlen-trombitas-ananias","status":"publish","type":"product","link":"https:\/\/uj.adatbank.ro\/lexikon\/termek\/trombitas-ananias-von-bethlen-trombitas-ananias\/","title":{"rendered":"TROMBI\u0162A\u015e, Ananias, von Bethlen; Trombit\u00e1s Ananias"},"content":{"rendered":"<p>Mv., 1899. m\u00e1j. 25, \u2020 Segesv\u00e1r, 1971. aug. 31: g. kel. lelk\u00e9sz, teol\u00f3giai tan\u00e1r. \u2013 Apja f\u0151pap. \u2013 El\u0151tanulm\u00e1nyait Nagyszebenben v\u00e9gezte, majd a B\u00e9csi Egy. Orv. \u00e9s Jogtud. Kar\u00e1n volt hallgat\u00f3 (1859\u201360), Innsbruckban \u00e9s R\u00f3m\u00e1ban is tanult (\u20131925). B\u00f6lcs\u00e9sz (1922) majd Teol\u00f3giai (1925) doktorr\u00e1 avatt\u00e1k. Hazat\u00e9rve Gyulafeh\u00e9rv\u00e1ron k\u00e1pl\u00e1n, k\u00f3rh\u00e1zi lelk\u00e9sz, teol\u00f3giai tan\u00e1r (1932\u201342), majd Segesv\u00e1ron pl\u00e9b\u00e1nos (1942\u2013), a kommunista hatalom\u00e1tv\u00e9tel ut\u00e1n S\u00e1rpatakon pap. M\u00e1s forr\u00e1sok szerint Parajdon (1930\u201332), Segesv\u00e1ron (1947\u201355) pl\u00e9b\u00e1nos, Gyulafeh\u00e9rv\u00e1ron teol\u00f3giai tan\u00e1r (1955\u201366), k\u00f6zben rektorhelyettes (\u20131962). Nyugd\u00edjaz\u00e1sa ut\u00e1n Segesv\u00e1rra k\u00f6lt\u00f6z\u00f6tt. <br \/><strong>\u2013 Irod.:<\/strong> Szab\u00f3\u2013Simon\u2013Sz\u00f6gi.<\/br><\/p>\n","protected":false},"excerpt":{"rendered":"<p>Mv., 1899. m\u00e1j. 25, \u2020 Segesv\u00e1r, 1971. aug. 31: g. kel. lelk\u00e9sz, teol\u00f3giai tan\u00e1r. \u2013 Apja f\u0151pap. \u2013 El\u0151tanulm\u00e1nyait Nagyszebenben v\u00e9gezte, majd a B\u00e9csi Egy. Orv. \u00e9s Jogtud. Kar\u00e1n volt hallgat\u00f3 (1859\u201360), Innsbruckban \u00e9s R\u00f3m\u00e1ban is tanult (\u20131925). B\u00f6lcs\u00e9sz (1922) majd Teol\u00f3giai (1925) doktorr\u00e1 avatt\u00e1k. Hazat\u00e9rve Gyulafeh\u00e9rv\u00e1ron k\u00e1pl\u00e1n, k\u00f3rh\u00e1zi lelk\u00e9sz, teol\u00f3giai tan\u00e1r (1932\u201342), majd Segesv\u00e1ron [&hellip;]<\/p>\n","protected":false},"featured_media":0,"comment_status":"open","ping_status":"closed","template":"","meta":[],"product_brand":[],"product_cat":[137],"product_tag":[],"class_list":{"0":"post-23644","1":"product","2":"type-product","3":"status-publish","5":"product_cat-maros-megyei-eletrajzi-lexikon","7":"first","8":"instock","9":"shipping-taxable","10":"product-type-simple"},"_links":{"self":[{"href":"https:\/\/uj.adatbank.ro\/lexikon\/wp-json\/wp\/v2\/product\/23644","targetHints":{"allow":["GET"]}}],"collection":[{"href":"https:\/\/uj.adatbank.ro\/lexikon\/wp-json\/wp\/v2\/product"}],"about":[{"href":"https:\/\/uj.adatbank.ro\/lexikon\/wp-json\/wp\/v2\/types\/product"}],"replies":[{"embeddable":true,"href":"https:\/\/uj.adatbank.ro\/lexikon\/wp-json\/wp\/v2\/comments?post=23644"}],"wp:attachment":[{"href":"https:\/\/uj.adatbank.ro\/lexikon\/wp-json\/wp\/v2\/media?parent=23644"}],"wp:term":[{"taxonomy":"product_brand","embeddable":true,"href":"https:\/\/uj.adatbank.ro\/lexikon\/wp-json\/wp\/v2\/product_brand?post=23644"},{"taxonomy":"product_cat","embeddable":true,"href":"https:\/\/uj.adatbank.ro\/lexikon\/wp-json\/wp\/v2\/product_cat?post=23644"},{"taxonomy":"product_tag","embeddable":true,"href":"https:\/\/uj.adatbank.ro\/lexikon\/wp-json\/wp\/v2\/product_tag?post=23644"}],"curies":[{"name":"wp","href":"https:\/\/api.w.org\/{rel}","templated":true}]}}

TROMBIŢAŞ, Ananias, von Bethlen; Trombitás Ananias

<p>Mv., 1899. máj. 25, † Segesvár, 1971. aug. 31: g. kel. lelkész, teológiai tanár. – Apja főpap. – Előtanulmányait Nagyszebenben végezte, majd a Bécsi Egy. Orv. és Jogtud. Karán volt hallgató (1859–60), Innsbruckban és Rómában is tanult (–1925). Bölcsész (1922) majd Teológiai (1925) doktorrá avatták. Hazatérve Gyulafehérváron káplán, kórházi lelkész, teológiai tanár (1932–42), majd Segesváron plébános (1942–), a kommunista hatalomátvétel után Sárpatakon pap. Más források szerint Parajdon (1930–32), Segesváron (1947–55) plébános, Gyulafehérváron teológiai tanár (1955–66), közben rektorhelyettes (–1962). Nyugdíjazása után Segesvárra költözött. <br /><strong>– Irod.:</strong> Szabó–Simon–Szögi.</br></p>

<p>Mv., 1899. máj. 25, † Segesvár, 1971. aug. 31: g. kel. lelkész, teológiai tanár. – Apja főpap. – Előtanulmányait Nagyszebenben végezte, majd a Bécsi Egy. Orv. és Jogtud. Karán volt hallgató (1859–60), Innsbruckban és Rómában is tanult (–1925). Bölcsész (1922) majd Teológiai (1925) doktorrá avatták. Hazatérve Gyulafehérváron káplán, kórházi lelkész, teológiai tanár (1932–42), majd Segesváron [&hellip;]</p>
