{"id":23646,"date":"2025-08-01T17:35:58","date_gmt":"2025-08-01T15:35:58","guid":{"rendered":"https:\/\/uj.adatbank.ro\/lexikon\/termek\/trombitas-istvan-trombitas-meszaros-istvan\/"},"modified":"2025-08-01T17:35:58","modified_gmt":"2025-08-01T15:35:58","slug":"trombitas-istvan-trombitas-meszaros-istvan","status":"publish","type":"product","link":"https:\/\/uj.adatbank.ro\/lexikon\/termek\/trombitas-istvan-trombitas-meszaros-istvan\/","title":{"rendered":"TROMBIT\u00c1S Istv\u00e1n, Trombit\u00e1s M\u00e9sz\u00e1ros Istv\u00e1n"},"content":{"rendered":"<p>? \u2020 1772: m\u00e9sz\u00e1rosmester, szen\u00e1tor, f\u0151b\u00edr\u00f3. \u2013 Mv.-en borb\u00edr\u00f3 (1735), a n\u00e9gy sokadalom egyik b\u00e9rl\u0151je (1758, 1760), utcafel\u00fcgyel\u0151 (1759). Szen\u00e1tor (1750, 1758, 1760, 1761), majd Mv. f\u0151b\u00edr\u00e1ja (1762, 1764). A Gubernium nem tekintette \u00e9rv\u00e9nyesnek Nemes Gy\u00f6rgy megv\u00e1laszt\u00e1s\u00e1t \u00e9s a katolikus T. I.-t tekinti f\u0151b\u00edr\u00f3nak, aki letette az esk\u00fct. \u00cdr\u00e1studatlan volt, \u00edr\u00f3de\u00e1kot kellett fogadni mell\u00e9je. \u00cdr\u00e1studatlans\u00e1ga miatt rengeteget g\u00fanyolt\u00e1k, s\u0151t m\u00e9g a F\u0151korm\u00e1nysz\u00e9kn\u00e9l is panaszt tettek ellene. A mv.-i egykori obszerv\u00e1ns ferences kolostortemplom kript\u00e1j\u00e1ba temett\u00e9k. <br \/><strong>\u2013 Irod.:<\/strong> Fodor\u2013Bal\u00e1s; Fogarasi, Id\u0151t\u00e1r 1; Mv.-i \u00f6rm\u00e9nyek; P\u00e1l-Antal 2006; P\u00e1l-Antal 2009.<\/br><\/p>\n","protected":false},"excerpt":{"rendered":"<p>? \u2020 1772: m\u00e9sz\u00e1rosmester, szen\u00e1tor, f\u0151b\u00edr\u00f3. \u2013 Mv.-en borb\u00edr\u00f3 (1735), a n\u00e9gy sokadalom egyik b\u00e9rl\u0151je (1758, 1760), utcafel\u00fcgyel\u0151 (1759). Szen\u00e1tor (1750, 1758, 1760, 1761), majd Mv. f\u0151b\u00edr\u00e1ja (1762, 1764). A Gubernium nem tekintette \u00e9rv\u00e9nyesnek Nemes Gy\u00f6rgy megv\u00e1laszt\u00e1s\u00e1t \u00e9s a katolikus T. I.-t tekinti f\u0151b\u00edr\u00f3nak, aki letette az esk\u00fct. \u00cdr\u00e1studatlan volt, \u00edr\u00f3de\u00e1kot kellett fogadni mell\u00e9je. \u00cdr\u00e1studatlans\u00e1ga [&hellip;]<\/p>\n","protected":false},"featured_media":0,"comment_status":"open","ping_status":"closed","template":"","meta":[],"product_brand":[],"product_cat":[137],"product_tag":[],"class_list":{"0":"post-23646","1":"product","2":"type-product","3":"status-publish","5":"product_cat-maros-megyei-eletrajzi-lexikon","7":"first","8":"instock","9":"shipping-taxable","10":"product-type-simple"},"_links":{"self":[{"href":"https:\/\/uj.adatbank.ro\/lexikon\/wp-json\/wp\/v2\/product\/23646","targetHints":{"allow":["GET"]}}],"collection":[{"href":"https:\/\/uj.adatbank.ro\/lexikon\/wp-json\/wp\/v2\/product"}],"about":[{"href":"https:\/\/uj.adatbank.ro\/lexikon\/wp-json\/wp\/v2\/types\/product"}],"replies":[{"embeddable":true,"href":"https:\/\/uj.adatbank.ro\/lexikon\/wp-json\/wp\/v2\/comments?post=23646"}],"wp:attachment":[{"href":"https:\/\/uj.adatbank.ro\/lexikon\/wp-json\/wp\/v2\/media?parent=23646"}],"wp:term":[{"taxonomy":"product_brand","embeddable":true,"href":"https:\/\/uj.adatbank.ro\/lexikon\/wp-json\/wp\/v2\/product_brand?post=23646"},{"taxonomy":"product_cat","embeddable":true,"href":"https:\/\/uj.adatbank.ro\/lexikon\/wp-json\/wp\/v2\/product_cat?post=23646"},{"taxonomy":"product_tag","embeddable":true,"href":"https:\/\/uj.adatbank.ro\/lexikon\/wp-json\/wp\/v2\/product_tag?post=23646"}],"curies":[{"name":"wp","href":"https:\/\/api.w.org\/{rel}","templated":true}]}}

TROMBITÁS István, Trombitás Mészáros István

<p>? † 1772: mészárosmester, szenátor, főbíró. – Mv.-en borbíró (1735), a négy sokadalom egyik bérlője (1758, 1760), utcafelügyelő (1759). Szenátor (1750, 1758, 1760, 1761), majd Mv. főbírája (1762, 1764). A Gubernium nem tekintette érvényesnek Nemes György megválasztását és a katolikus T. I.-t tekinti főbírónak, aki letette az esküt. Írástudatlan volt, íródeákot kellett fogadni melléje. Írástudatlansága miatt rengeteget gúnyolták, sőt még a Főkormányszéknél is panaszt tettek ellene. A mv.-i egykori obszerváns ferences kolostortemplom kriptájába temették. <br /><strong>– Irod.:</strong> Fodor–Balás; Fogarasi, Időtár 1; Mv.-i örmények; Pál-Antal 2006; Pál-Antal 2009.</br></p>

<p>? † 1772: mészárosmester, szenátor, főbíró. – Mv.-en borbíró (1735), a négy sokadalom egyik bérlője (1758, 1760), utcafelügyelő (1759). Szenátor (1750, 1758, 1760, 1761), majd Mv. főbírája (1762, 1764). A Gubernium nem tekintette érvényesnek Nemes György megválasztását és a katolikus T. I.-t tekinti főbírónak, aki letette az esküt. Írástudatlan volt, íródeákot kellett fogadni melléje. Írástudatlansága [&hellip;]</p>
