{"id":23650,"date":"2025-08-01T17:36:06","date_gmt":"2025-08-01T15:36:06","guid":{"rendered":"https:\/\/uj.adatbank.ro\/lexikon\/termek\/trombitas-partenie-trimbitas-trombitasiu-de-bethlen-parteniu-partenie-trombitas-bethleni-trombitas-parteniusz\/"},"modified":"2025-08-01T17:36:06","modified_gmt":"2025-08-01T15:36:06","slug":"trombitas-partenie-trimbitas-trombitasiu-de-bethlen-parteniu-partenie-trombitas-bethleni-trombitas-parteniusz","status":"publish","type":"product","link":"https:\/\/uj.adatbank.ro\/lexikon\/termek\/trombitas-partenie-trimbitas-trombitasiu-de-bethlen-parteniu-partenie-trombitas-bethleni-trombitas-parteniusz\/","title":{"rendered":"TROMBI\u0162A\u015e, Partenie, Tr\u00eembi\u0163a\u015f; Trombi\u0163a\u015fiu de Bethlen, Parteniu, Partenie Trombit\u00e1s, bethleni Trombit\u00e1s P\u00e1rt\u00e9niusz"},"content":{"rendered":"<p>Bethlen, 1812, \u2020 Mv., 1889. m\u00e1j. 5. eltemetve a Fatemplom temet\u0151j\u00e9ben: g. kat. esperes, tan\u00e1r, n\u00e9pvez\u00e9r. \u2013 Fia: T. \u00c1n\u00e1niusz, feles\u00e9ge Moga Ir\u00e9n. \u2013 Pl\u00e9b\u00e1nos (1834\u2013), Marosszentgy\u00f6rgy\u00f6n kezdte hivat\u00e1s\u00e1t (1835. nov. 16.- 36. febr. 11.). Marosszentgy\u00f6rgy\u00f6n f\u00f6ldbirtokai voltak: a Tanorokban \u00e9s a S\u00f3sk\u00fatn\u00e1l. Esperes Mv.-en (1836\u201389). Ilie Farag\u00f3 \u00fcgyv\u00e9ddel egy\u00fctt r\u00e9szt vett a mv.-i rom\u00e1n kancellist\u00e1k olvas\u00f3k\u00f6r\u00e9nek alakul\u00f3 \u00fcl\u00e9s\u00e9n, amelynek fontos szerepe volt a k\u00e9s\u0151bbi forradalm\u00e1rok k\u00e9pz\u00e9s\u00e9ben. R\u00e9szt vett a bal\u00e1zsfalvi nagygy\u0171l\u00e9sen, annak egyik szervez\u0151je (1848. m\u00e1j. 3\/15.) \u00e9s tagja volt annak a deleg\u00e1ci\u00f3nak, amelyik a kv.-i orsz\u00e1ggy\u0171l\u00e9sen el\u0151terjesztette a k\u00f6vetel\u00e9seket. A hat\u00f3s\u00e1gok \u00fcld\u00f6z\u00e9se miatt Szebenbe, majd Meggyesre menek\u00fclt, csak a forradalom ut\u00e1n t\u00e9rt vissza Mv.-re, ahol vagyon\u00e1t\u00f3l megfosztott\u00e1k, otthon\u00e1t feld\u00falt\u00e1k \u00e9s kifosztott\u00e1k. Sokat tett a Maros-v\u00f6lgyi rom\u00e1n oktat\u00e1s\u00e9rt, \u00faj iskol\u00e1kat l\u00e9tes\u00edtett \u00c1kosfalv\u00e1n, Szentbenedeken, Koronk\u00e1n, Marosszentgy\u00f6rgy\u00f6n, V\u00e9ck\u00e9n, Mosonban, Kebel\u00e9n, Medgyesfalv\u00e1n, Maroskereszt\u00faron, Erd\u0151szentgy\u00f6rgy\u00f6n, \u00e9s gondoskodott ezek fenntart\u00e1s\u00e1r\u00f3l. Hozz\u00e1j\u00e1rult a marosszentgy\u00f6rgyi rom\u00e1n iskola l\u00e9tes\u00edt\u00e9s\u00e9hez (1858). R\u00e9szt vett a Rom\u00e1nok Nemzeti Konferenci\u00e1j\u00e1n (1863), felemelte hangj\u00e1t a nemzeti \u00e9s vall\u00e1si egyenl\u0151s\u00e9g \u00e9s Erd\u00e9ly auton\u00f3mi\u00e1ja \u00e9rdek\u00e9ben. M. Eminescu Mv.-en tart\u00f3zkodott (1866) egy \u00e9jszak\u00e1t t\u00f6lt\u00f6tt a fatemplomban vend\u00e9gek\u00e9nt. Tagja volt a T\u00f3falvi parasztok megseg\u00edt\u00e9s\u00e9t szervez\u0151 bizotts\u00e1gnak (1869). Tagja volt a mv.-i ASTRA-nak (1876\u2013). Rom\u00e1n k\u00f6nyvt\u00e1rat alap\u00edtott, sokat foglalkozott az ifj\u00fas\u00e1g nevel\u00e9s\u00e9vel. T\u00f6rt\u00e9nelmi dokumentumokat gy\u0171jt\u00f6tt, amelyeket Benk\u0151 K\u00e1roly is felhaszn\u00e1lt a Marossz\u00e9k ismertet\u00e9se c. munk\u00e1j\u00e1ban. K\u00f6z\u00f6lt a brass\u00f3i Gazeta Transilvaniei has\u00e1bjain. Levelezett G. Bari\u0163iuval, I. Hodossal. <br \/><strong>\u2013 Irod.:<\/strong> 1848\u20131849 Marossz\u00e9k; B\u0103ciu\u0163, Nicolae-\u015eincan, Gheorghe Nicolae: Biserica de piatr\u0103 \u201e\u00cen\u0103l\u0163area Domnului\u201d T\u00e2rgu-Mure\u015f (Vatra veche, 2009, 11. sz.); Boar; Gy\u00e1szjelent\u0151; Id\u0151t\u00e1r 1; Id\u0151t\u00e1r 2; Mihu, Elena; S\u00e2ngeorgiu de Mure\u015f. Biserica; \u015eincan, Gheorghe Nicolae: \u201eInventarul tuturor bisericilor afl\u0103toare ano 1872 sub protopresbiteratul Mure\u015fiu O\u015forheiului fiind protopre\u015fbiter Parteniu Trombita\u015fiu de Bethlen\u201d (Alba-Iulia, 2011); P\u00e1l-Antal; Popa, Traian: Tg. M.; Profiluri mure\u015fene. 1.; \u015eincan 2006; Todea 2013.<\/br><\/p>\n","protected":false},"excerpt":{"rendered":"<p>Bethlen, 1812, \u2020 Mv., 1889. m\u00e1j. 5. eltemetve a Fatemplom temet\u0151j\u00e9ben: g. kat. esperes, tan\u00e1r, n\u00e9pvez\u00e9r. \u2013 Fia: T. \u00c1n\u00e1niusz, feles\u00e9ge Moga Ir\u00e9n. \u2013 Pl\u00e9b\u00e1nos (1834\u2013), Marosszentgy\u00f6rgy\u00f6n kezdte hivat\u00e1s\u00e1t (1835. nov. 16.- 36. febr. 11.). Marosszentgy\u00f6rgy\u00f6n f\u00f6ldbirtokai voltak: a Tanorokban \u00e9s a S\u00f3sk\u00fatn\u00e1l. Esperes Mv.-en (1836\u201389). Ilie Farag\u00f3 \u00fcgyv\u00e9ddel egy\u00fctt r\u00e9szt vett a mv.-i rom\u00e1n [&hellip;]<\/p>\n","protected":false},"featured_media":0,"comment_status":"open","ping_status":"closed","template":"","meta":[],"product_brand":[],"product_cat":[137],"product_tag":[],"class_list":{"0":"post-23650","1":"product","2":"type-product","3":"status-publish","5":"product_cat-maros-megyei-eletrajzi-lexikon","7":"first","8":"instock","9":"shipping-taxable","10":"product-type-simple"},"_links":{"self":[{"href":"https:\/\/uj.adatbank.ro\/lexikon\/wp-json\/wp\/v2\/product\/23650","targetHints":{"allow":["GET"]}}],"collection":[{"href":"https:\/\/uj.adatbank.ro\/lexikon\/wp-json\/wp\/v2\/product"}],"about":[{"href":"https:\/\/uj.adatbank.ro\/lexikon\/wp-json\/wp\/v2\/types\/product"}],"replies":[{"embeddable":true,"href":"https:\/\/uj.adatbank.ro\/lexikon\/wp-json\/wp\/v2\/comments?post=23650"}],"wp:attachment":[{"href":"https:\/\/uj.adatbank.ro\/lexikon\/wp-json\/wp\/v2\/media?parent=23650"}],"wp:term":[{"taxonomy":"product_brand","embeddable":true,"href":"https:\/\/uj.adatbank.ro\/lexikon\/wp-json\/wp\/v2\/product_brand?post=23650"},{"taxonomy":"product_cat","embeddable":true,"href":"https:\/\/uj.adatbank.ro\/lexikon\/wp-json\/wp\/v2\/product_cat?post=23650"},{"taxonomy":"product_tag","embeddable":true,"href":"https:\/\/uj.adatbank.ro\/lexikon\/wp-json\/wp\/v2\/product_tag?post=23650"}],"curies":[{"name":"wp","href":"https:\/\/api.w.org\/{rel}","templated":true}]}}

TROMBIŢAŞ, Partenie, Trîmbiţaş; Trombiţaşiu de Bethlen, Parteniu, Partenie Trombitás, bethleni Trombitás Párténiusz

<p>Bethlen, 1812, † Mv., 1889. máj. 5. eltemetve a Fatemplom temetőjében: g. kat. esperes, tanár, népvezér. – Fia: T. Ánániusz, felesége Moga Irén. – Plébános (1834–), Marosszentgyörgyön kezdte hivatását (1835. nov. 16.- 36. febr. 11.). Marosszentgyörgyön földbirtokai voltak: a Tanorokban és a Sóskútnál. Esperes Mv.-en (1836–89). Ilie Faragó ügyvéddel együtt részt vett a mv.-i román kancellisták olvasókörének alakuló ülésén, amelynek fontos szerepe volt a későbbi forradalmárok képzésében. Részt vett a balázsfalvi nagygyűlésen, annak egyik szervezője (1848. máj. 3/15.) és tagja volt annak a delegációnak, amelyik a kv.-i országgyűlésen előterjesztette a követeléseket. A hatóságok üldözése miatt Szebenbe, majd Meggyesre menekült, csak a forradalom után tért vissza Mv.-re, ahol vagyonától megfosztották, otthonát feldúlták és kifosztották. Sokat tett a Maros-völgyi román oktatásért, új iskolákat létesített Ákosfalván, Szentbenedeken, Koronkán, Marosszentgyörgyön, Véckén, Mosonban, Kebelén, Medgyesfalván, Maroskeresztúron, Erdőszentgyörgyön, és gondoskodott ezek fenntartásáról. Hozzájárult a marosszentgyörgyi román iskola létesítéséhez (1858). Részt vett a Románok Nemzeti Konferenciáján (1863), felemelte hangját a nemzeti és vallási egyenlőség és Erdély autonómiája érdekében. M. Eminescu Mv.-en tartózkodott (1866) egy éjszakát töltött a fatemplomban vendégeként. Tagja volt a Tófalvi parasztok megsegítését szervező bizottságnak (1869). Tagja volt a mv.-i ASTRA-nak (1876–). Román könyvtárat alapított, sokat foglalkozott az ifjúság nevelésével. Történelmi dokumentumokat gyűjtött, amelyeket Benkő Károly is felhasznált a Marosszék ismertetése c. munkájában. Közölt a brassói Gazeta Transilvaniei hasábjain. Levelezett G. Bariţiuval, I. Hodossal. <br /><strong>– Irod.:</strong> 1848–1849 Marosszék; Băciuţ, Nicolae-Şincan, Gheorghe Nicolae: Biserica de piatră „Înălţarea Domnului” Târgu-Mureş (Vatra veche, 2009, 11. sz.); Boar; Gyászjelentő; Időtár 1; Időtár 2; Mihu, Elena; Sângeorgiu de Mureş. Biserica; Şincan, Gheorghe Nicolae: „Inventarul tuturor bisericilor aflătoare ano 1872 sub protopresbiteratul Mureşiu Oşorheiului fiind protopreşbiter Parteniu Trombitaşiu de Bethlen” (Alba-Iulia, 2011); Pál-Antal; Popa, Traian: Tg. M.; Profiluri mureşene. 1.; Şincan 2006; Todea 2013.</br></p>

<p>Bethlen, 1812, † Mv., 1889. máj. 5. eltemetve a Fatemplom temetőjében: g. kat. esperes, tanár, népvezér. – Fia: T. Ánániusz, felesége Moga Irén. – Plébános (1834–), Marosszentgyörgyön kezdte hivatását (1835. nov. 16.- 36. febr. 11.). Marosszentgyörgyön földbirtokai voltak: a Tanorokban és a Sóskútnál. Esperes Mv.-en (1836–89). Ilie Faragó ügyvéddel együtt részt vett a mv.-i román [&hellip;]</p>
