{"id":23655,"date":"2025-08-01T17:36:18","date_gmt":"2025-08-01T15:36:18","guid":{"rendered":"https:\/\/uj.adatbank.ro\/lexikon\/termek\/trozner-ferenc\/"},"modified":"2025-08-01T17:36:18","modified_gmt":"2025-08-01T15:36:18","slug":"trozner-ferenc","status":"publish","type":"product","link":"https:\/\/uj.adatbank.ro\/lexikon\/termek\/trozner-ferenc\/","title":{"rendered":"TR\u00d3ZNER Ferenc"},"content":{"rendered":"<p>Mv., 1925. m\u00e1rc. 18., \u2020 Mv., 2016. okt. 6.: orvos. \u2013 T. S\u00e1muel (\u2020 1917) \u00e9s L\u00e1szl\u00f3 Anna (1837? \u2013 Mv., 1919. m\u00e1j. 3.) unok\u00e1ja. Sz\u00fclei: Ferenc \u00e9s Paula. (1949). Feles\u00e9ge: \u00c1d\u00e1m Ilona f\u0151pszichol\u00f3gus (1949). Gyermekeik: Ferenc (1950) kinetoterapeuta; Andr\u00e1s (1952) v\u00e1llalkoz\u00f3. \u2013 A MOGYE \u00e1ltal\u00e1nos orvosi kar\u00e1n v\u00e9gzett (1952), seb\u00e9sz szakorvos (1956), \u00e1ltal\u00e1nos f\u0151orvosdiplom\u00e1t kapott (1957), K\u00f6zeg\u00e9szs\u00e9g\u00fcgyi \u00e9s higi\u00e9niai f\u0151orvosi oklevelet kapott (1968). Gyimesk\u00f6z\u00e9plokon k\u00f6rorvos (1954\u201356); Cs\u00edk j\u00e1r\u00e1s f\u0151orvosa, az Eg\u00e9szs\u00e9g\u00fcgyi Nevel\u00e9si H\u00e1z alap\u00edt\u00f3ja \u00e9s igazgat\u00f3ja, t\u00f6bb j\u00e1r\u00e1s felel\u0151se. A Maros Magyar Auton\u00f3m Tartom\u00e1ny eg\u00e9szs\u00e9g\u00fcgyi oszt\u00e1ly\u00e1nak munkat\u00e1rsa (1966\u20131968) A nagy k\u00f3rh\u00e1z \u00e9s t\u00f6bb m\u00e1s eg\u00e9szs\u00e9g\u00fcgyi int\u00e9zm\u00e9ny l\u00e9trehoz\u00e1sa f\u0171z\u0151dik a nev\u00e9hez. A Maros Megyei Eg\u00e9szs\u00e9g\u00fcgyi igazgat\u00f3s\u00e1g igazgat\u00f3helyettes f\u0151orvosa (1968\u201390 k\u00f6r\u00fclig). Vezet\u0151je a Megyei Klnika Ment\u00e1llaborat\u00f3rium\u00e1nak (1968.\u2020 2010. m\u00e1rc. 13). \u2013 Megalap\u00edtotta \u00e9s vezette a rep\u00fcl\u0151modellez\u00e9s m\u0171helyi tev\u00e9kenys\u00e9g\u00e9t (1941), \u00fajraszervezte \u00e9s elind\u00edtotta a sportrep\u00fcl\u0151i tev\u00e9kenys\u00e9get \u00e9s rep\u00fcl\u0151iskol\u00e1n Mv.-en (1945) \u00e9s Erd\u00e9lyben els\u0151k\u00e9nt emelkedett a leveg\u0151be a Pilis nev\u0171 vitorl\u00e1z\u00f3 g\u00e9ppel Marosszentgy\u00f6rgy\u00f6n. A Maros Auton\u00f3m Tartom\u00e1ny rep\u00fcl\u0151bizotts\u00e1g titk\u00e1ra \u00e9s vezet\u0151je (1948), elnyerte a Media For\u021belor Armatei elismer\u00e9st. A nagy k\u00f3rh\u00e1z \u00e9s t\u00f6bb m\u00e1s eg\u00e9szs\u00e9g\u00fcgyi int\u00e9zm\u00e9ny l\u00e9trehoz\u00e1sa f\u0171z\u0151dik a nev\u00e9hez. A mv.-i rep\u00fcl\u0151iskola alap\u00edt\u00f3ja, ez\u00fcstkoszor\u00fas vitorl\u00e1z\u00f3 rep\u00fcl\u0151pil\u00f3ta \u00e9s oktat\u00f3. Katonai \u00e9rdem\u00e9rem (vitorl\u00e1z\u00f3 rep\u00fcl\u00e9s) birtokosa (1948). Munka \u00e9rdem\u00e9rmet kapott (1962 \u00e9s 1964), a V\u00f6r\u00f6skereszt bronz, ez\u00fcst \u00e9s arany fokozat\u00e1t nyerte el (1973). \u2013  <strong>F. m..:<\/strong> t\u00e1rssz: Any\u00e1k iskol\u00e1ja (Mv., 1969). <br \/><strong>\u2013 Irod.:<\/strong> EMKK 2010; Kiss\u2013P\u00e9terffy\u2013P\u00e9terffy; [Nekrol\u00f3g] (N\u00fa., 2016. okt. 8., 10.); R\u00e9thy\u2013\u00dajv\u00e1ri\u2013V\u00e1czi; Sipos.<\/br><\/p>\n","protected":false},"excerpt":{"rendered":"<p>Mv., 1925. m\u00e1rc. 18., \u2020 Mv., 2016. okt. 6.: orvos. \u2013 T. S\u00e1muel (\u2020 1917) \u00e9s L\u00e1szl\u00f3 Anna (1837? \u2013 Mv., 1919. m\u00e1j. 3.) unok\u00e1ja. Sz\u00fclei: Ferenc \u00e9s Paula. (1949). Feles\u00e9ge: \u00c1d\u00e1m Ilona f\u0151pszichol\u00f3gus (1949). Gyermekeik: Ferenc (1950) kinetoterapeuta; Andr\u00e1s (1952) v\u00e1llalkoz\u00f3. \u2013 A MOGYE \u00e1ltal\u00e1nos orvosi kar\u00e1n v\u00e9gzett (1952), seb\u00e9sz szakorvos (1956), \u00e1ltal\u00e1nos f\u0151orvosdiplom\u00e1t [&hellip;]<\/p>\n","protected":false},"featured_media":0,"comment_status":"open","ping_status":"closed","template":"","meta":[],"product_brand":[],"product_cat":[137],"product_tag":[],"class_list":{"0":"post-23655","1":"product","2":"type-product","3":"status-publish","5":"product_cat-maros-megyei-eletrajzi-lexikon","7":"first","8":"instock","9":"shipping-taxable","10":"product-type-simple"},"_links":{"self":[{"href":"https:\/\/uj.adatbank.ro\/lexikon\/wp-json\/wp\/v2\/product\/23655","targetHints":{"allow":["GET"]}}],"collection":[{"href":"https:\/\/uj.adatbank.ro\/lexikon\/wp-json\/wp\/v2\/product"}],"about":[{"href":"https:\/\/uj.adatbank.ro\/lexikon\/wp-json\/wp\/v2\/types\/product"}],"replies":[{"embeddable":true,"href":"https:\/\/uj.adatbank.ro\/lexikon\/wp-json\/wp\/v2\/comments?post=23655"}],"wp:attachment":[{"href":"https:\/\/uj.adatbank.ro\/lexikon\/wp-json\/wp\/v2\/media?parent=23655"}],"wp:term":[{"taxonomy":"product_brand","embeddable":true,"href":"https:\/\/uj.adatbank.ro\/lexikon\/wp-json\/wp\/v2\/product_brand?post=23655"},{"taxonomy":"product_cat","embeddable":true,"href":"https:\/\/uj.adatbank.ro\/lexikon\/wp-json\/wp\/v2\/product_cat?post=23655"},{"taxonomy":"product_tag","embeddable":true,"href":"https:\/\/uj.adatbank.ro\/lexikon\/wp-json\/wp\/v2\/product_tag?post=23655"}],"curies":[{"name":"wp","href":"https:\/\/api.w.org\/{rel}","templated":true}]}}

TRÓZNER Ferenc

<p>Mv., 1925. márc. 18., † Mv., 2016. okt. 6.: orvos. – T. Sámuel († 1917) és László Anna (1837? – Mv., 1919. máj. 3.) unokája. Szülei: Ferenc és Paula. (1949). Felesége: Ádám Ilona főpszichológus (1949). Gyermekeik: Ferenc (1950) kinetoterapeuta; András (1952) vállalkozó. – A MOGYE általános orvosi karán végzett (1952), sebész szakorvos (1956), általános főorvosdiplomát kapott (1957), Közegészségügyi és higiéniai főorvosi oklevelet kapott (1968). Gyimesközéplokon körorvos (1954–56); Csík járás főorvosa, az Egészségügyi Nevelési Ház alapítója és igazgatója, több járás felelőse. A Maros Magyar Autonóm Tartomány egészségügyi osztályának munkatársa (1966–1968) A nagy kórház és több más egészségügyi intézmény létrehozása fűződik a nevéhez. A Maros Megyei Egészségügyi igazgatóság igazgatóhelyettes főorvosa (1968–90 körülig). Vezetője a Megyei Klnika Mentállaboratóriumának (1968.† 2010. márc. 13). – Megalapította és vezette a repülőmodellezés műhelyi tevékenységét (1941), újraszervezte és elindította a sportrepülői tevékenységet és repülőiskolán Mv.-en (1945) és Erdélyben elsőként emelkedett a levegőbe a Pilis nevű vitorlázó géppel Marosszentgyörgyön. A Maros Autonóm Tartomány repülőbizottság titkára és vezetője (1948), elnyerte a Media Forțelor Armatei elismerést. A nagy kórház és több más egészségügyi intézmény létrehozása fűződik a nevéhez. A mv.-i repülőiskola alapítója, ezüstkoszorús vitorlázó repülőpilóta és oktató. Katonai érdemérem (vitorlázó repülés) birtokosa (1948). Munka érdemérmet kapott (1962 és 1964), a Vöröskereszt bronz, ezüst és arany fokozatát nyerte el (1973). –  <strong>F. m..:</strong> társsz: Anyák iskolája (Mv., 1969). <br /><strong>– Irod.:</strong> EMKK 2010; Kiss–Péterffy–Péterffy; [Nekrológ] (Nú., 2016. okt. 8., 10.); Réthy–Újvári–Váczi; Sipos.</br></p>

<p>Mv., 1925. márc. 18., † Mv., 2016. okt. 6.: orvos. – T. Sámuel († 1917) és László Anna (1837? – Mv., 1919. máj. 3.) unokája. Szülei: Ferenc és Paula. (1949). Felesége: Ádám Ilona főpszichológus (1949). Gyermekeik: Ferenc (1950) kinetoterapeuta; András (1952) vállalkozó. – A MOGYE általános orvosi karán végzett (1952), sebész szakorvos (1956), általános főorvosdiplomát [&hellip;]</p>
