{"id":23656,"date":"2025-08-01T17:36:20","date_gmt":"2025-08-01T15:36:20","guid":{"rendered":"https:\/\/uj.adatbank.ro\/lexikon\/termek\/trozner-jozsef-%c2%a7\/"},"modified":"2025-08-01T17:36:20","modified_gmt":"2025-08-01T15:36:20","slug":"trozner-jozsef-%c2%a7","status":"publish","type":"product","link":"https:\/\/uj.adatbank.ro\/lexikon\/termek\/trozner-jozsef-%c2%a7\/","title":{"rendered":"TR\u00d3ZNER J\u00f3zsef, \u00a7"},"content":{"rendered":"<p>Mv., 1904. aug. 4., \u2020 Mv., 1984. febr. 6.: zenetan\u00e1r, zeneszerz\u0151, zenekritikus. \u2013 T. Lajos \u00e9s So\u00f3s Anna fia. Feles\u00e9ge Erkel S\u00e1ra zongoram\u0171v\u00e9sz. \u2013 A Ref. Koll.-ban \u00e9retts\u00e9gizett (1922). Zenei tanulm\u00e1nyait a mv.-i Zeneiskol\u00e1ban v\u00e9gezte (1915\u201323) Tonh\u00e1zi Ferenc, L\u00e1szl\u00f3 \u00c1rp\u00e1d, Zsizsmann Rezs\u0151 ir\u00e1ny\u00edt\u00e1s\u00e1val. Bp.-en k\u00f6zgazdas\u00e1gi egyetemen j\u00e1rt (1923\u2013), majd a p\u00e1rizsi \u00c9cole des Hautes \u00c9tudes Comerciale kereskedelmi akad\u00e9mia el\u0151ad\u00e1sait hallgatta (1924\u201325). B\u00e9csbe ment nyelvtanul\u00e1s c\u00e9lj\u00e1val, de zongoraszakon v\u00e9gzett (1928\u201330) a zeneakad\u00e9mi\u00e1n, ahol t\u00f6bbek mellett Richard St\u00f6hr \u00e9s Franz Schmidt professzor ir\u00e1ny\u00edtotta tanulm\u00e1nyait, Schmidt Meisterschule f\u00fcr Compozitionj\u00e1ban is tanult \u00e9s zeneszerz\u0151i szakot v\u00e9gzett (1933\u201335). Hazat\u00e9rt Mv.-re, ahol hathat\u00f3s zenei nevel\u0151tev\u00e9kenys\u00e9get fejtett ki, zeneszerz\u00e9ssel foglalkozott \u00e9s a v\u00e1ros szellemi \u00e9let\u00e9nek tev\u00e9keny r\u00e9sztvev\u0151je lett. Zenetan\u00e1r k\u00fcl\u00f6nb\u00f6z\u0151 mv.-i iskol\u00e1kban (1946\u2013): a Zenekonzervat\u00f3riumban tan\u00edtott zeneelm\u00e9letet, -t\u00f6rt\u00e9netet, zeneszerz\u00e9st (1947\u201349), a N\u00e9pi M\u0171v\u00e9szeti Iskola \u00e9s a M\u0171v\u00e9szeti L\u00edc. zeneelm\u00e9let, szolf\u00e9zs \u00e9s \u00f6sszhangzattan tan\u00e1ra nyugd\u00edjaz\u00e1s\u00e1ig (1949\u201371). K\u00f6zben Mv.-en 3 \u00e9ves Pedag\u00f3giai F\u0151iskola l\u00e9tes\u00fclt, ennek zenetagozat\u00e1n \u00f6sszhangzattant, ellenponttant \u00e9s formatant adott le (1961\u201368). Kiv\u00e1l\u00f3 muzsikusok eg\u00e9sz sor\u00e1t ind\u00edtotta el p\u00e1ly\u00e1j\u00e1n: Szab\u00f3 Csaba, Csiky Boldizs\u00e1r, Ter\u00e9nyi Ede, Orb\u00e1n Gy\u00f6rgy zeneszerz\u0151ket. Nagykult\u00far\u00e1j\u00fa ember \u00e9s kiv\u00e1l\u00f3 pedag\u00f3gus volt. Kit\u0171n\u0151en besz\u00e9lt n\u00e9met\u00fcl, franci\u00e1ul, olaszul, latinul, oroszul, rom\u00e1nul, \u00e9rdekelte az irodalom, k\u00e9pz\u0151m\u0171v\u00e9szet, t\u00f6rt\u00e9nelem. A KZST tagja (1934\u2013). M\u00e9g B\u00e9csben kezdett dalokat szerezni, ezt folytatta Mv.-en is. Szerzem\u00e9nyeit K\u00f6ll\u0151 Wojtekovits Olga, P\u00e9ter Emma, Bed\u0151 Emma, Dudutz \u00c1gnes \u00e9nekesn\u0151 k\u00f6zrem\u0171k\u00f6d\u00e9s\u00e9vel, szem\u00e9lyesen k\u00eds\u00e9rve zongor\u00e1n, adt\u00e1k el\u0151 koncerteken (1930\u2013). \u00cdrt vok\u00e1lszimfonikus, szimfonikus, kamara- \u00e9s vok\u00e1lis zen\u00e9t, \u00edrt dalokat n\u00e9pdalfeldolgoz\u00e1sokat, t\u00f6megdalokat. F\u0151k\u00e9nt Balassi, Babits, Juh\u00e1sz Gyula, Dsida Jen\u0151, Berde M\u00e1ria verseit zen\u00e9s\u00edtette meg. De Rilke, Baudlaire, Verlaine, Michelangello, Shakespeare verseket is. A Rom\u00e1n Zeneszerz\u0151 Sz\u00f6vets\u00e9g mv.-i fi\u00f3kj\u00e1nak titk\u00e1ra (1949\u201360). \u2013  <strong>F. m..:<\/strong> <strong>szimfonikus zene:<\/strong> C-d\u00far szimf\u00f3nia (1935); Sz\u00e9kely rapsz\u00f3dia (1951); <strong>kamarazene:<\/strong> Fisz-moll von\u00f3sn\u00e9gyes (1933); T\u00e9ma \u00e9s vari\u00e1ci\u00f3k egy n\u00e9pi t\u00e9m\u00e1ra (1934); D-d\u00far heged\u0171-zongora szon\u00e1ta (1950); 2 zongora darab (1951); H\u00e1rom dal \u00e9nekhangra \u00e9s zongor\u00e1ra (Jod\u00e1l G\u00e1bor, Eisikovits Mih\u00e1ly; Buk., 1951); 3 heged\u00fa-zongora darab (1951); Kis darab fuvola-zongor\u00e1ra (1952); 2 darab heged\u0171-zongor\u00e1ra (1961); <strong>k\u00f3rusm\u0171vek:<\/strong> dalok Shakespeare, Michelangelo, V. Hugo, Elisabeth Browning, Baudelaire, Verlaine, L. Kain, R. M. Rilke, Petrarca, Goethe, Mallarm\u00e9; Burns; Charles d`Orleans, Babits Mih\u00e1ly, Balassi B\u00e1lint, Juh\u00e1sz Gyula, Dsida Jen\u0151, Vajda J\u00e1nos, Berde M\u00e1ria, Kriza J\u00e1nos, Szab\u00f3 L\u0151rinc \u00e9s m\u00e1sok verseire. <br \/><strong>\u2013 Irod.:<\/strong> csal\u00e1di inf.; Benk\u0151 Andr\u00e1s: \u201eKedvenc m\u0171fajom a dal\u2026\u201d (A H\u00e9t, 1988, 41. sz.); Id\u0151t\u00e1r 3; Katona Szab\u00f3 Istv\u00e1n: Az \u00daj \u00c9let lexikona, 153. (\u00daj \u00c9let, 1976, 22. sz.); Kim; M\u00c9L; MRL; N\u00e9p\u00fajs\u00e1g (1950. febr. 1.); Sava; Sava-Vartolomei; Simon Dezs\u0151: T. J. (Utunk, 1973. szept. 7.); Sipos; Sz\u00e9pr\u00e9ti Lilla: \u00c9rt\u00e9kes, tartalmas \u00e9let (\u00daj \u00c9let, 1984, 8. sz.); T. J. [Nekrol\u00f3g] (V. Z., 1984. febr. 7.; 1984. febr. 8.); Ter\u00e9nyi Ede: T. J.-r\u0151l. n\u00e9gy dal marg\u00f3j\u00e1ra (Utunk, 1982. jan. 8.); Ter\u00e9nyi Ede: T. J. eml\u00e9k\u00e9re (Utunk, 1984. febr. 24.); Todea 2013; \u00daM\u00c9L; Zenetudom\u00e1nyi \u00edr\u00e1sok.<\/br><\/p>\n","protected":false},"excerpt":{"rendered":"<p>Mv., 1904. aug. 4., \u2020 Mv., 1984. febr. 6.: zenetan\u00e1r, zeneszerz\u0151, zenekritikus. \u2013 T. Lajos \u00e9s So\u00f3s Anna fia. Feles\u00e9ge Erkel S\u00e1ra zongoram\u0171v\u00e9sz. \u2013 A Ref. Koll.-ban \u00e9retts\u00e9gizett (1922). Zenei tanulm\u00e1nyait a mv.-i Zeneiskol\u00e1ban v\u00e9gezte (1915\u201323) Tonh\u00e1zi Ferenc, L\u00e1szl\u00f3 \u00c1rp\u00e1d, Zsizsmann Rezs\u0151 ir\u00e1ny\u00edt\u00e1s\u00e1val. Bp.-en k\u00f6zgazdas\u00e1gi egyetemen j\u00e1rt (1923\u2013), majd a p\u00e1rizsi \u00c9cole des Hautes \u00c9tudes [&hellip;]<\/p>\n","protected":false},"featured_media":0,"comment_status":"open","ping_status":"closed","template":"","meta":[],"product_brand":[],"product_cat":[137],"product_tag":[],"class_list":{"0":"post-23656","1":"product","2":"type-product","3":"status-publish","5":"product_cat-maros-megyei-eletrajzi-lexikon","7":"first","8":"instock","9":"shipping-taxable","10":"product-type-simple"},"_links":{"self":[{"href":"https:\/\/uj.adatbank.ro\/lexikon\/wp-json\/wp\/v2\/product\/23656","targetHints":{"allow":["GET"]}}],"collection":[{"href":"https:\/\/uj.adatbank.ro\/lexikon\/wp-json\/wp\/v2\/product"}],"about":[{"href":"https:\/\/uj.adatbank.ro\/lexikon\/wp-json\/wp\/v2\/types\/product"}],"replies":[{"embeddable":true,"href":"https:\/\/uj.adatbank.ro\/lexikon\/wp-json\/wp\/v2\/comments?post=23656"}],"wp:attachment":[{"href":"https:\/\/uj.adatbank.ro\/lexikon\/wp-json\/wp\/v2\/media?parent=23656"}],"wp:term":[{"taxonomy":"product_brand","embeddable":true,"href":"https:\/\/uj.adatbank.ro\/lexikon\/wp-json\/wp\/v2\/product_brand?post=23656"},{"taxonomy":"product_cat","embeddable":true,"href":"https:\/\/uj.adatbank.ro\/lexikon\/wp-json\/wp\/v2\/product_cat?post=23656"},{"taxonomy":"product_tag","embeddable":true,"href":"https:\/\/uj.adatbank.ro\/lexikon\/wp-json\/wp\/v2\/product_tag?post=23656"}],"curies":[{"name":"wp","href":"https:\/\/api.w.org\/{rel}","templated":true}]}}

TRÓZNER József, §

<p>Mv., 1904. aug. 4., † Mv., 1984. febr. 6.: zenetanár, zeneszerző, zenekritikus. – T. Lajos és Soós Anna fia. Felesége Erkel Sára zongoraművész. – A Ref. Koll.-ban érettségizett (1922). Zenei tanulmányait a mv.-i Zeneiskolában végezte (1915–23) Tonházi Ferenc, László Árpád, Zsizsmann Rezső irányításával. Bp.-en közgazdasági egyetemen járt (1923–), majd a párizsi École des Hautes Études Comerciale kereskedelmi akadémia előadásait hallgatta (1924–25). Bécsbe ment nyelvtanulás céljával, de zongoraszakon végzett (1928–30) a zeneakadémián, ahol többek mellett Richard Stöhr és Franz Schmidt professzor irányította tanulmányait, Schmidt Meisterschule für Compozitionjában is tanult és zeneszerzői szakot végzett (1933–35). Hazatért Mv.-re, ahol hathatós zenei nevelőtevékenységet fejtett ki, zeneszerzéssel foglalkozott és a város szellemi életének tevékeny résztvevője lett. Zenetanár különböző mv.-i iskolákban (1946–): a Zenekonzervatóriumban tanított zeneelméletet, -történetet, zeneszerzést (1947–49), a Népi Művészeti Iskola és a Művészeti Líc. zeneelmélet, szolfézs és összhangzattan tanára nyugdíjazásáig (1949–71). Közben Mv.-en 3 éves Pedagógiai Főiskola létesült, ennek zenetagozatán összhangzattant, ellenponttant és formatant adott le (1961–68). Kiváló muzsikusok egész sorát indította el pályáján: Szabó Csaba, Csiky Boldizsár, Terényi Ede, Orbán György zeneszerzőket. Nagykultúrájú ember és kiváló pedagógus volt. Kitűnően beszélt németül, franciául, olaszul, latinul, oroszul, románul, érdekelte az irodalom, képzőművészet, történelem. A KZST tagja (1934–). Még Bécsben kezdett dalokat szerezni, ezt folytatta Mv.-en is. Szerzeményeit Köllő Wojtekovits Olga, Péter Emma, Bedő Emma, Dudutz Ágnes énekesnő közreműködésével, személyesen kísérve zongorán, adták elő koncerteken (1930–). Írt vokálszimfonikus, szimfonikus, kamara- és vokális zenét, írt dalokat népdalfeldolgozásokat, tömegdalokat. Főként Balassi, Babits, Juhász Gyula, Dsida Jenő, Berde Mária verseit zenésítette meg. De Rilke, Baudlaire, Verlaine, Michelangello, Shakespeare verseket is. A Román Zeneszerző Szövetség mv.-i fiókjának titkára (1949–60). –  <strong>F. m..:</strong> <strong>szimfonikus zene:</strong> C-dúr szimfónia (1935); Székely rapszódia (1951); <strong>kamarazene:</strong> Fisz-moll vonósnégyes (1933); Téma és variációk egy népi témára (1934); D-dúr hegedű-zongora szonáta (1950); 2 zongora darab (1951); Három dal énekhangra és zongorára (Jodál Gábor, Eisikovits Mihály; Buk., 1951); 3 hegedú-zongora darab (1951); Kis darab fuvola-zongorára (1952); 2 darab hegedű-zongorára (1961); <strong>kórusművek:</strong> dalok Shakespeare, Michelangelo, V. Hugo, Elisabeth Browning, Baudelaire, Verlaine, L. Kain, R. M. Rilke, Petrarca, Goethe, Mallarmé; Burns; Charles d`Orleans, Babits Mihály, Balassi Bálint, Juhász Gyula, Dsida Jenő, Vajda János, Berde Mária, Kriza János, Szabó Lőrinc és mások verseire. <br /><strong>– Irod.:</strong> családi inf.; Benkő András: „Kedvenc műfajom a dal…” (A Hét, 1988, 41. sz.); Időtár 3; Katona Szabó István: Az Új Élet lexikona, 153. (Új Élet, 1976, 22. sz.); Kim; MÉL; MRL; Népújság (1950. febr. 1.); Sava; Sava-Vartolomei; Simon Dezső: T. J. (Utunk, 1973. szept. 7.); Sipos; Szépréti Lilla: Értékes, tartalmas élet (Új Élet, 1984, 8. sz.); T. J. [Nekrológ] (V. Z., 1984. febr. 7.; 1984. febr. 8.); Terényi Ede: T. J.-ről. négy dal margójára (Utunk, 1982. jan. 8.); Terényi Ede: T. J. emlékére (Utunk, 1984. febr. 24.); Todea 2013; ÚMÉL; Zenetudományi írások.</br></p>

<p>Mv., 1904. aug. 4., † Mv., 1984. febr. 6.: zenetanár, zeneszerző, zenekritikus. – T. Lajos és Soós Anna fia. Felesége Erkel Sára zongoraművész. – A Ref. Koll.-ban érettségizett (1922). Zenei tanulmányait a mv.-i Zeneiskolában végezte (1915–23) Tonházi Ferenc, László Árpád, Zsizsmann Rezső irányításával. Bp.-en közgazdasági egyetemen járt (1923–), majd a párizsi École des Hautes Études [&hellip;]</p>
