{"id":23658,"date":"2025-08-01T17:36:25","date_gmt":"2025-08-01T15:36:25","guid":{"rendered":"https:\/\/uj.adatbank.ro\/lexikon\/termek\/trozner-lajos-%c2%a7-hadrevi\/"},"modified":"2025-08-01T17:36:25","modified_gmt":"2025-08-01T15:36:25","slug":"trozner-lajos-%c2%a7-hadrevi","status":"publish","type":"product","link":"https:\/\/uj.adatbank.ro\/lexikon\/termek\/trozner-lajos-%c2%a7-hadrevi\/","title":{"rendered":"TR\u00d3ZNER Lajos, \u00a7 hadr\u00e9vi"},"content":{"rendered":"<p>Mv., 1867. szept. 11., \u2020 Mv., 1944. okt. 20.: ref. lelk\u00e9sz, tan\u00e1r, \u00edr\u00f3. \u2013 T. S\u00e1muel (\u2020 1917) \u00e9s L\u00e1szl\u00f3 Anna (1837? \u2013 Mv., 1919. m\u00e1j. 3.) fia. Testv\u00e9re: Ferenc. Feles\u00e9ge So\u00f3s P\u00e1l le\u00e1nya, Anna. \u2013 A k\u00f6z\u00e9piskol\u00e1t Mv.-en v\u00e9gezte majd a nagyenyedi ref. teol\u00f3gi\u00e1n tanult (1887\u2013), ref. lelk\u00e9ssz\u00e9 avatt\u00e1k (1891). Somosdon volt ref. lelk\u00e9sz, majd Mv.-en lelkip\u00e1sztor \u00e9s a Ref. Koll.-ban h. vall\u00e1stan\u00e1r (1891\u201396). A bp.-i egy.-en k\u00f6z\u00e9pisk. tan\u00e1ri oklevelet szerzett (1898) \u00e9s a mv.-i Ref. Koll.-ban h. (1898\u2013), majd r. latin-m.-angol, n\u00e9met szakos tan\u00e1r nyugd\u00edjaz\u00e1s\u00e1ig (\u20131931)., az el\u00f6lj\u00e1r\u00f3s\u00e1g tagja. Marosszentgy\u00f6rgy\u00f6n volt helyettes lelk\u00e9sz (1924. j\u00fal. 1. \u2013 1925 nyara). Az ifj\u00fas\u00e1gi \u00d6nk\u00e9pz\u0151k\u00f6r eln\u00f6ke. A KZST akt\u00edv tagja (1909), egyik aleln\u00f6ke. A V\u00e1rosi K\u00f6nyvt\u00e1rnak k\u00f6nyveket adom\u00e1nyozott. \u00cdrt irodalmi tanulm\u00e1nyokat s a KZST \u00fcl\u00e9sein a Koll. d\u00edszterm\u00e9ben olvasta fel \u0151ket. Szerepe volt a KZST \u00e1ltal kor\u00e1bban meghirdetett p\u00e1ly\u00e1zatra be\u00e9rkezett \u00e9s kiadatlan n\u00e9pk\u00f6lt\u00e9si gy\u0171jtem\u00e9ny rendez\u00e9s\u00e9ben \u00e9s a Berde M\u00e1ria gondoz\u00e1s\u00e1ban megjelent (1942) gy\u0171jtem\u00e9ny kiad\u00e1s\u00e1nak egyenget\u00e9s\u00e9ben. Sz\u00e9kely n\u00e9pk\u00f6lt\u00e9szet gy\u0171jt\u00e9s\u00e9vel foglalkozott, \u00e9s \u00f6n\u00e1ll\u00f3 k\u00f6tetben ilyen t\u00e1rgy\u00fa tanulm\u00e1nya is megjelent (1900). Erd\u00e9lyi lapokban Maros-Vid\u00e9k, Sz\u00e9kely L., Sz\u00e9kely Napl\u00f3, Vas\u00e1rnap, Zord Id\u0151 stb. versei, cikkei \u00e9s tanulm\u00e1nyai jelentek meg. A Mv.-i KZST \u00c9vk\u00f6nyve szerk. (L\u0151vy Ferenccel, Schmidt B\u00e9l\u00e1val, 1914). A KZST tagja (1909), aleln\u00f6ke (1910), az egyes\u00fclet t\u00f6rt\u00e9net\u00e9t is meg\u00edrta. A Stef\u00e1nia Kisded\u00f3v\u00f3 int\u00e9zet aleln\u00f6ke \u00e9s eln\u00f6ke, az IKE (Ifj\u00fas\u00e1gi Kereszty\u00e9n Egyes\u00fclet) d\u00edszeln\u00f6ke, a H\u00e1ztulajdonosok Sz\u00f6vets\u00e9g\u00e9nek eln\u00f6ke, a Gecse D\u00e1niel Emberszereteti Int\u00e9zet kezel\u0151v\u00e1lasztm\u00e1nyi jegyz\u0151je. A Mv.-i Kaszin\u00f3 v\u00e1lasztm\u00e1nyi tagja (1932). A ref. egyh\u00e1z presbitere, s marosi ref. egyh\u00e1zmegyei lev\u00e9lt\u00e1r kezel\u0151je. \u2013  <strong>F. m..:<\/strong> A sz\u00e9kely n\u00e9pk\u00f6lt\u00e9szet (Mv., 1900); A m. n\u00e9p jellemvon\u00e1sai n\u00e9pk\u00f6lt\u00e9szeti term\u00e9kei alapj\u00e1n (Mv., 1903); Visszapillant\u00e1s a Kem\u00e9ny Zsigmond-T\u00e1rsas\u00e1g multj\u00e1ra = \u00dcnnepi k\u00f6nyv; A sz\u00e9kely n\u00e9pdalokr\u00f3l = Mv.-i KZST 1914; <strong>antol\u00f3g.:<\/strong> Maros-V\u00e1s\u00e1rhelyi lexikon (Mv., 1912); A Kem\u00e9ny Zsigmond T\u00e1rsas\u00e1g t\u00f6rt\u00e9nete (A mv.-i Kem\u00e9ny Zsigmond T\u00e1rsas\u00e1g. \u00c9vk\u00f6nyve, 1914), \u00dcnnepi <strong>k\u00f6nyv:<\/strong> F\u00e9lsz\u00e1zados jubileuma eml\u00e9k\u00e9\u00fcl kiadta a Kem\u00e9ny Zsigmond Irodalmi T\u00e1rsas\u00e1g f\u0151titk\u00e1ra, S\u00e9nyi L\u00e1szl\u00f3 szerkeszt\u00e9s\u00e9ben. (Mv., 1930). <br \/><strong>\u2013 Irod.:<\/strong> \u00c1goston Albert: Alkot\u00e1sainkra, \u00e9rt\u00e9keinkre eml\u00e9kezve (N\u00fa., 1993. dec. 14.); Bi\u00e1s Istv\u00e1n; Csekme; EM; Id\u0151t\u00e1r 2; Id\u0151t\u00e1r 3, Marosi-KZST; Marosi Ildik\u00f3; Marosszentgy\u00f6rgy; M\u00c9L; Molter; Mv. t\u00f6rt. 2.; Osv\u00e1th; Par\u00e1di; Sebesty\u00e9n; Sipos; Sz\u00e9kelyf\u00f6ld \u00ed. k.; Szinnyei; \u00daM\u00c9L.<\/br><\/p>\n","protected":false},"excerpt":{"rendered":"<p>Mv., 1867. szept. 11., \u2020 Mv., 1944. okt. 20.: ref. lelk\u00e9sz, tan\u00e1r, \u00edr\u00f3. \u2013 T. S\u00e1muel (\u2020 1917) \u00e9s L\u00e1szl\u00f3 Anna (1837? \u2013 Mv., 1919. m\u00e1j. 3.) fia. Testv\u00e9re: Ferenc. Feles\u00e9ge So\u00f3s P\u00e1l le\u00e1nya, Anna. \u2013 A k\u00f6z\u00e9piskol\u00e1t Mv.-en v\u00e9gezte majd a nagyenyedi ref. teol\u00f3gi\u00e1n tanult (1887\u2013), ref. lelk\u00e9ssz\u00e9 avatt\u00e1k (1891). Somosdon volt ref. lelk\u00e9sz, [&hellip;]<\/p>\n","protected":false},"featured_media":0,"comment_status":"open","ping_status":"closed","template":"","meta":[],"product_brand":[],"product_cat":[137],"product_tag":[],"class_list":{"0":"post-23658","1":"product","2":"type-product","3":"status-publish","5":"product_cat-maros-megyei-eletrajzi-lexikon","7":"first","8":"instock","9":"shipping-taxable","10":"product-type-simple"},"_links":{"self":[{"href":"https:\/\/uj.adatbank.ro\/lexikon\/wp-json\/wp\/v2\/product\/23658","targetHints":{"allow":["GET"]}}],"collection":[{"href":"https:\/\/uj.adatbank.ro\/lexikon\/wp-json\/wp\/v2\/product"}],"about":[{"href":"https:\/\/uj.adatbank.ro\/lexikon\/wp-json\/wp\/v2\/types\/product"}],"replies":[{"embeddable":true,"href":"https:\/\/uj.adatbank.ro\/lexikon\/wp-json\/wp\/v2\/comments?post=23658"}],"wp:attachment":[{"href":"https:\/\/uj.adatbank.ro\/lexikon\/wp-json\/wp\/v2\/media?parent=23658"}],"wp:term":[{"taxonomy":"product_brand","embeddable":true,"href":"https:\/\/uj.adatbank.ro\/lexikon\/wp-json\/wp\/v2\/product_brand?post=23658"},{"taxonomy":"product_cat","embeddable":true,"href":"https:\/\/uj.adatbank.ro\/lexikon\/wp-json\/wp\/v2\/product_cat?post=23658"},{"taxonomy":"product_tag","embeddable":true,"href":"https:\/\/uj.adatbank.ro\/lexikon\/wp-json\/wp\/v2\/product_tag?post=23658"}],"curies":[{"name":"wp","href":"https:\/\/api.w.org\/{rel}","templated":true}]}}

TRÓZNER Lajos, § hadrévi

<p>Mv., 1867. szept. 11., † Mv., 1944. okt. 20.: ref. lelkész, tanár, író. – T. Sámuel († 1917) és László Anna (1837? – Mv., 1919. máj. 3.) fia. Testvére: Ferenc. Felesége Soós Pál leánya, Anna. – A középiskolát Mv.-en végezte majd a nagyenyedi ref. teológián tanult (1887–), ref. lelkésszé avatták (1891). Somosdon volt ref. lelkész, majd Mv.-en lelkipásztor és a Ref. Koll.-ban h. vallástanár (1891–96). A bp.-i egy.-en középisk. tanári oklevelet szerzett (1898) és a mv.-i Ref. Koll.-ban h. (1898–), majd r. latin-m.-angol, német szakos tanár nyugdíjazásáig (–1931)., az elöljáróság tagja. Marosszentgyörgyön volt helyettes lelkész (1924. júl. 1. – 1925 nyara). Az ifjúsági Önképzőkör elnöke. A KZST aktív tagja (1909), egyik alelnöke. A Városi Könyvtárnak könyveket adományozott. Írt irodalmi tanulmányokat s a KZST ülésein a Koll. dísztermében olvasta fel őket. Szerepe volt a KZST által korábban meghirdetett pályázatra beérkezett és kiadatlan népköltési gyűjtemény rendezésében és a Berde Mária gondozásában megjelent (1942) gyűjtemény kiadásának egyengetésében. Székely népköltészet gyűjtésével foglalkozott, és önálló kötetben ilyen tárgyú tanulmánya is megjelent (1900). Erdélyi lapokban Maros-Vidék, Székely L., Székely Napló, Vasárnap, Zord Idő stb. versei, cikkei és tanulmányai jelentek meg. A Mv.-i KZST Évkönyve szerk. (Lővy Ferenccel, Schmidt Bélával, 1914). A KZST tagja (1909), alelnöke (1910), az egyesület történetét is megírta. A Stefánia Kisdedóvó intézet alelnöke és elnöke, az IKE (Ifjúsági Keresztyén Egyesület) díszelnöke, a Háztulajdonosok Szövetségének elnöke, a Gecse Dániel Emberszereteti Intézet kezelőválasztmányi jegyzője. A Mv.-i Kaszinó választmányi tagja (1932). A ref. egyház presbitere, s marosi ref. egyházmegyei levéltár kezelője. –  <strong>F. m..:</strong> A székely népköltészet (Mv., 1900); A m. nép jellemvonásai népköltészeti termékei alapján (Mv., 1903); Visszapillantás a Kemény Zsigmond-Társaság multjára = Ünnepi könyv; A székely népdalokról = Mv.-i KZST 1914; <strong>antológ.:</strong> Maros-Vásárhelyi lexikon (Mv., 1912); A Kemény Zsigmond Társaság története (A mv.-i Kemény Zsigmond Társaság. Évkönyve, 1914), Ünnepi <strong>könyv:</strong> Félszázados jubileuma emlékéül kiadta a Kemény Zsigmond Irodalmi Társaság főtitkára, Sényi László szerkesztésében. (Mv., 1930). <br /><strong>– Irod.:</strong> Ágoston Albert: Alkotásainkra, értékeinkre emlékezve (Nú., 1993. dec. 14.); Biás István; Csekme; EM; Időtár 2; Időtár 3, Marosi-KZST; Marosi Ildikó; Marosszentgyörgy; MÉL; Molter; Mv. tört. 2.; Osváth; Parádi; Sebestyén; Sipos; Székelyföld í. k.; Szinnyei; ÚMÉL.</br></p>

<p>Mv., 1867. szept. 11., † Mv., 1944. okt. 20.: ref. lelkész, tanár, író. – T. Sámuel († 1917) és László Anna (1837? – Mv., 1919. máj. 3.) fia. Testvére: Ferenc. Felesége Soós Pál leánya, Anna. – A középiskolát Mv.-en végezte majd a nagyenyedi ref. teológián tanult (1887–), ref. lelkésszé avatták (1891). Somosdon volt ref. lelkész, [&hellip;]</p>
