{"id":23664,"date":"2025-08-01T17:36:40","date_gmt":"2025-08-01T15:36:40","guid":{"rendered":"https:\/\/uj.adatbank.ro\/lexikon\/termek\/truta-eugen\/"},"modified":"2025-08-01T17:36:40","modified_gmt":"2025-08-01T15:36:40","slug":"truta-eugen","status":"publish","type":"product","link":"https:\/\/uj.adatbank.ro\/lexikon\/termek\/truta-eugen\/","title":{"rendered":"TRU\u0162\u0102, Eugen"},"content":{"rendered":"<p>Sz\u00e1szr\u00e9gen, 1879. aug. 12., \u2020 ?: jog\u00e1sz. \u2013 Jogot tanult Kv.-on a FJTE-en (1901\u201304), jogi doktor\u00e1tust tett (1907. j\u00fan. 22.). <br \/><strong>\u2013 Irod.:<\/strong> Sigmirean.<\/br><\/p>\n","protected":false},"excerpt":{"rendered":"<p>Sz\u00e1szr\u00e9gen, 1879. aug. 12., \u2020 ?: jog\u00e1sz. \u2013 Jogot tanult Kv.-on a FJTE-en (1901\u201304), jogi doktor\u00e1tust tett (1907. j\u00fan. 22.). \u2013 Irod.: Sigmirean.<\/p>\n","protected":false},"featured_media":0,"comment_status":"open","ping_status":"closed","template":"","meta":[],"product_brand":[],"product_cat":[137],"product_tag":[],"class_list":{"0":"post-23664","1":"product","2":"type-product","3":"status-publish","5":"product_cat-maros-megyei-eletrajzi-lexikon","7":"first","8":"instock","9":"shipping-taxable","10":"product-type-simple"},"_links":{"self":[{"href":"https:\/\/uj.adatbank.ro\/lexikon\/wp-json\/wp\/v2\/product\/23664","targetHints":{"allow":["GET"]}}],"collection":[{"href":"https:\/\/uj.adatbank.ro\/lexikon\/wp-json\/wp\/v2\/product"}],"about":[{"href":"https:\/\/uj.adatbank.ro\/lexikon\/wp-json\/wp\/v2\/types\/product"}],"replies":[{"embeddable":true,"href":"https:\/\/uj.adatbank.ro\/lexikon\/wp-json\/wp\/v2\/comments?post=23664"}],"wp:attachment":[{"href":"https:\/\/uj.adatbank.ro\/lexikon\/wp-json\/wp\/v2\/media?parent=23664"}],"wp:term":[{"taxonomy":"product_brand","embeddable":true,"href":"https:\/\/uj.adatbank.ro\/lexikon\/wp-json\/wp\/v2\/product_brand?post=23664"},{"taxonomy":"product_cat","embeddable":true,"href":"https:\/\/uj.adatbank.ro\/lexikon\/wp-json\/wp\/v2\/product_cat?post=23664"},{"taxonomy":"product_tag","embeddable":true,"href":"https:\/\/uj.adatbank.ro\/lexikon\/wp-json\/wp\/v2\/product_tag?post=23664"}],"curies":[{"name":"wp","href":"https:\/\/api.w.org\/{rel}","templated":true}]}}