{"id":23665,"date":"2025-08-01T17:36:42","date_gmt":"2025-08-01T15:36:42","guid":{"rendered":"https:\/\/uj.adatbank.ro\/lexikon\/termek\/truta-gheorghe\/"},"modified":"2025-08-01T17:36:42","modified_gmt":"2025-08-01T15:36:42","slug":"truta-gheorghe","status":"publish","type":"product","link":"https:\/\/uj.adatbank.ro\/lexikon\/termek\/truta-gheorghe\/","title":{"rendered":"TRU\u0162\u0102, Gheorghe"},"content":{"rendered":"<p>? \u2020 ?: Tan\u00edt\u00f3. \u2013 Igazgat\u00f3tan\u00edt\u00f3 volt Sz\u00e9lk\u00fatban (1923\u201348). Nagy f\u00f6ldbirtokot \u00f6r\u00f6k\u00f6lt A kollektiviz\u00e1l\u00e1s idej\u00e9ben hamis feljelent\u00e9s nyom\u00e1n letart\u00f3ztatt\u00e1k, Ludasra majd Kv.-ra hurcolt\u00e1k \u00e9s 15 \u00e9v b\u00f6rt\u00f6nre \u00e9s teljes vagyonelkobz\u00e1sra \u00edt\u00e9lt\u00e9k (1958. okt. 15. \u2013). B\u0171ne a kommunista rendszer elleni agit\u00e1ci\u00f3 volt, nem akart be\u00e1llni a k\u00f6z\u00f6sbe. Elrettent\u0151 p\u00e9ld\u00e1nak haszn\u00e1lt\u00e1k m\u00e1s hat falubelivel egy\u00fctt, \u00e9s \u00edgy siettett\u00e9k a kollekt\u00edv gazd. l\u00e9trehoz\u00e1s\u00e1t. Kiszabadult a b\u00f6rt\u00f6nb\u0151l (1964. m\u00e1rc.) <br \/><strong>\u2013 Irod.:<\/strong> S\u0103lcud.<\/br><\/p>\n","protected":false},"excerpt":{"rendered":"<p>? \u2020 ?: Tan\u00edt\u00f3. \u2013 Igazgat\u00f3tan\u00edt\u00f3 volt Sz\u00e9lk\u00fatban (1923\u201348). Nagy f\u00f6ldbirtokot \u00f6r\u00f6k\u00f6lt A kollektiviz\u00e1l\u00e1s idej\u00e9ben hamis feljelent\u00e9s nyom\u00e1n letart\u00f3ztatt\u00e1k, Ludasra majd Kv.-ra hurcolt\u00e1k \u00e9s 15 \u00e9v b\u00f6rt\u00f6nre \u00e9s teljes vagyonelkobz\u00e1sra \u00edt\u00e9lt\u00e9k (1958. okt. 15. \u2013). B\u0171ne a kommunista rendszer elleni agit\u00e1ci\u00f3 volt, nem akart be\u00e1llni a k\u00f6z\u00f6sbe. Elrettent\u0151 p\u00e9ld\u00e1nak haszn\u00e1lt\u00e1k m\u00e1s hat falubelivel egy\u00fctt, \u00e9s [&hellip;]<\/p>\n","protected":false},"featured_media":0,"comment_status":"open","ping_status":"closed","template":"","meta":[],"product_brand":[],"product_cat":[137],"product_tag":[],"class_list":{"0":"post-23665","1":"product","2":"type-product","3":"status-publish","5":"product_cat-maros-megyei-eletrajzi-lexikon","7":"first","8":"instock","9":"shipping-taxable","10":"product-type-simple"},"_links":{"self":[{"href":"https:\/\/uj.adatbank.ro\/lexikon\/wp-json\/wp\/v2\/product\/23665","targetHints":{"allow":["GET"]}}],"collection":[{"href":"https:\/\/uj.adatbank.ro\/lexikon\/wp-json\/wp\/v2\/product"}],"about":[{"href":"https:\/\/uj.adatbank.ro\/lexikon\/wp-json\/wp\/v2\/types\/product"}],"replies":[{"embeddable":true,"href":"https:\/\/uj.adatbank.ro\/lexikon\/wp-json\/wp\/v2\/comments?post=23665"}],"wp:attachment":[{"href":"https:\/\/uj.adatbank.ro\/lexikon\/wp-json\/wp\/v2\/media?parent=23665"}],"wp:term":[{"taxonomy":"product_brand","embeddable":true,"href":"https:\/\/uj.adatbank.ro\/lexikon\/wp-json\/wp\/v2\/product_brand?post=23665"},{"taxonomy":"product_cat","embeddable":true,"href":"https:\/\/uj.adatbank.ro\/lexikon\/wp-json\/wp\/v2\/product_cat?post=23665"},{"taxonomy":"product_tag","embeddable":true,"href":"https:\/\/uj.adatbank.ro\/lexikon\/wp-json\/wp\/v2\/product_tag?post=23665"}],"curies":[{"name":"wp","href":"https:\/\/api.w.org\/{rel}","templated":true}]}}

TRUŢĂ, Gheorghe

<p>? † ?: Tanító. – Igazgatótanító volt Szélkútban (1923–48). Nagy földbirtokot örökölt A kollektivizálás idejében hamis feljelentés nyomán letartóztatták, Ludasra majd Kv.-ra hurcolták és 15 év börtönre és teljes vagyonelkobzásra ítélték (1958. okt. 15. –). Bűne a kommunista rendszer elleni agitáció volt, nem akart beállni a közösbe. Elrettentő példának használták más hat falubelivel együtt, és így siettették a kollektív gazd. létrehozását. Kiszabadult a börtönből (1964. márc.) <br /><strong>– Irod.:</strong> Sălcud.</br></p>

<p>? † ?: Tanító. – Igazgatótanító volt Szélkútban (1923–48). Nagy földbirtokot örökölt A kollektivizálás idejében hamis feljelentés nyomán letartóztatták, Ludasra majd Kv.-ra hurcolták és 15 év börtönre és teljes vagyonelkobzásra ítélték (1958. okt. 15. –). Bűne a kommunista rendszer elleni agitáció volt, nem akart beállni a közösbe. Elrettentő példának használták más hat falubelivel együtt, és [&hellip;]</p>
