{"id":23667,"date":"2025-08-01T17:36:47","date_gmt":"2025-08-01T15:36:47","guid":{"rendered":"https:\/\/uj.adatbank.ro\/lexikon\/termek\/truta-mihai\/"},"modified":"2025-08-01T17:36:47","modified_gmt":"2025-08-01T15:36:47","slug":"truta-mihai","status":"publish","type":"product","link":"https:\/\/uj.adatbank.ro\/lexikon\/termek\/truta-mihai\/","title":{"rendered":"TRU\u0162A, Mihai"},"content":{"rendered":"<p>1904. okt. 4., \u2020 ?: munk\u00e1sigazgat\u00f3. \u2013 P\u00e1rtaktivista, a RMP tagja (1946\u2013), a sz\u00e1szr\u00e9geni Farkas Mendel Tejterm\u00e9kgy\u00e1r \u00e1llamos\u00edt\u00e1sakor kinevezett igazgat\u00f3ja (1948. j\u00fan. 11.). Azel\u0151tt a gal\u00f3c\u00e1si Loma\u015f Fafeldolgoz\u00f3 Gy\u00e1r szakk\u00e9pzetlen munk\u00e1sa volt (1937\u201340); Piatra Neam\u0163ra menek\u00fclt (1940); katonai szolg\u00e1latot teljes\u00edtett a rom\u00e1n hadseregben, r\u00e9szt vett a keleti \u00e9s a nyugati front harcaiban (1941\u201345). Buk.-ben elv\u00e9gezte a p\u00e1rtiskol\u00e1t (1946), majd a r\u00e9geni P\u00e1rtbizotts\u00e1gban mez\u0151gazdas\u00e1gi k\u00e9rd\u00e9sekkel foglalkozott (1946\u201347), azut\u00e1n a p\u00e1rt megb\u00edz\u00e1s\u00e1b\u00f3l a r\u00e9geni ARLUS titk\u00e1ra lett (1947\u201348), az \u00e1llamos\u00edt\u00e1skor kinevezt\u00e9k a Tejterm\u00e9kgy\u00e1r igazgat\u00f3j\u00e1v\u00e1 (1948. j\u00fan. 11.- 49), v\u00e9g\u00fcl a r\u00e9geni n\u00e9ptan\u00e1cs k\u00e1derese volt (1949\u201352). <br \/><strong>\u2013 Irod.:<\/strong> Bartos Zolt\u00e1n.<\/br><\/p>\n","protected":false},"excerpt":{"rendered":"<p>1904. okt. 4., \u2020 ?: munk\u00e1sigazgat\u00f3. \u2013 P\u00e1rtaktivista, a RMP tagja (1946\u2013), a sz\u00e1szr\u00e9geni Farkas Mendel Tejterm\u00e9kgy\u00e1r \u00e1llamos\u00edt\u00e1sakor kinevezett igazgat\u00f3ja (1948. j\u00fan. 11.). Azel\u0151tt a gal\u00f3c\u00e1si Loma\u015f Fafeldolgoz\u00f3 Gy\u00e1r szakk\u00e9pzetlen munk\u00e1sa volt (1937\u201340); Piatra Neam\u0163ra menek\u00fclt (1940); katonai szolg\u00e1latot teljes\u00edtett a rom\u00e1n hadseregben, r\u00e9szt vett a keleti \u00e9s a nyugati front harcaiban (1941\u201345). Buk.-ben elv\u00e9gezte [&hellip;]<\/p>\n","protected":false},"featured_media":0,"comment_status":"open","ping_status":"closed","template":"","meta":[],"product_brand":[],"product_cat":[137],"product_tag":[],"class_list":{"0":"post-23667","1":"product","2":"type-product","3":"status-publish","5":"product_cat-maros-megyei-eletrajzi-lexikon","7":"first","8":"instock","9":"shipping-taxable","10":"product-type-simple"},"_links":{"self":[{"href":"https:\/\/uj.adatbank.ro\/lexikon\/wp-json\/wp\/v2\/product\/23667","targetHints":{"allow":["GET"]}}],"collection":[{"href":"https:\/\/uj.adatbank.ro\/lexikon\/wp-json\/wp\/v2\/product"}],"about":[{"href":"https:\/\/uj.adatbank.ro\/lexikon\/wp-json\/wp\/v2\/types\/product"}],"replies":[{"embeddable":true,"href":"https:\/\/uj.adatbank.ro\/lexikon\/wp-json\/wp\/v2\/comments?post=23667"}],"wp:attachment":[{"href":"https:\/\/uj.adatbank.ro\/lexikon\/wp-json\/wp\/v2\/media?parent=23667"}],"wp:term":[{"taxonomy":"product_brand","embeddable":true,"href":"https:\/\/uj.adatbank.ro\/lexikon\/wp-json\/wp\/v2\/product_brand?post=23667"},{"taxonomy":"product_cat","embeddable":true,"href":"https:\/\/uj.adatbank.ro\/lexikon\/wp-json\/wp\/v2\/product_cat?post=23667"},{"taxonomy":"product_tag","embeddable":true,"href":"https:\/\/uj.adatbank.ro\/lexikon\/wp-json\/wp\/v2\/product_tag?post=23667"}],"curies":[{"name":"wp","href":"https:\/\/api.w.org\/{rel}","templated":true}]}}

TRUŢA, Mihai

<p>1904. okt. 4., † ?: munkásigazgató. – Pártaktivista, a RMP tagja (1946–), a szászrégeni Farkas Mendel Tejtermékgyár államosításakor kinevezett igazgatója (1948. jún. 11.). Azelőtt a galócási Lomaş Fafeldolgozó Gyár szakképzetlen munkása volt (1937–40); Piatra Neamţra menekült (1940); katonai szolgálatot teljesített a román hadseregben, részt vett a keleti és a nyugati front harcaiban (1941–45). Buk.-ben elvégezte a pártiskolát (1946), majd a régeni Pártbizottságban mezőgazdasági kérdésekkel foglalkozott (1946–47), azután a párt megbízásából a régeni ARLUS titkára lett (1947–48), az államosításkor kinevezték a Tejtermékgyár igazgatójává (1948. jún. 11.- 49), végül a régeni néptanács káderese volt (1949–52). <br /><strong>– Irod.:</strong> Bartos Zoltán.</br></p>

<p>1904. okt. 4., † ?: munkásigazgató. – Pártaktivista, a RMP tagja (1946–), a szászrégeni Farkas Mendel Tejtermékgyár államosításakor kinevezett igazgatója (1948. jún. 11.). Azelőtt a galócási Lomaş Fafeldolgozó Gyár szakképzetlen munkása volt (1937–40); Piatra Neamţra menekült (1940); katonai szolgálatot teljesített a román hadseregben, részt vett a keleti és a nyugati front harcaiban (1941–45). Buk.-ben elvégezte [&hellip;]</p>
