{"id":23671,"date":"2025-08-01T17:36:55","date_gmt":"2025-08-01T15:36:55","guid":{"rendered":"https:\/\/uj.adatbank.ro\/lexikon\/termek\/trutea-ioan\/"},"modified":"2025-08-01T17:36:55","modified_gmt":"2025-08-01T15:36:55","slug":"trutea-ioan","status":"publish","type":"product","link":"https:\/\/uj.adatbank.ro\/lexikon\/termek\/trutea-ioan\/","title":{"rendered":"TRU\u0162EA, Ioan"},"content":{"rendered":"<p>G\u00f6rg\u00e9nyorsova, 1875. m\u00e1rc. 8., \u2020 G\u00f6rg\u00e9nyorsova, 1944. szept. 17.: \u0151rmester. \u2013 Az els\u0151 vil\u00e1gh\u00e1bor\u00faban a 22. honv\u00e9dezredben szolg\u00e1lt Mv.-en, harcolt Gal\u00edci\u00e1ban, orosz fogs\u00e1gba esett; az Erd\u00e9lyi hadoszt\u00e1ly \u00f6nk\u00e9ntesek\u00e9nt r\u00e9szt vett a M\u0103r\u0103\u015fe\u015fti-i csat\u00e1ban (1917); r\u00e9szt vett a gyulafeh\u00e9rv\u00e1ri nagygy\u0171l\u00e9sen (1918. dec. 1.). 1944. aug. 23 ut\u00e1n, 67 \u00e9vesen mint erd\u00e9sz seg\u00edtette inform\u00e1ci\u00f3k gy\u0171jt\u00e9s\u00e9vel a rom\u00e1n csapatokat R\u00e9gen\u2013G\u00f6rg\u00e9ny\u2013Laposnya vonalon, inform\u00e1ci\u00f3i nyom\u00e1n t\u00f6bb mint 500 ellens\u00e9ges rep\u00fcl\u0151g\u00e9pet semmis\u00edtettek meg a rom\u00e1n csapatok. Az ellens\u00e9g k\u00e9mszolg\u00e1lata leleplezte \u00e9s saj\u00e1t h\u00e1z\u00e1ban v\u00e9gezt\u00e9k ki. <br \/><strong>\u2013 Irod.:<\/strong> MMK.<\/br><\/p>\n","protected":false},"excerpt":{"rendered":"<p>G\u00f6rg\u00e9nyorsova, 1875. m\u00e1rc. 8., \u2020 G\u00f6rg\u00e9nyorsova, 1944. szept. 17.: \u0151rmester. \u2013 Az els\u0151 vil\u00e1gh\u00e1bor\u00faban a 22. honv\u00e9dezredben szolg\u00e1lt Mv.-en, harcolt Gal\u00edci\u00e1ban, orosz fogs\u00e1gba esett; az Erd\u00e9lyi hadoszt\u00e1ly \u00f6nk\u00e9ntesek\u00e9nt r\u00e9szt vett a M\u0103r\u0103\u015fe\u015fti-i csat\u00e1ban (1917); r\u00e9szt vett a gyulafeh\u00e9rv\u00e1ri nagygy\u0171l\u00e9sen (1918. dec. 1.). 1944. aug. 23 ut\u00e1n, 67 \u00e9vesen mint erd\u00e9sz seg\u00edtette inform\u00e1ci\u00f3k gy\u0171jt\u00e9s\u00e9vel a rom\u00e1n [&hellip;]<\/p>\n","protected":false},"featured_media":0,"comment_status":"open","ping_status":"closed","template":"","meta":[],"product_brand":[],"product_cat":[137],"product_tag":[],"class_list":{"0":"post-23671","1":"product","2":"type-product","3":"status-publish","5":"product_cat-maros-megyei-eletrajzi-lexikon","7":"first","8":"instock","9":"shipping-taxable","10":"product-type-simple"},"_links":{"self":[{"href":"https:\/\/uj.adatbank.ro\/lexikon\/wp-json\/wp\/v2\/product\/23671","targetHints":{"allow":["GET"]}}],"collection":[{"href":"https:\/\/uj.adatbank.ro\/lexikon\/wp-json\/wp\/v2\/product"}],"about":[{"href":"https:\/\/uj.adatbank.ro\/lexikon\/wp-json\/wp\/v2\/types\/product"}],"replies":[{"embeddable":true,"href":"https:\/\/uj.adatbank.ro\/lexikon\/wp-json\/wp\/v2\/comments?post=23671"}],"wp:attachment":[{"href":"https:\/\/uj.adatbank.ro\/lexikon\/wp-json\/wp\/v2\/media?parent=23671"}],"wp:term":[{"taxonomy":"product_brand","embeddable":true,"href":"https:\/\/uj.adatbank.ro\/lexikon\/wp-json\/wp\/v2\/product_brand?post=23671"},{"taxonomy":"product_cat","embeddable":true,"href":"https:\/\/uj.adatbank.ro\/lexikon\/wp-json\/wp\/v2\/product_cat?post=23671"},{"taxonomy":"product_tag","embeddable":true,"href":"https:\/\/uj.adatbank.ro\/lexikon\/wp-json\/wp\/v2\/product_tag?post=23671"}],"curies":[{"name":"wp","href":"https:\/\/api.w.org\/{rel}","templated":true}]}}