{"id":23672,"date":"2025-08-01T17:36:58","date_gmt":"2025-08-01T15:36:58","guid":{"rendered":"https:\/\/uj.adatbank.ro\/lexikon\/termek\/trutia-eugen-truta-eugen\/"},"modified":"2025-08-01T17:36:58","modified_gmt":"2025-08-01T15:36:58","slug":"trutia-eugen-truta-eugen","status":"publish","type":"product","link":"https:\/\/uj.adatbank.ro\/lexikon\/termek\/trutia-eugen-truta-eugen\/","title":{"rendered":"TRU\u0162IA, Eugen; Tru\u0163\u0103, Eugen"},"content":{"rendered":"<p>Sz\u00e1szr\u00e9gen, 1879. aug. 12., \u2020 Sz\u00e1szr\u00e9gen, 1968. \u00e1pr. 12.: \u00fcgyv\u00e9d, k\u00f6zjegyz\u0151, prefektus, politikus. \u2013 A k\u00f6z\u00e9piskol\u00e1t Bal\u00e1zsfalv\u00e1n (1899), a jogi egyetemet Kv.-on (1901\u20131904) v\u00e9gezte, mint az Alexandru Sterca \u015eulu\u0163iu alap\u00edtv\u00e1ny \u00f6szt\u00f6nd\u00edjasa; doktor\u00e1lt (1907). Sz\u00e1szr\u00e9genben nyitott \u00fcgyv\u00e9di irod\u00e1t (1909\u2013), majd az imp\u00e9riumv\u00e1ltoz\u00e1skor k\u00f6zigazgat\u00e1si p\u00e1ly\u00e1ra l\u00e9pett. Gy\u0171jt\u00e9seket szervezett rom\u00e1n egyh\u00e1zi iskol\u00e1k t\u00e1mogat\u00e1s\u00e1ra. Tagja lett az ASTRA-nak (1911\u2013); r\u00e9szt vett az egyes\u00fcl\u00e9s el\u0151k\u00e9sz\u00edt\u00e9s\u00e9ben, a gyulafeh\u00e9rv\u00e1ri nagygy\u0171l\u00e9sen (1918. dec. 1.). K\u00f6zjegyz\u0151i irod\u00e1t vezetett Sz\u00e1szr\u00e9genben (1918\u20131950); Als\u00f3 R\u00e9gen f\u0151szolgab\u00edr\u00f3ja (1919\u201321); Nagyk\u00fck\u00fcll\u0151 v\u00e1rmegye f\u0151isp\u00e1nja (1922); a N\u00e9pp\u00e1rt (Partidul Poporului) Maros-Torda megyei aleln\u00f6ke (1924), majd a Rom\u00e1n Nemzeti P\u00e1rt tagja (1925\u2013), aleln\u00f6ke volt; a Nemzeti Paraszt P\u00e1rt tagja (1926\u2013), s mint ilyen Maros megyei tan\u00e1cstag; Nagyk\u00fck\u00fcll\u0151 v\u00e1rmegye f\u0151isp\u00e1nja (1930); a Marosmegyei Nemzeti Parasztp\u00e1rt tan\u00e1cs\u00e1nak tagja (1936\u2013). A r\u00e9geni ASTRA p\u00e9nzt\u00e1rosa \u00e9s vezet\u0151s\u00e9gi tagja (\u20131940). Anyagilag t\u00e1mogatta az ortodox egyh\u00e1zat, iskol\u00e1kat. Eln\u00f6ke volt a Nemzeti \u00dajj\u00e1sz\u00fclet\u00e9si Front r\u00e9geni szervezet\u00e9nek (1940). Vezet\u0151tan\u00e1csi tagja t\u00f6bb gazdas\u00e1gi \u00e9s p\u00e9nz\u00fcgyi int\u00e9zm\u00e9nynek.: D\u00e9dabisztrai Fakitermel\u0151 RT; Norbert Sch\u00f6naur B\u0151rgy\u00e1r, R\u00e9gen \u00e9s vid\u00e9ke Hitelint\u00e9zet Visszavonult a k\u00f6z\u00e9letb\u0151l (1947). A kommunizmus idej\u00e9n megfigyel\u00e9s alatt tartott\u00e1k. A Rom\u00e1n Korona rend tiszti fokozat\u00e1nak kit\u00fcntetettje. <br \/><strong>\u2013 Irod.:<\/strong> Bosoanc\u0103; Fola; Ki kicsoda?; Regh. Cult. 4; Todea 2013.<\/br><\/p>\n","protected":false},"excerpt":{"rendered":"<p>Sz\u00e1szr\u00e9gen, 1879. aug. 12., \u2020 Sz\u00e1szr\u00e9gen, 1968. \u00e1pr. 12.: \u00fcgyv\u00e9d, k\u00f6zjegyz\u0151, prefektus, politikus. \u2013 A k\u00f6z\u00e9piskol\u00e1t Bal\u00e1zsfalv\u00e1n (1899), a jogi egyetemet Kv.-on (1901\u20131904) v\u00e9gezte, mint az Alexandru Sterca \u015eulu\u0163iu alap\u00edtv\u00e1ny \u00f6szt\u00f6nd\u00edjasa; doktor\u00e1lt (1907). Sz\u00e1szr\u00e9genben nyitott \u00fcgyv\u00e9di irod\u00e1t (1909\u2013), majd az imp\u00e9riumv\u00e1ltoz\u00e1skor k\u00f6zigazgat\u00e1si p\u00e1ly\u00e1ra l\u00e9pett. Gy\u0171jt\u00e9seket szervezett rom\u00e1n egyh\u00e1zi iskol\u00e1k t\u00e1mogat\u00e1s\u00e1ra. Tagja lett az ASTRA-nak (1911\u2013); [&hellip;]<\/p>\n","protected":false},"featured_media":0,"comment_status":"open","ping_status":"closed","template":"","meta":[],"product_brand":[],"product_cat":[137],"product_tag":[],"class_list":{"0":"post-23672","1":"product","2":"type-product","3":"status-publish","5":"product_cat-maros-megyei-eletrajzi-lexikon","7":"first","8":"instock","9":"shipping-taxable","10":"product-type-simple"},"_links":{"self":[{"href":"https:\/\/uj.adatbank.ro\/lexikon\/wp-json\/wp\/v2\/product\/23672","targetHints":{"allow":["GET"]}}],"collection":[{"href":"https:\/\/uj.adatbank.ro\/lexikon\/wp-json\/wp\/v2\/product"}],"about":[{"href":"https:\/\/uj.adatbank.ro\/lexikon\/wp-json\/wp\/v2\/types\/product"}],"replies":[{"embeddable":true,"href":"https:\/\/uj.adatbank.ro\/lexikon\/wp-json\/wp\/v2\/comments?post=23672"}],"wp:attachment":[{"href":"https:\/\/uj.adatbank.ro\/lexikon\/wp-json\/wp\/v2\/media?parent=23672"}],"wp:term":[{"taxonomy":"product_brand","embeddable":true,"href":"https:\/\/uj.adatbank.ro\/lexikon\/wp-json\/wp\/v2\/product_brand?post=23672"},{"taxonomy":"product_cat","embeddable":true,"href":"https:\/\/uj.adatbank.ro\/lexikon\/wp-json\/wp\/v2\/product_cat?post=23672"},{"taxonomy":"product_tag","embeddable":true,"href":"https:\/\/uj.adatbank.ro\/lexikon\/wp-json\/wp\/v2\/product_tag?post=23672"}],"curies":[{"name":"wp","href":"https:\/\/api.w.org\/{rel}","templated":true}]}}

TRUŢIA, Eugen; Truţă, Eugen

<p>Szászrégen, 1879. aug. 12., † Szászrégen, 1968. ápr. 12.: ügyvéd, közjegyző, prefektus, politikus. – A középiskolát Balázsfalván (1899), a jogi egyetemet Kv.-on (1901–1904) végezte, mint az Alexandru Sterca Şuluţiu alapítvány ösztöndíjasa; doktorált (1907). Szászrégenben nyitott ügyvédi irodát (1909–), majd az impériumváltozáskor közigazgatási pályára lépett. Gyűjtéseket szervezett román egyházi iskolák támogatására. Tagja lett az ASTRA-nak (1911–); részt vett az egyesülés előkészítésében, a gyulafehérvári nagygyűlésen (1918. dec. 1.). Közjegyzői irodát vezetett Szászrégenben (1918–1950); Alsó Régen főszolgabírója (1919–21); Nagyküküllő vármegye főispánja (1922); a Néppárt (Partidul Poporului) Maros-Torda megyei alelnöke (1924), majd a Román Nemzeti Párt tagja (1925–), alelnöke volt; a Nemzeti Paraszt Párt tagja (1926–), s mint ilyen Maros megyei tanácstag; Nagyküküllő vármegye főispánja (1930); a Marosmegyei Nemzeti Parasztpárt tanácsának tagja (1936–). A régeni ASTRA pénztárosa és vezetőségi tagja (–1940). Anyagilag támogatta az ortodox egyházat, iskolákat. Elnöke volt a Nemzeti Újjászületési Front régeni szervezetének (1940). Vezetőtanácsi tagja több gazdasági és pénzügyi intézménynek.: Dédabisztrai Fakitermelő RT; Norbert Schönaur Bőrgyár, Régen és vidéke Hitelintézet Visszavonult a közéletből (1947). A kommunizmus idején megfigyelés alatt tartották. A Román Korona rend tiszti fokozatának kitüntetettje. <br /><strong>– Irod.:</strong> Bosoancă; Fola; Ki kicsoda?; Regh. Cult. 4; Todea 2013.</br></p>

<p>Szászrégen, 1879. aug. 12., † Szászrégen, 1968. ápr. 12.: ügyvéd, közjegyző, prefektus, politikus. – A középiskolát Balázsfalván (1899), a jogi egyetemet Kv.-on (1901–1904) végezte, mint az Alexandru Sterca Şuluţiu alapítvány ösztöndíjasa; doktorált (1907). Szászrégenben nyitott ügyvédi irodát (1909–), majd az impériumváltozáskor közigazgatási pályára lépett. Gyűjtéseket szervezett román egyházi iskolák támogatására. Tagja lett az ASTRA-nak (1911–); [&hellip;]</p>
