{"id":23673,"date":"2025-08-01T17:37:00","date_gmt":"2025-08-01T15:37:00","guid":{"rendered":"https:\/\/uj.adatbank.ro\/lexikon\/termek\/trutia-leon\/"},"modified":"2025-08-01T17:37:00","modified_gmt":"2025-08-01T15:37:00","slug":"trutia-leon","status":"publish","type":"product","link":"https:\/\/uj.adatbank.ro\/lexikon\/termek\/trutia-leon\/","title":{"rendered":"TRU\u0162IA, Leon"},"content":{"rendered":"<p>G\u00f6rg\u00e9ny, 1922. m\u00e1j. 23., \u2020 1972. j\u00fan. 5.: erd\u00e9sz, n\u00e9ptan\u00e1cs eln\u00f6k. \u2013 Erd\u00e9szeti mesteriskol\u00e1t v\u00e9gzett, a G\u00f6rg\u00e9nyi Erd\u00e9szeti Hivataln\u00e1l dolgozott (\u20131963), a g\u00f6rg\u00e9nyi k\u00f6zs\u00e9gi n\u00e9ptan\u00e1cs eln\u00f6k\u00e9v\u00e9 v\u00e1lasztott\u00e1k (1963\u2013), hal\u00e1l\u00e1ig volt eln\u00f6k. A Maros Megyei N\u00e9ptan\u00e1cs k\u00e9pvisel\u0151je volt. A RSZK \u00e9rdemrendjeivel t\u00fcntett\u00e9k ki. <br \/><strong>\u2013 Irod.:<\/strong> T. L. [Nekrol\u00f3g] (V. Z., 1972. j\u00fan. 7.).<\/br><\/p>\n","protected":false},"excerpt":{"rendered":"<p>G\u00f6rg\u00e9ny, 1922. m\u00e1j. 23., \u2020 1972. j\u00fan. 5.: erd\u00e9sz, n\u00e9ptan\u00e1cs eln\u00f6k. \u2013 Erd\u00e9szeti mesteriskol\u00e1t v\u00e9gzett, a G\u00f6rg\u00e9nyi Erd\u00e9szeti Hivataln\u00e1l dolgozott (\u20131963), a g\u00f6rg\u00e9nyi k\u00f6zs\u00e9gi n\u00e9ptan\u00e1cs eln\u00f6k\u00e9v\u00e9 v\u00e1lasztott\u00e1k (1963\u2013), hal\u00e1l\u00e1ig volt eln\u00f6k. A Maros Megyei N\u00e9ptan\u00e1cs k\u00e9pvisel\u0151je volt. A RSZK \u00e9rdemrendjeivel t\u00fcntett\u00e9k ki. \u2013 Irod.: T. L. [Nekrol\u00f3g] (V. Z., 1972. j\u00fan. 7.).<\/p>\n","protected":false},"featured_media":0,"comment_status":"open","ping_status":"closed","template":"","meta":[],"product_brand":[],"product_cat":[137],"product_tag":[],"class_list":{"0":"post-23673","1":"product","2":"type-product","3":"status-publish","5":"product_cat-maros-megyei-eletrajzi-lexikon","7":"first","8":"instock","9":"shipping-taxable","10":"product-type-simple"},"_links":{"self":[{"href":"https:\/\/uj.adatbank.ro\/lexikon\/wp-json\/wp\/v2\/product\/23673","targetHints":{"allow":["GET"]}}],"collection":[{"href":"https:\/\/uj.adatbank.ro\/lexikon\/wp-json\/wp\/v2\/product"}],"about":[{"href":"https:\/\/uj.adatbank.ro\/lexikon\/wp-json\/wp\/v2\/types\/product"}],"replies":[{"embeddable":true,"href":"https:\/\/uj.adatbank.ro\/lexikon\/wp-json\/wp\/v2\/comments?post=23673"}],"wp:attachment":[{"href":"https:\/\/uj.adatbank.ro\/lexikon\/wp-json\/wp\/v2\/media?parent=23673"}],"wp:term":[{"taxonomy":"product_brand","embeddable":true,"href":"https:\/\/uj.adatbank.ro\/lexikon\/wp-json\/wp\/v2\/product_brand?post=23673"},{"taxonomy":"product_cat","embeddable":true,"href":"https:\/\/uj.adatbank.ro\/lexikon\/wp-json\/wp\/v2\/product_cat?post=23673"},{"taxonomy":"product_tag","embeddable":true,"href":"https:\/\/uj.adatbank.ro\/lexikon\/wp-json\/wp\/v2\/product_tag?post=23673"}],"curies":[{"name":"wp","href":"https:\/\/api.w.org\/{rel}","templated":true}]}}