{"id":23677,"date":"2025-08-01T17:37:09","date_gmt":"2025-08-01T15:37:09","guid":{"rendered":"https:\/\/uj.adatbank.ro\/lexikon\/termek\/tufan-victor\/"},"modified":"2025-08-01T17:37:09","modified_gmt":"2025-08-01T15:37:09","slug":"tufan-victor","status":"publish","type":"product","link":"https:\/\/uj.adatbank.ro\/lexikon\/termek\/tufan-victor\/","title":{"rendered":"TUFAN, Victor"},"content":{"rendered":"<p>Bethlenszentmikl\u00f3s, 1881. m\u00e1j. 19., \u2020 Ny\u00e1r\u00e1dt\u0151, 1957. \u00e1pr. 15.: ort. pap. \u2013 A bal\u00e1zsfalvi f\u0151gimn.-ban \u00e9retts\u00e9gizett (1900). Szolg\u00e1lt Mez\u0151pagocs\u00e1n (1905\u201306), Ny\u00e1r\u00e1dt\u0151n (1906\u20131940; 1944\u201348), ahol papilakot \u00e9p\u00edtett (1935). Eln\u00f6ke a Rom\u00e1n Nemzeti Tan\u00e1csnak Ny\u00e1r\u00e1dt\u0151n (1918), nagy szerepe volt a nemzeti g\u00e1rd\u00e1k l\u00e9tes\u00edt\u00e9s\u00e9ben. Az egyes\u00fcl\u00e9s ut\u00e1n tagja a Maros megyei \u00e1lland\u00f3 bizotts\u00e1g\u00e1nak \u00e9s m\u00e1s szervezeteknek. Elmenek\u00fclt (1940), Lugoson, Resic\u00e1n \u00e9s \u00c1d\u00e1moson volt. <br \/><strong>\u2013 Irod.:<\/strong> \u015eincan 2006; Ungheni.<\/br><\/p>\n","protected":false},"excerpt":{"rendered":"<p>Bethlenszentmikl\u00f3s, 1881. m\u00e1j. 19., \u2020 Ny\u00e1r\u00e1dt\u0151, 1957. \u00e1pr. 15.: ort. pap. \u2013 A bal\u00e1zsfalvi f\u0151gimn.-ban \u00e9retts\u00e9gizett (1900). Szolg\u00e1lt Mez\u0151pagocs\u00e1n (1905\u201306), Ny\u00e1r\u00e1dt\u0151n (1906\u20131940; 1944\u201348), ahol papilakot \u00e9p\u00edtett (1935). Eln\u00f6ke a Rom\u00e1n Nemzeti Tan\u00e1csnak Ny\u00e1r\u00e1dt\u0151n (1918), nagy szerepe volt a nemzeti g\u00e1rd\u00e1k l\u00e9tes\u00edt\u00e9s\u00e9ben. Az egyes\u00fcl\u00e9s ut\u00e1n tagja a Maros megyei \u00e1lland\u00f3 bizotts\u00e1g\u00e1nak \u00e9s m\u00e1s szervezeteknek. Elmenek\u00fclt (1940), [&hellip;]<\/p>\n","protected":false},"featured_media":0,"comment_status":"open","ping_status":"closed","template":"","meta":[],"product_brand":[],"product_cat":[137],"product_tag":[],"class_list":{"0":"post-23677","1":"product","2":"type-product","3":"status-publish","5":"product_cat-maros-megyei-eletrajzi-lexikon","7":"first","8":"instock","9":"shipping-taxable","10":"product-type-simple"},"_links":{"self":[{"href":"https:\/\/uj.adatbank.ro\/lexikon\/wp-json\/wp\/v2\/product\/23677","targetHints":{"allow":["GET"]}}],"collection":[{"href":"https:\/\/uj.adatbank.ro\/lexikon\/wp-json\/wp\/v2\/product"}],"about":[{"href":"https:\/\/uj.adatbank.ro\/lexikon\/wp-json\/wp\/v2\/types\/product"}],"replies":[{"embeddable":true,"href":"https:\/\/uj.adatbank.ro\/lexikon\/wp-json\/wp\/v2\/comments?post=23677"}],"wp:attachment":[{"href":"https:\/\/uj.adatbank.ro\/lexikon\/wp-json\/wp\/v2\/media?parent=23677"}],"wp:term":[{"taxonomy":"product_brand","embeddable":true,"href":"https:\/\/uj.adatbank.ro\/lexikon\/wp-json\/wp\/v2\/product_brand?post=23677"},{"taxonomy":"product_cat","embeddable":true,"href":"https:\/\/uj.adatbank.ro\/lexikon\/wp-json\/wp\/v2\/product_cat?post=23677"},{"taxonomy":"product_tag","embeddable":true,"href":"https:\/\/uj.adatbank.ro\/lexikon\/wp-json\/wp\/v2\/product_tag?post=23677"}],"curies":[{"name":"wp","href":"https:\/\/api.w.org\/{rel}","templated":true}]}}

<p>Bethlenszentmiklós, 1881. máj. 19., † Nyárádtő, 1957. ápr. 15.: ort. pap. – A balázsfalvi főgimn.-ban érettségizett (1900). Szolgált Mezőpagocsán (1905–06), Nyárádtőn (1906–1940; 1944–48), ahol papilakot épített (1935). Elnöke a Román Nemzeti Tanácsnak Nyárádtőn (1918), nagy szerepe volt a nemzeti gárdák létesítésében. Az egyesülés után tagja a Maros megyei állandó bizottságának és más szervezeteknek. Elmenekült (1940), Lugoson, Resicán és Ádámoson volt. <br /><strong>– Irod.:</strong> Şincan 2006; Ungheni.</br></p>

<p>Bethlenszentmiklós, 1881. máj. 19., † Nyárádtő, 1957. ápr. 15.: ort. pap. – A balázsfalvi főgimn.-ban érettségizett (1900). Szolgált Mezőpagocsán (1905–06), Nyárádtőn (1906–1940; 1944–48), ahol papilakot épített (1935). Elnöke a Román Nemzeti Tanácsnak Nyárádtőn (1918), nagy szerepe volt a nemzeti gárdák létesítésében. Az egyesülés után tagja a Maros megyei állandó bizottságának és más szervezeteknek. Elmenekült (1940), [&hellip;]</p>
