{"id":23682,"date":"2025-08-01T17:37:21","date_gmt":"2025-08-01T15:37:21","guid":{"rendered":"https:\/\/uj.adatbank.ro\/lexikon\/termek\/tunaru-nicolae\/"},"modified":"2025-08-01T17:37:21","modified_gmt":"2025-08-01T15:37:21","slug":"tunaru-nicolae","status":"publish","type":"product","link":"https:\/\/uj.adatbank.ro\/lexikon\/termek\/tunaru-nicolae\/","title":{"rendered":"TUNARU, Nicolae"},"content":{"rendered":"<p>Mv., 1955. j\u00fal. 31., \u2020 Mv., 2004. j\u00fal. 21: fest\u0151. \u2013 Mv.-en \u00e9retts\u00e9gizett az Ipari L\u00edc.-ban ugyanakkor a N\u00e9pi M\u0171v\u00e9szeti Iskola fest\u00e9szeti szak\u00e1t is elv\u00e9gezte (1986). Vasile Mure\u015fan fest\u0151 ir\u00e1ny\u00edt\u00e1s\u00e1val t\u00f6k\u00e9letes\u00edtette fest\u00e9szeti technik\u00e1j\u00e1t. 60 csoportos \u00e9s 12 egy\u00e9ni ki\u00e1ll\u00edt\u00e1son vett r\u00e9szt Eln\u00f6ke az Amat\u0151r K\u00e9pz\u0151m\u0171v\u00e9szek Sz\u00f6vets\u00e9g\u00e9nek, ill. a MMKE-nek (1995. \u00e1pr. \u2013 2004.). Megyei t\u00e1rlaton II. (1988) \u00e9s orsz\u00e1gos t\u00e1rlaton is II. d\u00edjat nyert (1989). \u2013  <strong>F. ki\u00e1ll.:<\/strong>  <strong>csoportos:<\/strong> Gyulafeh\u00e9rv\u00e1r (1987, 1988, 1991\u00e9s 1992), Konstanca (1988, 1991, 1992), Buk. (1988), Belgium (1993, 1994), Hollandia, N\u00e9meto.-ban, Francio.-ban, Magyaro.-on (2000), az AE\u00c1-ban. K\u00e9pei Belgiumban, Kanad\u00e1ban, Magyaro.-on, N\u00e9meto.-ban, Hollandi\u00e1ban, Franciao.-ban, Olaszo.-ban, Argent\u00edn\u00e1ban mag\u00e1ngy\u0171jtem\u00e9nyekben tal\u00e1lhat\u00f3k meg. K\u00e9pz\u0151m\u0171v\u00e9szeti t\u00e1borban vett r\u00e9szt Szov\u00e1t\u00e1n, Kundon, Gyulafeh\u00e9rv\u00e1ron, Konstanc\u00e1n \u00e9s Bergeny\u00e9ben. <br \/><strong>\u2013 Irod.:<\/strong> AAPM; Borda, Dorin\u2013Romeo, Soare: Galaxia valorilor (Tg. M., 2007); C.l. (1997. okt. 14.; 2001. szept. 28.; 2003. j\u00fan. 21.; 2004. jan. 16.; 2004. febr. 6.; m\u00e1rc. 30.; 2005. j\u00fal. 15.; 2005. j\u00fal. 22.; 2006. okt. 6.); Opri\u015f 2018; Todea 2013.<\/br><\/p>\n","protected":false},"excerpt":{"rendered":"<p>Mv., 1955. j\u00fal. 31., \u2020 Mv., 2004. j\u00fal. 21: fest\u0151. \u2013 Mv.-en \u00e9retts\u00e9gizett az Ipari L\u00edc.-ban ugyanakkor a N\u00e9pi M\u0171v\u00e9szeti Iskola fest\u00e9szeti szak\u00e1t is elv\u00e9gezte (1986). Vasile Mure\u015fan fest\u0151 ir\u00e1ny\u00edt\u00e1s\u00e1val t\u00f6k\u00e9letes\u00edtette fest\u00e9szeti technik\u00e1j\u00e1t. 60 csoportos \u00e9s 12 egy\u00e9ni ki\u00e1ll\u00edt\u00e1son vett r\u00e9szt Eln\u00f6ke az Amat\u0151r K\u00e9pz\u0151m\u0171v\u00e9szek Sz\u00f6vets\u00e9g\u00e9nek, ill. a MMKE-nek (1995. \u00e1pr. \u2013 2004.). Megyei t\u00e1rlaton [&hellip;]<\/p>\n","protected":false},"featured_media":0,"comment_status":"open","ping_status":"closed","template":"","meta":[],"product_brand":[],"product_cat":[137],"product_tag":[],"class_list":{"0":"post-23682","1":"product","2":"type-product","3":"status-publish","5":"product_cat-maros-megyei-eletrajzi-lexikon","7":"first","8":"instock","9":"shipping-taxable","10":"product-type-simple"},"_links":{"self":[{"href":"https:\/\/uj.adatbank.ro\/lexikon\/wp-json\/wp\/v2\/product\/23682","targetHints":{"allow":["GET"]}}],"collection":[{"href":"https:\/\/uj.adatbank.ro\/lexikon\/wp-json\/wp\/v2\/product"}],"about":[{"href":"https:\/\/uj.adatbank.ro\/lexikon\/wp-json\/wp\/v2\/types\/product"}],"replies":[{"embeddable":true,"href":"https:\/\/uj.adatbank.ro\/lexikon\/wp-json\/wp\/v2\/comments?post=23682"}],"wp:attachment":[{"href":"https:\/\/uj.adatbank.ro\/lexikon\/wp-json\/wp\/v2\/media?parent=23682"}],"wp:term":[{"taxonomy":"product_brand","embeddable":true,"href":"https:\/\/uj.adatbank.ro\/lexikon\/wp-json\/wp\/v2\/product_brand?post=23682"},{"taxonomy":"product_cat","embeddable":true,"href":"https:\/\/uj.adatbank.ro\/lexikon\/wp-json\/wp\/v2\/product_cat?post=23682"},{"taxonomy":"product_tag","embeddable":true,"href":"https:\/\/uj.adatbank.ro\/lexikon\/wp-json\/wp\/v2\/product_tag?post=23682"}],"curies":[{"name":"wp","href":"https:\/\/api.w.org\/{rel}","templated":true}]}}

<p>Mv., 1955. júl. 31., † Mv., 2004. júl. 21: festő. – Mv.-en érettségizett az Ipari Líc.-ban ugyanakkor a Népi Művészeti Iskola festészeti szakát is elvégezte (1986). Vasile Mureşan festő irányításával tökéletesítette festészeti technikáját. 60 csoportos és 12 egyéni kiállításon vett részt Elnöke az Amatőr Képzőművészek Szövetségének, ill. a MMKE-nek (1995. ápr. – 2004.). Megyei tárlaton II. (1988) és országos tárlaton is II. díjat nyert (1989). –  <strong>F. kiáll.:</strong>  <strong>csoportos:</strong> Gyulafehérvár (1987, 1988, 1991és 1992), Konstanca (1988, 1991, 1992), Buk. (1988), Belgium (1993, 1994), Hollandia, Németo.-ban, Francio.-ban, Magyaro.-on (2000), az AEÁ-ban. Képei Belgiumban, Kanadában, Magyaro.-on, Németo.-ban, Hollandiában, Franciao.-ban, Olaszo.-ban, Argentínában magángyűjteményekben találhatók meg. Képzőművészeti táborban vett részt Szovátán, Kundon, Gyulafehérváron, Konstancán és Bergenyében. <br /><strong>– Irod.:</strong> AAPM; Borda, Dorin–Romeo, Soare: Galaxia valorilor (Tg. M., 2007); C.l. (1997. okt. 14.; 2001. szept. 28.; 2003. jún. 21.; 2004. jan. 16.; 2004. febr. 6.; márc. 30.; 2005. júl. 15.; 2005. júl. 22.; 2006. okt. 6.); Opriş 2018; Todea 2013.</br></p>

<p>Mv., 1955. júl. 31., † Mv., 2004. júl. 21: festő. – Mv.-en érettségizett az Ipari Líc.-ban ugyanakkor a Népi Művészeti Iskola festészeti szakát is elvégezte (1986). Vasile Mureşan festő irányításával tökéletesítette festészeti technikáját. 60 csoportos és 12 egyéni kiállításon vett részt Elnöke az Amatőr Képzőművészek Szövetségének, ill. a MMKE-nek (1995. ápr. – 2004.). Megyei tárlaton [&hellip;]</p>
