{"id":23700,"date":"2025-08-01T17:38:05","date_gmt":"2025-08-01T15:38:05","guid":{"rendered":"https:\/\/uj.adatbank.ro\/lexikon\/termek\/turdean-teodor\/"},"modified":"2025-08-01T17:38:05","modified_gmt":"2025-08-01T15:38:05","slug":"turdean-teodor","status":"publish","type":"product","link":"https:\/\/uj.adatbank.ro\/lexikon\/termek\/turdean-teodor\/","title":{"rendered":"TURDEAN, Teodor"},"content":{"rendered":"<p>Mez\u0151gerebenes, 1926. aug. 26. \u2020 Maross\u00e1rpatak, 2004. m\u00e1rc. 13.: tan\u00e1r. \u2013 Elemi iskol\u00e1t a sz\u00fcl\u0151faluban, tan\u00edt\u00f3k\u00e9pz\u0151t Kv.-on v\u00e9gzett (1947). Katonai szolg\u00e1lat ut\u00e1n tan\u00edt\u00f3k\u00e9nt dolgozott Mez\u0151gerebenesen (1949\u201350), Lekenc\u00e9ben iskolaigazgat\u00f3 (1951\u201354), n\u00e9ptan\u00e1cstitk\u00e1r Mez\u0151gerebenesen (1956\u201359), majd iskolaigazgat\u00f3 ugyanott (1959\u201373). K\u00f6zben mag\u00e1n\u00faton elv\u00e9gezte Kv.-on a t\u00f6rt.-f\u00f6ldrajz szakot \u00e9s t\u00f6rt\u00e9nelemtan\u00e1r lett Maross\u00e1rpatakon (1977\u201388). <br \/><strong>\u2013 Irod.:<\/strong> Grebeni\u015ful de C\u00e2mpie.<\/br><\/p>\n","protected":false},"excerpt":{"rendered":"<p>Mez\u0151gerebenes, 1926. aug. 26. \u2020 Maross\u00e1rpatak, 2004. m\u00e1rc. 13.: tan\u00e1r. \u2013 Elemi iskol\u00e1t a sz\u00fcl\u0151faluban, tan\u00edt\u00f3k\u00e9pz\u0151t Kv.-on v\u00e9gzett (1947). Katonai szolg\u00e1lat ut\u00e1n tan\u00edt\u00f3k\u00e9nt dolgozott Mez\u0151gerebenesen (1949\u201350), Lekenc\u00e9ben iskolaigazgat\u00f3 (1951\u201354), n\u00e9ptan\u00e1cstitk\u00e1r Mez\u0151gerebenesen (1956\u201359), majd iskolaigazgat\u00f3 ugyanott (1959\u201373). K\u00f6zben mag\u00e1n\u00faton elv\u00e9gezte Kv.-on a t\u00f6rt.-f\u00f6ldrajz szakot \u00e9s t\u00f6rt\u00e9nelemtan\u00e1r lett Maross\u00e1rpatakon (1977\u201388). \u2013 Irod.: Grebeni\u015ful de C\u00e2mpie.<\/p>\n","protected":false},"featured_media":0,"comment_status":"open","ping_status":"closed","template":"","meta":[],"product_brand":[],"product_cat":[137],"product_tag":[],"class_list":{"0":"post-23700","1":"product","2":"type-product","3":"status-publish","5":"product_cat-maros-megyei-eletrajzi-lexikon","7":"first","8":"instock","9":"shipping-taxable","10":"product-type-simple"},"_links":{"self":[{"href":"https:\/\/uj.adatbank.ro\/lexikon\/wp-json\/wp\/v2\/product\/23700","targetHints":{"allow":["GET"]}}],"collection":[{"href":"https:\/\/uj.adatbank.ro\/lexikon\/wp-json\/wp\/v2\/product"}],"about":[{"href":"https:\/\/uj.adatbank.ro\/lexikon\/wp-json\/wp\/v2\/types\/product"}],"replies":[{"embeddable":true,"href":"https:\/\/uj.adatbank.ro\/lexikon\/wp-json\/wp\/v2\/comments?post=23700"}],"wp:attachment":[{"href":"https:\/\/uj.adatbank.ro\/lexikon\/wp-json\/wp\/v2\/media?parent=23700"}],"wp:term":[{"taxonomy":"product_brand","embeddable":true,"href":"https:\/\/uj.adatbank.ro\/lexikon\/wp-json\/wp\/v2\/product_brand?post=23700"},{"taxonomy":"product_cat","embeddable":true,"href":"https:\/\/uj.adatbank.ro\/lexikon\/wp-json\/wp\/v2\/product_cat?post=23700"},{"taxonomy":"product_tag","embeddable":true,"href":"https:\/\/uj.adatbank.ro\/lexikon\/wp-json\/wp\/v2\/product_tag?post=23700"}],"curies":[{"name":"wp","href":"https:\/\/api.w.org\/{rel}","templated":true}]}}

<p>Mezőgerebenes, 1926. aug. 26. † Marossárpatak, 2004. márc. 13.: tanár. – Elemi iskolát a szülőfaluban, tanítóképzőt Kv.-on végzett (1947). Katonai szolgálat után tanítóként dolgozott Mezőgerebenesen (1949–50), Lekencében iskolaigazgató (1951–54), néptanácstitkár Mezőgerebenesen (1956–59), majd iskolaigazgató ugyanott (1959–73). Közben magánúton elvégezte Kv.-on a tört.-földrajz szakot és történelemtanár lett Marossárpatakon (1977–88). <br /><strong>– Irod.:</strong> Grebenişul de Câmpie.</br></p>

<p>Mezőgerebenes, 1926. aug. 26. † Marossárpatak, 2004. márc. 13.: tanár. – Elemi iskolát a szülőfaluban, tanítóképzőt Kv.-on végzett (1947). Katonai szolgálat után tanítóként dolgozott Mezőgerebenesen (1949–50), Lekencében iskolaigazgató (1951–54), néptanácstitkár Mezőgerebenesen (1956–59), majd iskolaigazgató ugyanott (1959–73). Közben magánúton elvégezte Kv.-on a tört.-földrajz szakot és történelemtanár lett Marossárpatakon (1977–88). – Irod.: Grebenişul de Câmpie.</p>
