{"id":23701,"date":"2025-08-01T17:38:07","date_gmt":"2025-08-01T15:38:07","guid":{"rendered":"https:\/\/uj.adatbank.ro\/lexikon\/termek\/turdean-vasile\/"},"modified":"2025-08-01T17:38:07","modified_gmt":"2025-08-01T15:38:07","slug":"turdean-vasile","status":"publish","type":"product","link":"https:\/\/uj.adatbank.ro\/lexikon\/termek\/turdean-vasile\/","title":{"rendered":"TURDEAN, Vasile"},"content":{"rendered":"<p>Mez\u0151szengyel, 1926. nov. 14., \u2020 Kv., 2003. febr. 21.: t\u00f6rt\u00e9n\u00e9sz, k\u00f6nyvt\u00e1ros. \u2013 A k\u00f6z\u00e9piskol\u00e1t Bal\u00e1zsfalv\u00e1n v\u00e9gezte, az egyetemet Kv.-on t\u00f6rt\u00e9nelem szakon. A Kv.-i \u00c1llami Lev\u00e9lt\u00e1r munkat\u00e1rsa (1956). A kv.-i Megyei K\u00f6nyvt\u00e1r igazgat\u00f3ja (1969\u201387). \u00daj k\u00f6nyvt\u00e1ri r\u00e9szlegeket l\u00e9tes\u00edtett, r\u00e9gi k\u00f6nyvekkel gyarap\u00edtotta a k\u00f6nyvt\u00e1r k\u00f6nyv\u00e1llom\u00e1ny\u00e1t, fi\u00f3kk\u00f6nyvt\u00e1rakat nyitott- <br \/><strong>\u2013 Irod.:<\/strong> MMK; Todea 2013.<\/br><\/p>\n","protected":false},"excerpt":{"rendered":"<p>Mez\u0151szengyel, 1926. nov. 14., \u2020 Kv., 2003. febr. 21.: t\u00f6rt\u00e9n\u00e9sz, k\u00f6nyvt\u00e1ros. \u2013 A k\u00f6z\u00e9piskol\u00e1t Bal\u00e1zsfalv\u00e1n v\u00e9gezte, az egyetemet Kv.-on t\u00f6rt\u00e9nelem szakon. A Kv.-i \u00c1llami Lev\u00e9lt\u00e1r munkat\u00e1rsa (1956). A kv.-i Megyei K\u00f6nyvt\u00e1r igazgat\u00f3ja (1969\u201387). \u00daj k\u00f6nyvt\u00e1ri r\u00e9szlegeket l\u00e9tes\u00edtett, r\u00e9gi k\u00f6nyvekkel gyarap\u00edtotta a k\u00f6nyvt\u00e1r k\u00f6nyv\u00e1llom\u00e1ny\u00e1t, fi\u00f3kk\u00f6nyvt\u00e1rakat nyitott- \u2013 Irod.: MMK; Todea 2013.<\/p>\n","protected":false},"featured_media":0,"comment_status":"open","ping_status":"closed","template":"","meta":[],"product_brand":[],"product_cat":[137],"product_tag":[],"class_list":{"0":"post-23701","1":"product","2":"type-product","3":"status-publish","5":"product_cat-maros-megyei-eletrajzi-lexikon","7":"first","8":"instock","9":"shipping-taxable","10":"product-type-simple"},"_links":{"self":[{"href":"https:\/\/uj.adatbank.ro\/lexikon\/wp-json\/wp\/v2\/product\/23701","targetHints":{"allow":["GET"]}}],"collection":[{"href":"https:\/\/uj.adatbank.ro\/lexikon\/wp-json\/wp\/v2\/product"}],"about":[{"href":"https:\/\/uj.adatbank.ro\/lexikon\/wp-json\/wp\/v2\/types\/product"}],"replies":[{"embeddable":true,"href":"https:\/\/uj.adatbank.ro\/lexikon\/wp-json\/wp\/v2\/comments?post=23701"}],"wp:attachment":[{"href":"https:\/\/uj.adatbank.ro\/lexikon\/wp-json\/wp\/v2\/media?parent=23701"}],"wp:term":[{"taxonomy":"product_brand","embeddable":true,"href":"https:\/\/uj.adatbank.ro\/lexikon\/wp-json\/wp\/v2\/product_brand?post=23701"},{"taxonomy":"product_cat","embeddable":true,"href":"https:\/\/uj.adatbank.ro\/lexikon\/wp-json\/wp\/v2\/product_cat?post=23701"},{"taxonomy":"product_tag","embeddable":true,"href":"https:\/\/uj.adatbank.ro\/lexikon\/wp-json\/wp\/v2\/product_tag?post=23701"}],"curies":[{"name":"wp","href":"https:\/\/api.w.org\/{rel}","templated":true}]}}

<p>Mezőszengyel, 1926. nov. 14., † Kv., 2003. febr. 21.: történész, könyvtáros. – A középiskolát Balázsfalván végezte, az egyetemet Kv.-on történelem szakon. A Kv.-i Állami Levéltár munkatársa (1956). A kv.-i Megyei Könyvtár igazgatója (1969–87). Új könyvtári részlegeket létesített, régi könyvekkel gyarapította a könyvtár könyvállományát, fiókkönyvtárakat nyitott- <br /><strong>– Irod.:</strong> MMK; Todea 2013.</br></p>

<p>Mezőszengyel, 1926. nov. 14., † Kv., 2003. febr. 21.: történész, könyvtáros. – A középiskolát Balázsfalván végezte, az egyetemet Kv.-on történelem szakon. A Kv.-i Állami Levéltár munkatársa (1956). A kv.-i Megyei Könyvtár igazgatója (1969–87). Új könyvtári részlegeket létesített, régi könyvekkel gyarapította a könyvtár könyvállományát, fiókkönyvtárakat nyitott- – Irod.: MMK; Todea 2013.</p>
