{"id":23702,"date":"2025-08-01T17:38:09","date_gmt":"2025-08-01T15:38:09","guid":{"rendered":"https:\/\/uj.adatbank.ro\/lexikon\/termek\/turi-jobbagy-karoly-%c2%a7-jobbagy-karoly-turi-jobbagy-karoly\/"},"modified":"2025-08-01T17:38:09","modified_gmt":"2025-08-01T15:38:09","slug":"turi-jobbagy-karoly-%c2%a7-jobbagy-karoly-turi-jobbagy-karoly","status":"publish","type":"product","link":"https:\/\/uj.adatbank.ro\/lexikon\/termek\/turi-jobbagy-karoly-%c2%a7-jobbagy-karoly-turi-jobbagy-karoly\/","title":{"rendered":"T\u00daRI JOBB\u00c1GY K\u00e1roly, \u00a7 Jobb\u00e1gy K\u00e1roly, Turi Jobb\u00e1gy K\u00e1roly"},"content":{"rendered":"<p>Erd\u0151szentgy\u00f6rgy, 1835. \u2020 Kv., 1862. febr. 16.: fest\u0151m\u0171v\u00e9sz. \u2013 Jobb\u00e1gy K\u00e1roly gazdatiszt \u00e9s Bal\u00e1zsy Polix\u00e9na fia. H\u00faga: Ida L\u0151rintzi Lajosn\u00e9. \u2013 Kv.-on az unit. iskol\u00e1ban tanult (1842\u201348), m\u00e1sf\u00e9l \u00e9vig nemzet\u0151r, majd az unit. koll.-ban folytatta tanulm\u00e1nyait (1850\u201355). Bp.-en Barab\u00e1s Mikl\u00f3sn\u00e1l, majd Berlinben tanult, a Tisza fi\u00fak \u00fatit\u00e1rsak\u00e9nt, szint\u00e9n vel\u00fck beutazta N\u00e9meto.-t \u00e9s j\u00e1rt Olaszo.-ban is..Hazat\u00e9rt Kv.-ra (1861). A Rad\u00e1k csal\u00e1d \u00f3zdi kast\u00e9ly\u00e1ba is megh\u00edv\u00e1st kapott, a csal\u00e1d sz\u00e1m\u00e1ra t\u00f6bb k\u00e9pet is festett. T\u00fcd\u0151v\u00e9szben halt meg. Sz\u00e1mos arck\u00e9pet \u00e9s t\u00e1jk\u00e9pet festett. <br \/><strong>\u2013 Irod.:<\/strong> Kelemen Lajos: T. J. K. fest\u0151m\u0171v\u00e9sz = Lyka K\u00e1roly eml\u00e9kk\u00f6nyv (Bp., 1944); K.L. M\u0171v. t\u00f6rt. tan. 1.<\/br><\/p>\n","protected":false},"excerpt":{"rendered":"<p>Erd\u0151szentgy\u00f6rgy, 1835. \u2020 Kv., 1862. febr. 16.: fest\u0151m\u0171v\u00e9sz. \u2013 Jobb\u00e1gy K\u00e1roly gazdatiszt \u00e9s Bal\u00e1zsy Polix\u00e9na fia. H\u00faga: Ida L\u0151rintzi Lajosn\u00e9. \u2013 Kv.-on az unit. iskol\u00e1ban tanult (1842\u201348), m\u00e1sf\u00e9l \u00e9vig nemzet\u0151r, majd az unit. koll.-ban folytatta tanulm\u00e1nyait (1850\u201355). Bp.-en Barab\u00e1s Mikl\u00f3sn\u00e1l, majd Berlinben tanult, a Tisza fi\u00fak \u00fatit\u00e1rsak\u00e9nt, szint\u00e9n vel\u00fck beutazta N\u00e9meto.-t \u00e9s j\u00e1rt Olaszo.-ban is..Hazat\u00e9rt [&hellip;]<\/p>\n","protected":false},"featured_media":0,"comment_status":"open","ping_status":"closed","template":"","meta":[],"product_brand":[],"product_cat":[137],"product_tag":[],"class_list":{"0":"post-23702","1":"product","2":"type-product","3":"status-publish","5":"product_cat-maros-megyei-eletrajzi-lexikon","7":"first","8":"instock","9":"shipping-taxable","10":"product-type-simple"},"_links":{"self":[{"href":"https:\/\/uj.adatbank.ro\/lexikon\/wp-json\/wp\/v2\/product\/23702","targetHints":{"allow":["GET"]}}],"collection":[{"href":"https:\/\/uj.adatbank.ro\/lexikon\/wp-json\/wp\/v2\/product"}],"about":[{"href":"https:\/\/uj.adatbank.ro\/lexikon\/wp-json\/wp\/v2\/types\/product"}],"replies":[{"embeddable":true,"href":"https:\/\/uj.adatbank.ro\/lexikon\/wp-json\/wp\/v2\/comments?post=23702"}],"wp:attachment":[{"href":"https:\/\/uj.adatbank.ro\/lexikon\/wp-json\/wp\/v2\/media?parent=23702"}],"wp:term":[{"taxonomy":"product_brand","embeddable":true,"href":"https:\/\/uj.adatbank.ro\/lexikon\/wp-json\/wp\/v2\/product_brand?post=23702"},{"taxonomy":"product_cat","embeddable":true,"href":"https:\/\/uj.adatbank.ro\/lexikon\/wp-json\/wp\/v2\/product_cat?post=23702"},{"taxonomy":"product_tag","embeddable":true,"href":"https:\/\/uj.adatbank.ro\/lexikon\/wp-json\/wp\/v2\/product_tag?post=23702"}],"curies":[{"name":"wp","href":"https:\/\/api.w.org\/{rel}","templated":true}]}}

TÚRI JOBBÁGY Károly, § Jobbágy Károly, Turi Jobbágy Károly

<p>Erdőszentgyörgy, 1835. † Kv., 1862. febr. 16.: festőművész. – Jobbágy Károly gazdatiszt és Balázsy Polixéna fia. Húga: Ida Lőrintzi Lajosné. – Kv.-on az unit. iskolában tanult (1842–48), másfél évig nemzetőr, majd az unit. koll.-ban folytatta tanulmányait (1850–55). Bp.-en Barabás Miklósnál, majd Berlinben tanult, a Tisza fiúk útitársaként, szintén velük beutazta Németo.-t és járt Olaszo.-ban is..Hazatért Kv.-ra (1861). A Radák család ózdi kastélyába is meghívást kapott, a család számára több képet is festett. Tüdővészben halt meg. Számos arcképet és tájképet festett. <br /><strong>– Irod.:</strong> Kelemen Lajos: T. J. K. festőművész = Lyka Károly emlékkönyv (Bp., 1944); K.L. Műv. tört. tan. 1.</br></p>

<p>Erdőszentgyörgy, 1835. † Kv., 1862. febr. 16.: festőművész. – Jobbágy Károly gazdatiszt és Balázsy Polixéna fia. Húga: Ida Lőrintzi Lajosné. – Kv.-on az unit. iskolában tanult (1842–48), másfél évig nemzetőr, majd az unit. koll.-ban folytatta tanulmányait (1850–55). Bp.-en Barabás Miklósnál, majd Berlinben tanult, a Tisza fiúk útitársaként, szintén velük beutazta Németo.-t és járt Olaszo.-ban is..Hazatért [&hellip;]</p>
