{"id":23704,"date":"2025-08-01T17:38:14","date_gmt":"2025-08-01T15:38:14","guid":{"rendered":"https:\/\/uj.adatbank.ro\/lexikon\/termek\/turi-jozsef-tamasfalvi-turi-jozsef\/"},"modified":"2025-08-01T17:38:14","modified_gmt":"2025-08-01T15:38:14","slug":"turi-jozsef-tamasfalvi-turi-jozsef","status":"publish","type":"product","link":"https:\/\/uj.adatbank.ro\/lexikon\/termek\/turi-jozsef-tamasfalvi-turi-jozsef\/","title":{"rendered":"TURI J\u00f3zsef, tam\u00e1sfalvi, Turi J\u00f3zsef"},"content":{"rendered":"<p>1752. ? \u2020 Mv., 1832. j\u00fan. 7. A mv.-i Keresztel\u0151 Szent J\u00e1nos pl\u00e9b\u00e1niatemplom kript\u00e1j\u00e1ba temett\u00e9k, majd a feles\u00e9g\u00e9t is: tan\u00e1csos. \u2013 Feles\u00e9ge: Ger\u00e9b Ther\u00e9zia (1765? \u2013 Mv., 1832. dec.). Gyermekeik: Borb\u00e1la, \u00c1gnes, J\u00f3zsef. \u2013 Erd\u00e9lyi f\u0151korm\u00e1nysz\u00e9ki v. b. t. t., Leopold cs\u00e1sz\u00e1r kit\u00fcntetettje, kisebb keresztes vit\u00e9ze. <br \/><strong>\u2013 Irod.:<\/strong> Lev\u00e9lt\u00e1ri gy\u00e1szj.; Mv.-i Pl\u00e9b\u00e1niatemplom kript\u00e1ja; Pusk\u00e1s Attila \u2013 s\u00edrfeliratok.<\/br><\/p>\n","protected":false},"excerpt":{"rendered":"<p>1752. ? \u2020 Mv., 1832. j\u00fan. 7. A mv.-i Keresztel\u0151 Szent J\u00e1nos pl\u00e9b\u00e1niatemplom kript\u00e1j\u00e1ba temett\u00e9k, majd a feles\u00e9g\u00e9t is: tan\u00e1csos. \u2013 Feles\u00e9ge: Ger\u00e9b Ther\u00e9zia (1765? \u2013 Mv., 1832. dec.). Gyermekeik: Borb\u00e1la, \u00c1gnes, J\u00f3zsef. \u2013 Erd\u00e9lyi f\u0151korm\u00e1nysz\u00e9ki v. b. t. t., Leopold cs\u00e1sz\u00e1r kit\u00fcntetettje, kisebb keresztes vit\u00e9ze. \u2013 Irod.: Lev\u00e9lt\u00e1ri gy\u00e1szj.; Mv.-i Pl\u00e9b\u00e1niatemplom kript\u00e1ja; Pusk\u00e1s Attila [&hellip;]<\/p>\n","protected":false},"featured_media":0,"comment_status":"open","ping_status":"closed","template":"","meta":[],"product_brand":[],"product_cat":[137],"product_tag":[],"class_list":{"0":"post-23704","1":"product","2":"type-product","3":"status-publish","5":"product_cat-maros-megyei-eletrajzi-lexikon","7":"first","8":"instock","9":"shipping-taxable","10":"product-type-simple"},"_links":{"self":[{"href":"https:\/\/uj.adatbank.ro\/lexikon\/wp-json\/wp\/v2\/product\/23704","targetHints":{"allow":["GET"]}}],"collection":[{"href":"https:\/\/uj.adatbank.ro\/lexikon\/wp-json\/wp\/v2\/product"}],"about":[{"href":"https:\/\/uj.adatbank.ro\/lexikon\/wp-json\/wp\/v2\/types\/product"}],"replies":[{"embeddable":true,"href":"https:\/\/uj.adatbank.ro\/lexikon\/wp-json\/wp\/v2\/comments?post=23704"}],"wp:attachment":[{"href":"https:\/\/uj.adatbank.ro\/lexikon\/wp-json\/wp\/v2\/media?parent=23704"}],"wp:term":[{"taxonomy":"product_brand","embeddable":true,"href":"https:\/\/uj.adatbank.ro\/lexikon\/wp-json\/wp\/v2\/product_brand?post=23704"},{"taxonomy":"product_cat","embeddable":true,"href":"https:\/\/uj.adatbank.ro\/lexikon\/wp-json\/wp\/v2\/product_cat?post=23704"},{"taxonomy":"product_tag","embeddable":true,"href":"https:\/\/uj.adatbank.ro\/lexikon\/wp-json\/wp\/v2\/product_tag?post=23704"}],"curies":[{"name":"wp","href":"https:\/\/api.w.org\/{rel}","templated":true}]}}

TURI József, tamásfalvi, Turi József

<p>1752. ? † Mv., 1832. jún. 7. A mv.-i Keresztelő Szent János plébániatemplom kriptájába temették, majd a feleségét is: tanácsos. – Felesége: Geréb Therézia (1765? – Mv., 1832. dec.). Gyermekeik: Borbála, Ágnes, József. – Erdélyi főkormányszéki v. b. t. t., Leopold császár kitüntetettje, kisebb keresztes vitéze. <br /><strong>– Irod.:</strong> Levéltári gyászj.; Mv.-i Plébániatemplom kriptája; Puskás Attila – sírfeliratok.</br></p>

<p>1752. ? † Mv., 1832. jún. 7. A mv.-i Keresztelő Szent János plébániatemplom kriptájába temették, majd a feleségét is: tanácsos. – Felesége: Geréb Therézia (1765? – Mv., 1832. dec.). Gyermekeik: Borbála, Ágnes, József. – Erdélyi főkormányszéki v. b. t. t., Leopold császár kitüntetettje, kisebb keresztes vitéze. – Irod.: Levéltári gyászj.; Mv.-i Plébániatemplom kriptája; Puskás Attila [&hellip;]</p>
