{"id":23707,"date":"2025-08-01T17:38:21","date_gmt":"2025-08-01T15:38:21","guid":{"rendered":"https:\/\/uj.adatbank.ro\/lexikon\/termek\/turk-antal-torok-antony-turk-tirk-antal-tirok\/"},"modified":"2025-08-01T17:38:21","modified_gmt":"2025-08-01T15:38:21","slug":"turk-antal-torok-antony-turk-tirk-antal-tirok","status":"publish","type":"product","link":"https:\/\/uj.adatbank.ro\/lexikon\/termek\/turk-antal-torok-antony-turk-tirk-antal-tirok\/","title":{"rendered":"T\u00dcRK Antal, T\u00f6r\u00f6k, Antony T\u00fcrk, Tirk Antal, Tirok"},"content":{"rendered":"<p>1750.\/ 1753 k., \u2020 Mv, 1798. dec. 23.: \u00e9p\u00edt\u0151mester, a kv.-i H\u00e1zsong\u00e1rdi Temet\u0151ben nyugszik. \u2013 Mv.-i lakos volt, bizonytalan, hogy B\u00e9csb\u0151l j\u00f6tt-e \u00e9s mikor. A mv.-i ad\u00f3t\u00e1bl\u00e1zaton szerepelt (1779\u2013), az anyak\u00f6nyvi bejegyz\u00e9s szerint Mv.-en halt meg 48 \u00e9ves kor\u00e1ban. A pall\u00e9rkod\u00e1s nem biztos\u00edtott neki gondtalan meg\u00e9lhet\u00e9st. Els\u0151 h\u00e1rom munk\u00e1ja a besztercei volt piarista (1781), az udvarhelyi katolikus (1791) \u00e9s az erd\u0151csin\u00e1di (1789) ref. templomok \u00e9p\u00edt\u00e9se, amely munk\u00e1k terveit \u00e1tvette, saj\u00e1tos \u00e9p\u00edt\u00e9si m\u00f3dj\u00e1n kivitelezte, befejezte (1797). Mv.-re Schmidt P\u00e1l \u00e9p\u00edt\u0151mester aj\u00e1nl\u00e1s\u00e1ra ker\u00fclt. Itt a ref. v\u00e1rtemplomot renov\u00e1lta \u00e9s \u00fajraboltozta (1790\u201391). Elk\u00e9sz\u00edtette a Kir. T\u00e1bla \u00e9p\u00fclet\u00e9nek \u00e1talak\u00edt\u00e1s\u00e1hoz sz\u00fcks\u00e9ges tervrajzot (1787). Erzs\u00e9betv\u00e1rosban a mechitarista templomot \u00e9p\u00edtette (1791\u201392), ezzel p\u00e1rhuzamosan a kv.-i unit\u00e1rius templom tervez\u0151je, \u00e9p\u00edt\u00e9s\u00e9re is szerz\u0151d\u00e9st k\u00f6t\u00f6tt (1792), amelynek kivitelez\u00e9se sok m\u00e1s kv.-i megrendel\u00e9st is hozott sz\u00e1m\u00e1ra. Ez\u00e9rt k\u00f6lt\u00f6z\u00f6tt \u00e1t Kv.-ra. Ott fel\u00e9p\u00edtette Bethlen Roz\u00e1lia h\u00e1z\u00e1t, \u00e9s ma m\u00e1r csak st\u00edlusuk alapj\u00e1n azonos\u00edthat\u00f3 m\u00e1s \u00e9p\u00fcletet is. Mv.-en Teleki S\u00e1muel megb\u00edz\u00e1s\u00e1b\u00f3l a Teleki T\u00e9ka \u00e9p\u00edt\u00e9s\u00e9nek terv\u00e9t a b\u00e9csi Ernest Koch (1755\u20131825) k\u00e9sz\u00edtette el (1797). Ezut\u00e1n Teleki S\u00e1muel szem\u00e9lyesen k\u00f6t\u00f6tt vele szerz\u0151d\u00e9st (1797. j\u00fal. 16.). A Koch terveit figyelembe v\u00e9ve tervezte meg Mv.-en a Teleki S\u00e1muel h\u00e1z\u00e1t \u00e9s k\u00f6nyvt\u00e1rterm\u00e9t (a kivitelez\u00e9s\u00e9re, hal\u00e1la miatt m\u00e1r nem ker\u00fclt sor). Hal\u00e1la ut\u00e1n, tervei ismeret\u00e9ben Schlaff folytatta a tervez\u00e9st \u00e9s k\u00e9sz\u00edtette el saj\u00e1t terv\u00e9t (1799. j\u00fal. 22). Munk\u00e1ss\u00e1ga nagy hat\u00e1ssal volt a korabeli \u00e9s a 19. sz eleji templom\u00e9p\u00edt\u00e9szetre. <br \/><strong>\u2013 Irod.:<\/strong> B. Nagy Margit, 1977; B\u00e1lint Zsigmond 2010; Fund\u00e1lok, pall\u00e9rok; Id\u0151t\u00e1r 1; L\u00e9sty\u00e1n \u2013 templomok; Orb\u00e1n J\u00e1nos: A Kir\u00e1lyi T\u00e1bla els\u0151 k\u00e9t mv.-i sz\u00e9kh\u00e1za = St\u00edlusok, m\u0171vek, mesterek; Orb\u00e1n J\u00e1nos: \u201e&#8230;k\u00e9tfel\u00f6l gal\u00e9ri\u00e1ja lesz, a k\u00f6zepe pedig templom form\u00e1ra felmegyen.\u201d A Teleki T\u00e9ka hosszh\u00e1zas terveir\u0151l = T\u00e1gul\u00f3 horizont.<\/br><\/p>\n","protected":false},"excerpt":{"rendered":"<p>1750.\/ 1753 k., \u2020 Mv, 1798. dec. 23.: \u00e9p\u00edt\u0151mester, a kv.-i H\u00e1zsong\u00e1rdi Temet\u0151ben nyugszik. \u2013 Mv.-i lakos volt, bizonytalan, hogy B\u00e9csb\u0151l j\u00f6tt-e \u00e9s mikor. A mv.-i ad\u00f3t\u00e1bl\u00e1zaton szerepelt (1779\u2013), az anyak\u00f6nyvi bejegyz\u00e9s szerint Mv.-en halt meg 48 \u00e9ves kor\u00e1ban. A pall\u00e9rkod\u00e1s nem biztos\u00edtott neki gondtalan meg\u00e9lhet\u00e9st. Els\u0151 h\u00e1rom munk\u00e1ja a besztercei volt piarista (1781), az [&hellip;]<\/p>\n","protected":false},"featured_media":0,"comment_status":"open","ping_status":"closed","template":"","meta":[],"product_brand":[],"product_cat":[137],"product_tag":[],"class_list":{"0":"post-23707","1":"product","2":"type-product","3":"status-publish","5":"product_cat-maros-megyei-eletrajzi-lexikon","7":"first","8":"instock","9":"shipping-taxable","10":"product-type-simple"},"_links":{"self":[{"href":"https:\/\/uj.adatbank.ro\/lexikon\/wp-json\/wp\/v2\/product\/23707","targetHints":{"allow":["GET"]}}],"collection":[{"href":"https:\/\/uj.adatbank.ro\/lexikon\/wp-json\/wp\/v2\/product"}],"about":[{"href":"https:\/\/uj.adatbank.ro\/lexikon\/wp-json\/wp\/v2\/types\/product"}],"replies":[{"embeddable":true,"href":"https:\/\/uj.adatbank.ro\/lexikon\/wp-json\/wp\/v2\/comments?post=23707"}],"wp:attachment":[{"href":"https:\/\/uj.adatbank.ro\/lexikon\/wp-json\/wp\/v2\/media?parent=23707"}],"wp:term":[{"taxonomy":"product_brand","embeddable":true,"href":"https:\/\/uj.adatbank.ro\/lexikon\/wp-json\/wp\/v2\/product_brand?post=23707"},{"taxonomy":"product_cat","embeddable":true,"href":"https:\/\/uj.adatbank.ro\/lexikon\/wp-json\/wp\/v2\/product_cat?post=23707"},{"taxonomy":"product_tag","embeddable":true,"href":"https:\/\/uj.adatbank.ro\/lexikon\/wp-json\/wp\/v2\/product_tag?post=23707"}],"curies":[{"name":"wp","href":"https:\/\/api.w.org\/{rel}","templated":true}]}}

TÜRK Antal, Török, Antony Türk, Tirk Antal, Tirok

<p>1750./ 1753 k., † Mv, 1798. dec. 23.: építőmester, a kv.-i Házsongárdi Temetőben nyugszik. – Mv.-i lakos volt, bizonytalan, hogy Bécsből jött-e és mikor. A mv.-i adótáblázaton szerepelt (1779–), az anyakönyvi bejegyzés szerint Mv.-en halt meg 48 éves korában. A pallérkodás nem biztosított neki gondtalan megélhetést. Első három munkája a besztercei volt piarista (1781), az udvarhelyi katolikus (1791) és az erdőcsinádi (1789) ref. templomok építése, amely munkák terveit átvette, sajátos építési módján kivitelezte, befejezte (1797). Mv.-re Schmidt Pál építőmester ajánlására került. Itt a ref. vártemplomot renoválta és újraboltozta (1790–91). Elkészítette a Kir. Tábla épületének átalakításához szükséges tervrajzot (1787). Erzsébetvárosban a mechitarista templomot építette (1791–92), ezzel párhuzamosan a kv.-i unitárius templom tervezője, építésére is szerződést kötött (1792), amelynek kivitelezése sok más kv.-i megrendelést is hozott számára. Ezért költözött át Kv.-ra. Ott felépítette Bethlen Rozália házát, és ma már csak stílusuk alapján azonosítható más épületet is. Mv.-en Teleki Sámuel megbízásából a Teleki Téka építésének tervét a bécsi Ernest Koch (1755–1825) készítette el (1797). Ezután Teleki Sámuel személyesen kötött vele szerződést (1797. júl. 16.). A Koch terveit figyelembe véve tervezte meg Mv.-en a Teleki Sámuel házát és könyvtártermét (a kivitelezésére, halála miatt már nem került sor). Halála után, tervei ismeretében Schlaff folytatta a tervezést és készítette el saját tervét (1799. júl. 22). Munkássága nagy hatással volt a korabeli és a 19. sz eleji templomépítészetre. <br /><strong>– Irod.:</strong> B. Nagy Margit, 1977; Bálint Zsigmond 2010; Fundálok, pallérok; Időtár 1; Léstyán – templomok; Orbán János: A Királyi Tábla első két mv.-i székháza = Stílusok, művek, mesterek; Orbán János: „&#8230;kétfelöl galériája lesz, a közepe pedig templom formára felmegyen.” A Teleki Téka hosszházas terveiről = Táguló horizont.</br></p>

<p>1750./ 1753 k., † Mv, 1798. dec. 23.: építőmester, a kv.-i Házsongárdi Temetőben nyugszik. – Mv.-i lakos volt, bizonytalan, hogy Bécsből jött-e és mikor. A mv.-i adótáblázaton szerepelt (1779–), az anyakönyvi bejegyzés szerint Mv.-en halt meg 48 éves korában. A pallérkodás nem biztosított neki gondtalan megélhetést. Első három munkája a besztercei volt piarista (1781), az [&hellip;]</p>
