{"id":23708,"date":"2025-08-01T17:38:24","date_gmt":"2025-08-01T15:38:24","guid":{"rendered":"https:\/\/uj.adatbank.ro\/lexikon\/termek\/turk-rudolf\/"},"modified":"2025-08-01T17:38:24","modified_gmt":"2025-08-01T15:38:24","slug":"turk-rudolf","status":"publish","type":"product","link":"https:\/\/uj.adatbank.ro\/lexikon\/termek\/turk-rudolf\/","title":{"rendered":"T\u00dcRK Rudolf"},"content":{"rendered":"<p>? \u2020 ?: igazgat\u00f3, labdar\u00fag\u00f3 \u00e9s labdar\u00fag\u00f3edz\u0151. \u2013 Sz\u00e1szr\u00e9genben a Foresta Rom\u00e2n\u0103 igazgat\u00f3ja volt. Kezdetben a Victoria csapatban j\u00e1tszott, azut\u00e1n a t\u00e9glagy\u00e1r csapat\u00e1nak edz\u0151je lett, majd egyes\u00edtette a Nautica, Foresta \u00e9s C\u0103r\u0103mida gy\u00e1rak labdar\u00fag\u00f3csapatait. Az \u00faj csapat neve Foresta \u2013 Reghin nevet kapta, amelynek szint\u00e9n \u0151 lett a vezet\u0151edz\u0151je is, valamint a Sportegylet eln\u00f6ke (1946). Ez a csapat egy \u00e9v m\u00falva bejutott a C div\u00edzi\u00f3ba, ami a kisv\u00e1rosnak nagy eredm\u00e9nye volt. <br \/><strong>\u2013 Irod.:<\/strong> De\u00e9 Nagy Anik\u00f3 2020; Reghin \u2013 Av\u00e2ntul.<\/br><\/p>\n","protected":false},"excerpt":{"rendered":"<p>? \u2020 ?: igazgat\u00f3, labdar\u00fag\u00f3 \u00e9s labdar\u00fag\u00f3edz\u0151. \u2013 Sz\u00e1szr\u00e9genben a Foresta Rom\u00e2n\u0103 igazgat\u00f3ja volt. Kezdetben a Victoria csapatban j\u00e1tszott, azut\u00e1n a t\u00e9glagy\u00e1r csapat\u00e1nak edz\u0151je lett, majd egyes\u00edtette a Nautica, Foresta \u00e9s C\u0103r\u0103mida gy\u00e1rak labdar\u00fag\u00f3csapatait. Az \u00faj csapat neve Foresta \u2013 Reghin nevet kapta, amelynek szint\u00e9n \u0151 lett a vezet\u0151edz\u0151je is, valamint a Sportegylet eln\u00f6ke (1946). [&hellip;]<\/p>\n","protected":false},"featured_media":0,"comment_status":"open","ping_status":"closed","template":"","meta":[],"product_brand":[],"product_cat":[137],"product_tag":[],"class_list":{"0":"post-23708","1":"product","2":"type-product","3":"status-publish","5":"product_cat-maros-megyei-eletrajzi-lexikon","7":"first","8":"instock","9":"shipping-taxable","10":"product-type-simple"},"_links":{"self":[{"href":"https:\/\/uj.adatbank.ro\/lexikon\/wp-json\/wp\/v2\/product\/23708","targetHints":{"allow":["GET"]}}],"collection":[{"href":"https:\/\/uj.adatbank.ro\/lexikon\/wp-json\/wp\/v2\/product"}],"about":[{"href":"https:\/\/uj.adatbank.ro\/lexikon\/wp-json\/wp\/v2\/types\/product"}],"replies":[{"embeddable":true,"href":"https:\/\/uj.adatbank.ro\/lexikon\/wp-json\/wp\/v2\/comments?post=23708"}],"wp:attachment":[{"href":"https:\/\/uj.adatbank.ro\/lexikon\/wp-json\/wp\/v2\/media?parent=23708"}],"wp:term":[{"taxonomy":"product_brand","embeddable":true,"href":"https:\/\/uj.adatbank.ro\/lexikon\/wp-json\/wp\/v2\/product_brand?post=23708"},{"taxonomy":"product_cat","embeddable":true,"href":"https:\/\/uj.adatbank.ro\/lexikon\/wp-json\/wp\/v2\/product_cat?post=23708"},{"taxonomy":"product_tag","embeddable":true,"href":"https:\/\/uj.adatbank.ro\/lexikon\/wp-json\/wp\/v2\/product_tag?post=23708"}],"curies":[{"name":"wp","href":"https:\/\/api.w.org\/{rel}","templated":true}]}}

TÜRK Rudolf

<p>? † ?: igazgató, labdarúgó és labdarúgóedző. – Szászrégenben a Foresta Română igazgatója volt. Kezdetben a Victoria csapatban játszott, azután a téglagyár csapatának edzője lett, majd egyesítette a Nautica, Foresta és Cărămida gyárak labdarúgócsapatait. Az új csapat neve Foresta – Reghin nevet kapta, amelynek szintén ő lett a vezetőedzője is, valamint a Sportegylet elnöke (1946). Ez a csapat egy év múlva bejutott a C divízióba, ami a kisvárosnak nagy eredménye volt. <br /><strong>– Irod.:</strong> Deé Nagy Anikó 2020; Reghin – Avântul.</br></p>

<p>? † ?: igazgató, labdarúgó és labdarúgóedző. – Szászrégenben a Foresta Română igazgatója volt. Kezdetben a Victoria csapatban játszott, azután a téglagyár csapatának edzője lett, majd egyesítette a Nautica, Foresta és Cărămida gyárak labdarúgócsapatait. Az új csapat neve Foresta – Reghin nevet kapta, amelynek szintén ő lett a vezetőedzője is, valamint a Sportegylet elnöke (1946). [&hellip;]</p>
