{"id":23711,"date":"2025-08-01T17:38:31","date_gmt":"2025-08-01T15:38:31","guid":{"rendered":"https:\/\/uj.adatbank.ro\/lexikon\/termek\/turman-laszlo\/"},"modified":"2025-08-01T17:38:31","modified_gmt":"2025-08-01T15:38:31","slug":"turman-laszlo","status":"publish","type":"product","link":"https:\/\/uj.adatbank.ro\/lexikon\/termek\/turman-laszlo\/","title":{"rendered":"TURMAN L\u00e1szl\u00f3"},"content":{"rendered":"<p>? \u2020 ?: f\u00f6ldbirtokos. \u2013 Feles\u00e9ge: G\u00e1lfalvi Vilma (1843? \u2013 D\u00e9zsfalva, 1887. nov. 5. Jedden temett\u00e9k). Le\u00e1nyuk: Anna. \u2013 Jedden volt f\u00f6ldbirtokos. \u2013 Mik\u00f3 \u00c1rp\u00e1d nagyapja, Mik\u00f3 Mih\u00e1ly d\u00e9dapja. \u2013 Amikor Mv.-en sz\u00ednp\u00e1rtol\u00f3 egylet alakult (1884. szept. 14.), az alap\u00edtv\u00e1nynak nagy \u00f6sszeget, 500 forintot adom\u00e1nyozott az \u00e1lland\u00f3 sz\u00ednh\u00e1z l\u00e9tes\u00edt\u00e9s\u00e9re.Udvarh\u00e1za porig \u00e9gett (1944). <br \/><strong>\u2013 Irod.:<\/strong> Gy\u00e1szjelent\u0151; Keresztes Gyula: \u00d6r\u00f6ks\u00e9g\u00fcnk 47.: A jeddi k\u00faria (N\u00fa., 1993. dec. 17.); Kusz\u00e1lik\u2013Zal\u00e1nyi; Mik\u00f3.<\/br><\/p>\n","protected":false},"excerpt":{"rendered":"<p>? \u2020 ?: f\u00f6ldbirtokos. \u2013 Feles\u00e9ge: G\u00e1lfalvi Vilma (1843? \u2013 D\u00e9zsfalva, 1887. nov. 5. Jedden temett\u00e9k). Le\u00e1nyuk: Anna. \u2013 Jedden volt f\u00f6ldbirtokos. \u2013 Mik\u00f3 \u00c1rp\u00e1d nagyapja, Mik\u00f3 Mih\u00e1ly d\u00e9dapja. \u2013 Amikor Mv.-en sz\u00ednp\u00e1rtol\u00f3 egylet alakult (1884. szept. 14.), az alap\u00edtv\u00e1nynak nagy \u00f6sszeget, 500 forintot adom\u00e1nyozott az \u00e1lland\u00f3 sz\u00ednh\u00e1z l\u00e9tes\u00edt\u00e9s\u00e9re.Udvarh\u00e1za porig \u00e9gett (1944). \u2013 Irod.: Gy\u00e1szjelent\u0151; [&hellip;]<\/p>\n","protected":false},"featured_media":0,"comment_status":"open","ping_status":"closed","template":"","meta":[],"product_brand":[],"product_cat":[137],"product_tag":[],"class_list":{"0":"post-23711","1":"product","2":"type-product","3":"status-publish","5":"product_cat-maros-megyei-eletrajzi-lexikon","7":"first","8":"instock","9":"shipping-taxable","10":"product-type-simple"},"_links":{"self":[{"href":"https:\/\/uj.adatbank.ro\/lexikon\/wp-json\/wp\/v2\/product\/23711","targetHints":{"allow":["GET"]}}],"collection":[{"href":"https:\/\/uj.adatbank.ro\/lexikon\/wp-json\/wp\/v2\/product"}],"about":[{"href":"https:\/\/uj.adatbank.ro\/lexikon\/wp-json\/wp\/v2\/types\/product"}],"replies":[{"embeddable":true,"href":"https:\/\/uj.adatbank.ro\/lexikon\/wp-json\/wp\/v2\/comments?post=23711"}],"wp:attachment":[{"href":"https:\/\/uj.adatbank.ro\/lexikon\/wp-json\/wp\/v2\/media?parent=23711"}],"wp:term":[{"taxonomy":"product_brand","embeddable":true,"href":"https:\/\/uj.adatbank.ro\/lexikon\/wp-json\/wp\/v2\/product_brand?post=23711"},{"taxonomy":"product_cat","embeddable":true,"href":"https:\/\/uj.adatbank.ro\/lexikon\/wp-json\/wp\/v2\/product_cat?post=23711"},{"taxonomy":"product_tag","embeddable":true,"href":"https:\/\/uj.adatbank.ro\/lexikon\/wp-json\/wp\/v2\/product_tag?post=23711"}],"curies":[{"name":"wp","href":"https:\/\/api.w.org\/{rel}","templated":true}]}}

TURMAN László

<p>? † ?: földbirtokos. – Felesége: Gálfalvi Vilma (1843? – Dézsfalva, 1887. nov. 5. Jedden temették). Leányuk: Anna. – Jedden volt földbirtokos. – Mikó Árpád nagyapja, Mikó Mihály dédapja. – Amikor Mv.-en színpártoló egylet alakult (1884. szept. 14.), az alapítványnak nagy összeget, 500 forintot adományozott az állandó színház létesítésére.Udvarháza porig égett (1944). <br /><strong>– Irod.:</strong> Gyászjelentő; Keresztes Gyula: Örökségünk 47.: A jeddi kúria (Nú., 1993. dec. 17.); Kuszálik–Zalányi; Mikó.</br></p>

<p>? † ?: földbirtokos. – Felesége: Gálfalvi Vilma (1843? – Dézsfalva, 1887. nov. 5. Jedden temették). Leányuk: Anna. – Jedden volt földbirtokos. – Mikó Árpád nagyapja, Mikó Mihály dédapja. – Amikor Mv.-en színpártoló egylet alakult (1884. szept. 14.), az alapítványnak nagy összeget, 500 forintot adományozott az állandó színház létesítésére.Udvarháza porig égett (1944). – Irod.: Gyászjelentő; [&hellip;]</p>
