{"id":23717,"date":"2025-08-01T17:38:44","date_gmt":"2025-08-01T15:38:44","guid":{"rendered":"https:\/\/uj.adatbank.ro\/lexikon\/termek\/turnowszky-mor-moricz-%c2%a7\/"},"modified":"2025-08-01T17:38:44","modified_gmt":"2025-08-01T15:38:44","slug":"turnowszky-mor-moricz-%c2%a7","status":"publish","type":"product","link":"https:\/\/uj.adatbank.ro\/lexikon\/termek\/turnowszky-mor-moricz-%c2%a7\/","title":{"rendered":"TURNOWSZKY M\u00f3r, Moricz, \u00a7"},"content":{"rendered":"<p>Mv., Hidv\u00e9g, 1859., \u2020 1932. m\u00e1j. 22.: orvos, dr., szak\u00edr\u00f3. \u2013 T. Simon mag\u00e1ntisztvisel\u0151 (1811. \u00e1pr. 26. \u20131879.) fia. Feles\u00e9ge: Hay Anna (1868? \u2013 B\u00e9cs, 1914. okt. 9.). Fiuk: S\u00e1ndor. \u2013 A k\u00f6z\u00e9piskol\u00e1it Mv.-en a ref. gimn.-ban, az egyetemet a kv.-i Ferenc J\u00f3zsef TE orvosi fakult\u00e1s\u00e1n (1876\u201377) v\u00e9gezte. Tanulm\u00e1nyait k\u00e9s\u0151bb Pr\u00e1g\u00e1ban \u00e9s B\u00e9csben (1878\u201379) folytatta, hol orvosdoktorr\u00e1 avatt\u00e1k (1882). Mv.-en telepedett le, itt az els\u0151 zsid\u00f3 orvos, aki rendel\u0151t nyitott, majd j\u00e1r\u00e1si f\u0151orvos lett. Petelei Istv\u00e1n h\u00e1ziorvosa volt. R\u00e9szt vett a t\u00e1rsadalmi mozgalmakban. Az I. vh. alatt a mv.-i kereskedelmi iskol\u00e1ban berendezett k\u00f3rh\u00e1zban tev\u00e9kenykedett mint j\u00e1r\u00e1si orvos \u00e9s tartal\u00e9k-k\u00f3rh\u00e1zi f\u0151orvos. Egy\u00fcttm\u0171k\u00f6d\u00f6tt Bern\u00e1dy Gy\u00f6rgy gy\u00f3gyszer\u00e9sszel a v\u00e1rosi kutak \u00e9s csorg\u00f3k vegyelemz\u00e9s\u00e9ben (1889. m\u00e1j.). Az EMKE-nek, megalakul\u00e1sa \u00f3ta helyi titk\u00e1ra \u00e9s igazgat\u00f3v\u00e1lasztm\u00e1nyi tagja (1885\u2013). A Maros-Torda v\u00e1rmegyei \u00e9s a Mv.-i Orvos-Gy\u00f3gyszer\u00e9sz Egylet titk\u00e1ra (1890. dec. 20.-\u00e1n alakult meg), besz\u00e1mol\u00f3t \u00edrt tev\u00e9kenys\u00e9g\u00e9r\u0151l: Visszapillant\u00e1s t\u00edz egyleti \u00e9vre (1900). Egyik alap\u00edt\u00f3ja a mv.-i Bethlen G\u00e1bor szabadk\u0151m\u0171ves p\u00e1holynak (1895). A n\u00e9peg\u00e9szs\u00e9g\u00fcgy el\u0151harcosa, sokat publik\u00e1lt, sz\u00e1mos el\u0151ad\u00e1st tartott. Virilista (1910, 1913). Munkat\u00e1rsa volt a Gy\u00f3gy\u00e1szat, Wiener Medizinische Wochenschrift orvosi foly\u00f3iratoknak; cikkeket \u00edrt a Term\u00e9szettudom\u00e1nyi K\u00f6zl\u00f6nybe (1884\u201385, 1891.) \u00e9s a K\u00e9pes Csal\u00e1di Lapokba (1895), az Eg\u00e9szs\u00e9g be (1897). \u2013  <strong>F. m..:<\/strong> Gondolatok p\u00e1holyalap\u00edt\u00e1skor. A marosv\u00e1s\u00e1rhelyi \u201eBethlen G\u00e1bor\u201d k\u00f6r els\u0151 \u00f6sszej\u00f6vetel\u00e9n el\u0151adta. (Bp., 1895.); A l\u00e9lekr\u0151l \u00e9s eg\u00e9szs\u00e9gtan\u00e1r\u00f3l. (Bp., 1898.); Az ut\u00e1nz\u00e1sr\u00f3l. (Bp., 1898.); Epilepsi\u00e1sok koloni\u00e1ir\u00f3l. (Bp., 1900.); Visszapillant\u00e1s t\u00edz egyleti \u00e9vre. A Maros-Torda-v\u00e1rmegyei Marosv\u00e1s\u00e1rhelyi Orvos-Gy\u00f3gyszer\u00e9sz-Egylet X. rendes k\u00f6zgy\u0171l\u00e9se el\u00e9 terjeszti. Marosv\u00e1s\u00e1rhely, (Bp., 1900.); Iskol\u00e1s gyermekek fejf\u00e1j\u00e1s\u00e1r\u00f3l. (Bp., 1900.); Visszapillant\u00e1s t\u00edz egyleti \u00e9vre (Mv., 1900); A munk\u00e1r\u00f3l. Mi a szabadk\u0151m\u0171vess\u00e9g? A testv\u00e9ri l\u00e1ncr\u00f3l. H\u00e1rom sz\u00f3noki \u00fcdv\u00f6zlet. (Bp., 1905.); Gondolatok a p\u00e1holyalap\u00edt\u00e1skor (Bp., 1905); A n\u0151v\u00e9r; A testv\u00e9ris\u00e9gr\u0151l: K\u00e9t \u00fcnnepi besz\u00e9d (Bp., 1906); A szabadk\u0151m\u0171vess\u00e9g term\u00e9szettudom\u00e1nyi megokol\u00e1sa. A szabadk\u0151m\u0171vesi titokr\u00f3l. L\u00e1nczbesz\u00e9d. (Bp., 1907.); Pseudo-paralysis dolorosa transitoria infantum (Bp., 1909), A tan\u00edt\u00f3k t\u00fcd\u0151v\u00e9sze (Bp., 1910); Die Musik als Sprache eines Sonder-Lebens betrachtet (Wien u. Leipzig, 1928); <strong>antol\u00f3g.:<\/strong> Az 1900 okt. 28\u201329 Bp.-en tartott els\u0151 elmeorvosi \u00e9rtekezlet munk\u00e1latai (Bp., 1901); \u00c9letek sokas\u00e1ga = \u00dcnnepi <strong>k\u00f6nyv:<\/strong> F\u00e9lsz\u00e1zados jubileuma eml\u00e9k\u00e9\u00fcl kiadta a KZST (Mv., 1930). <br \/><strong>\u2013 Irod.:<\/strong> Bern\u00e1dy; D\u00f6rnyei 2005; D\u00f6rnyei S\u00e1ndor: Magyar orvost\u00f6rt\u00e9neti irodalom (Bp., 2002); Gy\u00e1szjelent\u0151; Id\u0151t\u00e1r 2; Id\u0151t\u00e1r 3; Kiss Cs.M.3.; Mv. \u00e9s a h\u00e1bor\u00fa 1\u20132.; P\u00e9ter H. M.; P\u00e9ter H. M. 2013; S\u00e1ndor; S\u00e1ndor J\u00f3zsef; Sebesty\u00e9n Mih\u00e1ly: 2000; Szab\u00f3\u2013Simon\u2013Sz\u00f6gi; Szinnyei; Todea; \u00dcnnepi k\u00f6nyv.<\/br><\/p>\n","protected":false},"excerpt":{"rendered":"<p>Mv., Hidv\u00e9g, 1859., \u2020 1932. m\u00e1j. 22.: orvos, dr., szak\u00edr\u00f3. \u2013 T. Simon mag\u00e1ntisztvisel\u0151 (1811. \u00e1pr. 26. \u20131879.) fia. Feles\u00e9ge: Hay Anna (1868? \u2013 B\u00e9cs, 1914. okt. 9.). Fiuk: S\u00e1ndor. \u2013 A k\u00f6z\u00e9piskol\u00e1it Mv.-en a ref. gimn.-ban, az egyetemet a kv.-i Ferenc J\u00f3zsef TE orvosi fakult\u00e1s\u00e1n (1876\u201377) v\u00e9gezte. Tanulm\u00e1nyait k\u00e9s\u0151bb Pr\u00e1g\u00e1ban \u00e9s B\u00e9csben (1878\u201379) folytatta, [&hellip;]<\/p>\n","protected":false},"featured_media":0,"comment_status":"open","ping_status":"closed","template":"","meta":[],"product_brand":[],"product_cat":[137],"product_tag":[],"class_list":{"0":"post-23717","1":"product","2":"type-product","3":"status-publish","5":"product_cat-maros-megyei-eletrajzi-lexikon","7":"first","8":"instock","9":"shipping-taxable","10":"product-type-simple"},"_links":{"self":[{"href":"https:\/\/uj.adatbank.ro\/lexikon\/wp-json\/wp\/v2\/product\/23717","targetHints":{"allow":["GET"]}}],"collection":[{"href":"https:\/\/uj.adatbank.ro\/lexikon\/wp-json\/wp\/v2\/product"}],"about":[{"href":"https:\/\/uj.adatbank.ro\/lexikon\/wp-json\/wp\/v2\/types\/product"}],"replies":[{"embeddable":true,"href":"https:\/\/uj.adatbank.ro\/lexikon\/wp-json\/wp\/v2\/comments?post=23717"}],"wp:attachment":[{"href":"https:\/\/uj.adatbank.ro\/lexikon\/wp-json\/wp\/v2\/media?parent=23717"}],"wp:term":[{"taxonomy":"product_brand","embeddable":true,"href":"https:\/\/uj.adatbank.ro\/lexikon\/wp-json\/wp\/v2\/product_brand?post=23717"},{"taxonomy":"product_cat","embeddable":true,"href":"https:\/\/uj.adatbank.ro\/lexikon\/wp-json\/wp\/v2\/product_cat?post=23717"},{"taxonomy":"product_tag","embeddable":true,"href":"https:\/\/uj.adatbank.ro\/lexikon\/wp-json\/wp\/v2\/product_tag?post=23717"}],"curies":[{"name":"wp","href":"https:\/\/api.w.org\/{rel}","templated":true}]}}

TURNOWSZKY Mór, Moricz, §

<p>Mv., Hidvég, 1859., † 1932. máj. 22.: orvos, dr., szakíró. – T. Simon magántisztviselő (1811. ápr. 26. –1879.) fia. Felesége: Hay Anna (1868? – Bécs, 1914. okt. 9.). Fiuk: Sándor. – A középiskoláit Mv.-en a ref. gimn.-ban, az egyetemet a kv.-i Ferenc József TE orvosi fakultásán (1876–77) végezte. Tanulmányait később Prágában és Bécsben (1878–79) folytatta, hol orvosdoktorrá avatták (1882). Mv.-en telepedett le, itt az első zsidó orvos, aki rendelőt nyitott, majd járási főorvos lett. Petelei István háziorvosa volt. Részt vett a társadalmi mozgalmakban. Az I. vh. alatt a mv.-i kereskedelmi iskolában berendezett kórházban tevékenykedett mint járási orvos és tartalék-kórházi főorvos. Együttműködött Bernády György gyógyszerésszel a városi kutak és csorgók vegyelemzésében (1889. máj.). Az EMKE-nek, megalakulása óta helyi titkára és igazgatóválasztmányi tagja (1885–). A Maros-Torda vármegyei és a Mv.-i Orvos-Gyógyszerész Egylet titkára (1890. dec. 20.-án alakult meg), beszámolót írt tevékenységéről: Visszapillantás tíz egyleti évre (1900). Egyik alapítója a mv.-i Bethlen Gábor szabadkőműves páholynak (1895). A népegészségügy előharcosa, sokat publikált, számos előadást tartott. Virilista (1910, 1913). Munkatársa volt a Gyógyászat, Wiener Medizinische Wochenschrift orvosi folyóiratoknak; cikkeket írt a Természettudományi Közlönybe (1884–85, 1891.) és a Képes Családi Lapokba (1895), az Egészség be (1897). –  <strong>F. m..:</strong> Gondolatok páholyalapításkor. A marosvásárhelyi „Bethlen Gábor” kör első összejövetelén előadta. (Bp., 1895.); A lélekről és egészségtanáról. (Bp., 1898.); Az utánzásról. (Bp., 1898.); Epilepsiások koloniáiról. (Bp., 1900.); Visszapillantás tíz egyleti évre. A Maros-Torda-vármegyei Marosvásárhelyi Orvos-Gyógyszerész-Egylet X. rendes közgyűlése elé terjeszti. Marosvásárhely, (Bp., 1900.); Iskolás gyermekek fejfájásáról. (Bp., 1900.); Visszapillantás tíz egyleti évre (Mv., 1900); A munkáról. Mi a szabadkőművesség? A testvéri láncról. Három szónoki üdvözlet. (Bp., 1905.); Gondolatok a páholyalapításkor (Bp., 1905); A nővér; A testvériségről: Két ünnepi beszéd (Bp., 1906); A szabadkőművesség természettudományi megokolása. A szabadkőművesi titokról. Lánczbeszéd. (Bp., 1907.); Pseudo-paralysis dolorosa transitoria infantum (Bp., 1909), A tanítók tüdővésze (Bp., 1910); Die Musik als Sprache eines Sonder-Lebens betrachtet (Wien u. Leipzig, 1928); <strong>antológ.:</strong> Az 1900 okt. 28–29 Bp.-en tartott első elmeorvosi értekezlet munkálatai (Bp., 1901); Életek sokasága = Ünnepi <strong>könyv:</strong> Félszázados jubileuma emlékéül kiadta a KZST (Mv., 1930). <br /><strong>– Irod.:</strong> Bernády; Dörnyei 2005; Dörnyei Sándor: Magyar orvostörténeti irodalom (Bp., 2002); Gyászjelentő; Időtár 2; Időtár 3; Kiss Cs.M.3.; Mv. és a háború 1–2.; Péter H. M.; Péter H. M. 2013; Sándor; Sándor József; Sebestyén Mihály: 2000; Szabó–Simon–Szögi; Szinnyei; Todea; Ünnepi könyv.</br></p>

<p>Mv., Hidvég, 1859., † 1932. máj. 22.: orvos, dr., szakíró. – T. Simon magántisztviselő (1811. ápr. 26. –1879.) fia. Felesége: Hay Anna (1868? – Bécs, 1914. okt. 9.). Fiuk: Sándor. – A középiskoláit Mv.-en a ref. gimn.-ban, az egyetemet a kv.-i Ferenc József TE orvosi fakultásán (1876–77) végezte. Tanulmányait később Prágában és Bécsben (1878–79) folytatta, [&hellip;]</p>
