{"id":23718,"date":"2025-08-01T17:38:48","date_gmt":"2025-08-01T15:38:48","guid":{"rendered":"https:\/\/uj.adatbank.ro\/lexikon\/termek\/turoczi-gyorgy-raksanyi-thurocz-gyorgy\/"},"modified":"2025-08-01T17:38:48","modified_gmt":"2025-08-01T15:38:48","slug":"turoczi-gyorgy-raksanyi-thurocz-gyorgy","status":"publish","type":"product","link":"https:\/\/uj.adatbank.ro\/lexikon\/termek\/turoczi-gyorgy-raksanyi-thurocz-gyorgy\/","title":{"rendered":"TUR\u00d3CZI Gy\u00f6rgy, raks\u00e1nyi, Thur\u00f3cz Gy\u00f6rgy"},"content":{"rendered":"<p>1791? \u2020 1860. aug. 29.: b\u00edr\u00f3. \u2013 Feles\u00e9ge: Kakucsi Katalin. Gyermekeik: Jozefa \u2013 Kakucsi S\u00e1mueln\u00e9; P\u00e1l; Kl\u00e1ra \u2013 Mikl\u00f3s K\u00e1rolyn\u00e9. \u2013 K\u00fck\u00fcll\u0151megye egyik v\u00e1lasztott der\u00e9ksz\u00e9k b\u00edr\u00e1ja. <br \/><strong>\u2013 Irod.:<\/strong> Gy\u00e1szjelent\u0151.<\/br><\/p>\n","protected":false},"excerpt":{"rendered":"<p>1791? \u2020 1860. aug. 29.: b\u00edr\u00f3. \u2013 Feles\u00e9ge: Kakucsi Katalin. Gyermekeik: Jozefa \u2013 Kakucsi S\u00e1mueln\u00e9; P\u00e1l; Kl\u00e1ra \u2013 Mikl\u00f3s K\u00e1rolyn\u00e9. \u2013 K\u00fck\u00fcll\u0151megye egyik v\u00e1lasztott der\u00e9ksz\u00e9k b\u00edr\u00e1ja. \u2013 Irod.: Gy\u00e1szjelent\u0151.<\/p>\n","protected":false},"featured_media":0,"comment_status":"open","ping_status":"closed","template":"","meta":[],"product_brand":[],"product_cat":[137],"product_tag":[],"class_list":{"0":"post-23718","1":"product","2":"type-product","3":"status-publish","5":"product_cat-maros-megyei-eletrajzi-lexikon","7":"first","8":"instock","9":"shipping-taxable","10":"product-type-simple"},"_links":{"self":[{"href":"https:\/\/uj.adatbank.ro\/lexikon\/wp-json\/wp\/v2\/product\/23718","targetHints":{"allow":["GET"]}}],"collection":[{"href":"https:\/\/uj.adatbank.ro\/lexikon\/wp-json\/wp\/v2\/product"}],"about":[{"href":"https:\/\/uj.adatbank.ro\/lexikon\/wp-json\/wp\/v2\/types\/product"}],"replies":[{"embeddable":true,"href":"https:\/\/uj.adatbank.ro\/lexikon\/wp-json\/wp\/v2\/comments?post=23718"}],"wp:attachment":[{"href":"https:\/\/uj.adatbank.ro\/lexikon\/wp-json\/wp\/v2\/media?parent=23718"}],"wp:term":[{"taxonomy":"product_brand","embeddable":true,"href":"https:\/\/uj.adatbank.ro\/lexikon\/wp-json\/wp\/v2\/product_brand?post=23718"},{"taxonomy":"product_cat","embeddable":true,"href":"https:\/\/uj.adatbank.ro\/lexikon\/wp-json\/wp\/v2\/product_cat?post=23718"},{"taxonomy":"product_tag","embeddable":true,"href":"https:\/\/uj.adatbank.ro\/lexikon\/wp-json\/wp\/v2\/product_tag?post=23718"}],"curies":[{"name":"wp","href":"https:\/\/api.w.org\/{rel}","templated":true}]}}