{"id":23725,"date":"2025-08-01T17:39:05","date_gmt":"2025-08-01T15:39:05","guid":{"rendered":"https:\/\/uj.adatbank.ro\/lexikon\/termek\/turzai-maria\/"},"modified":"2025-08-01T17:39:05","modified_gmt":"2025-08-01T15:39:05","slug":"turzai-maria","status":"publish","type":"product","link":"https:\/\/uj.adatbank.ro\/lexikon\/termek\/turzai-maria\/","title":{"rendered":"TURZAI M\u00e1ria"},"content":{"rendered":"<p>Marosd\u00e9cse, 1929. okt. 15. \u2020 ?: t\u00f6rt\u00e9n\u00e9sz. \u2013 Kv.-on az \u00c1llami Elm\u00e9leti L\u00edc. hum\u00e1n szak\u00e1n \u00e9retts\u00e9gizett (1949); a BTE t\u00f6rt\u00e9nelem kar\u00e1n szerzett tan\u00e1ri oklevelet (1953), uo. tan\u00e1rseg\u00e9d \u00e9s lektor, \u00f3raad\u00f3 a K\u00e9pz\u0151m\u0171v\u00e9szeti Int\u00e9zet \u00e9s a Zenem\u0171v\u00e9szeti F\u0151iskola m. tagozatain (1953\u201357). A Buk.-i egyetemen doktor\u00e1lt (1972). Az 56-os forradalmat k\u00f6vet\u0151en elbocs\u00e1jtott\u00e1k a tan\u00fcgyb\u0151l (1957. febr.). Versenyvizsg\u00e1val bejutott a Rom\u00e1n Tudom\u00e1nyos Akad. Mv.-i fi\u00f3kj\u00e1nak t\u00f6rt\u00e9nelem kutat\u00f3 r\u00e9szleg\u00e9re (1958. jan. \u2013), kutat\u00f3 (1958\u201364), f\u0151kutat\u00f3 (1964\u201387), k\u00e9r\u00e9s\u00e9re nyugd\u00edjazt\u00e1k (1987). A Rom\u00e1niai t\u00f6rt\u00e9n\u00e9szek sz\u00f6vets\u00e9g\u00e9nek tagja (1962\u2013). Kutat\u00e1si ter\u00fclete a k\u00e9t vil\u00e1gh\u00e1bor\u00fa k\u00f6z\u00f6tti munk\u00e1s- \u00e9s antifasiszta mozgalom \u00e9s sajt\u00f3, a marosv\u00f6lgyi munk\u00e1smozgalom t\u00f6rt\u00e9nete, kultur\u00e1lis kapcsolatok., a V\u00e1s\u00e1rhelyi Tal\u00e1lkoz\u00f3 t\u00f6rt\u00e9nete \u00e9s dokumentumainak felkutat\u00e1sa, a rom\u00e1niai m. nemzeti kisebbs\u00e9g politikai szervezeteinek, p\u00e1rtjainak t\u00f6rt\u00e9nete. Tanulm\u00e1nyait \u00e9vk\u00f6nyvekben, szaklapokban k\u00f6z\u00f6lte: Revue Roumaine d\u2019Histoire, Studii de istorie, filologie \u015fi istoria artei, Cercet\u0103ri de \u015ftiin\u0163e sociale, K\u00f6nyvt\u00e1ri Szemle, M\u0171vel\u0151d\u00e9s. \u2013  <strong>F. m..:<\/strong> Presa antifascist\u0103 local\u0103 din transilvania \u00een anii 1939\u201340: Doktori t\u00e9zis (Buk., 1971); Tollal a fasizmus ellen. Tall\u00f3z\u00e1s a rom\u00e1niai magyar antifasiszta sajt\u00f3ban (tan. \u00e9s antol.; Buk., 1974); Tollal a fasizmus ellen (Buk., 1974); A V\u00e1s\u00e1rhelyi Tal\u00e1lkoz\u00f3 (Buk., 1977);  <strong>t\u00e1rssz.:<\/strong> Lucr\u0103ri \u015fi publica\u0163ii despre Marea Revolu\u0163ie Socialist\u0103 din Octombrie (Buk., 1968). <br \/><strong>\u2013 Irod.:<\/strong> KKACs, Kusz\u00e1lik.<\/br><\/p>\n","protected":false},"excerpt":{"rendered":"<p>Marosd\u00e9cse, 1929. okt. 15. \u2020 ?: t\u00f6rt\u00e9n\u00e9sz. \u2013 Kv.-on az \u00c1llami Elm\u00e9leti L\u00edc. hum\u00e1n szak\u00e1n \u00e9retts\u00e9gizett (1949); a BTE t\u00f6rt\u00e9nelem kar\u00e1n szerzett tan\u00e1ri oklevelet (1953), uo. tan\u00e1rseg\u00e9d \u00e9s lektor, \u00f3raad\u00f3 a K\u00e9pz\u0151m\u0171v\u00e9szeti Int\u00e9zet \u00e9s a Zenem\u0171v\u00e9szeti F\u0151iskola m. tagozatain (1953\u201357). A Buk.-i egyetemen doktor\u00e1lt (1972). Az 56-os forradalmat k\u00f6vet\u0151en elbocs\u00e1jtott\u00e1k a tan\u00fcgyb\u0151l (1957. febr.). Versenyvizsg\u00e1val [&hellip;]<\/p>\n","protected":false},"featured_media":0,"comment_status":"open","ping_status":"closed","template":"","meta":[],"product_brand":[],"product_cat":[137],"product_tag":[],"class_list":{"0":"post-23725","1":"product","2":"type-product","3":"status-publish","5":"product_cat-maros-megyei-eletrajzi-lexikon","7":"first","8":"instock","9":"shipping-taxable","10":"product-type-simple"},"_links":{"self":[{"href":"https:\/\/uj.adatbank.ro\/lexikon\/wp-json\/wp\/v2\/product\/23725","targetHints":{"allow":["GET"]}}],"collection":[{"href":"https:\/\/uj.adatbank.ro\/lexikon\/wp-json\/wp\/v2\/product"}],"about":[{"href":"https:\/\/uj.adatbank.ro\/lexikon\/wp-json\/wp\/v2\/types\/product"}],"replies":[{"embeddable":true,"href":"https:\/\/uj.adatbank.ro\/lexikon\/wp-json\/wp\/v2\/comments?post=23725"}],"wp:attachment":[{"href":"https:\/\/uj.adatbank.ro\/lexikon\/wp-json\/wp\/v2\/media?parent=23725"}],"wp:term":[{"taxonomy":"product_brand","embeddable":true,"href":"https:\/\/uj.adatbank.ro\/lexikon\/wp-json\/wp\/v2\/product_brand?post=23725"},{"taxonomy":"product_cat","embeddable":true,"href":"https:\/\/uj.adatbank.ro\/lexikon\/wp-json\/wp\/v2\/product_cat?post=23725"},{"taxonomy":"product_tag","embeddable":true,"href":"https:\/\/uj.adatbank.ro\/lexikon\/wp-json\/wp\/v2\/product_tag?post=23725"}],"curies":[{"name":"wp","href":"https:\/\/api.w.org\/{rel}","templated":true}]}}

TURZAI Mária

<p>Marosdécse, 1929. okt. 15. † ?: történész. – Kv.-on az Állami Elméleti Líc. humán szakán érettségizett (1949); a BTE történelem karán szerzett tanári oklevelet (1953), uo. tanársegéd és lektor, óraadó a Képzőművészeti Intézet és a Zeneművészeti Főiskola m. tagozatain (1953–57). A Buk.-i egyetemen doktorált (1972). Az 56-os forradalmat követően elbocsájtották a tanügyből (1957. febr.). Versenyvizsgával bejutott a Román Tudományos Akad. Mv.-i fiókjának történelem kutató részlegére (1958. jan. –), kutató (1958–64), főkutató (1964–87), kérésére nyugdíjazták (1987). A Romániai történészek szövetségének tagja (1962–). Kutatási területe a két világháború közötti munkás- és antifasiszta mozgalom és sajtó, a marosvölgyi munkásmozgalom története, kulturális kapcsolatok., a Vásárhelyi Találkozó története és dokumentumainak felkutatása, a romániai m. nemzeti kisebbség politikai szervezeteinek, pártjainak története. Tanulmányait évkönyvekben, szaklapokban közölte: Revue Roumaine d’Histoire, Studii de istorie, filologie şi istoria artei, Cercetări de ştiinţe sociale, Könyvtári Szemle, Művelődés. –  <strong>F. m..:</strong> Presa antifascistă locală din transilvania în anii 1939–40: Doktori tézis (Buk., 1971); Tollal a fasizmus ellen. Tallózás a romániai magyar antifasiszta sajtóban (tan. és antol.; Buk., 1974); Tollal a fasizmus ellen (Buk., 1974); A Vásárhelyi Találkozó (Buk., 1977);  <strong>társsz.:</strong> Lucrări şi publicaţii despre Marea Revoluţie Socialistă din Octombrie (Buk., 1968). <br /><strong>– Irod.:</strong> KKACs, Kuszálik.</br></p>

<p>Marosdécse, 1929. okt. 15. † ?: történész. – Kv.-on az Állami Elméleti Líc. humán szakán érettségizett (1949); a BTE történelem karán szerzett tanári oklevelet (1953), uo. tanársegéd és lektor, óraadó a Képzőművészeti Intézet és a Zeneművészeti Főiskola m. tagozatain (1953–57). A Buk.-i egyetemen doktorált (1972). Az 56-os forradalmat követően elbocsájtották a tanügyből (1957. febr.). Versenyvizsgával [&hellip;]</p>
