{"id":23726,"date":"2025-08-01T17:39:07","date_gmt":"2025-08-01T15:39:07","guid":{"rendered":"https:\/\/uj.adatbank.ro\/lexikon\/termek\/tusa-adam\/"},"modified":"2025-08-01T17:39:07","modified_gmt":"2025-08-01T15:39:07","slug":"tusa-adam","status":"publish","type":"product","link":"https:\/\/uj.adatbank.ro\/lexikon\/termek\/tusa-adam\/","title":{"rendered":"TUSA \u00c1d\u00e1m"},"content":{"rendered":"<p>Beretty\u00f3sz\u00e9plak, 1916., \u2020 2009.: orvos. \u2013 Brass\u00f3ban \u00e9retts\u00e9gizett rom\u00e1n nyelven. A kv.-i Ferdin\u00e1nd egyetem orvosi szak\u00e1n v\u00e9gzett (1940), a Ferenc J\u00f3zsef TE magyar nyelven honos\u00edtotta. Az Orsz\u00e1gos K\u00f6zeg\u00e9szs\u00e9g\u00fcgyi Int\u00e9zet kv.-i mal\u00e1ria \u00e1llom\u00e1s\u00e1n kezdett dolgozni. Katon\u00e1nak sorozt\u00e1k be (1943\u2013), kivitt\u00e9k a frontra, ahol fogs\u00e1gba ker\u00fclt 4 \u00e9vig, \u00e9s ott orvosk\u00e9nt dolgozott a belgy\u00f3gy\u00e1szati klinik\u00e1n. Belgy\u00f3gy\u00e1sz szakorvosk\u00e9nt dolgozott, egyetemi oktat\u00f3 is volt. Tanulm\u00e1nyai, cikkei jelentek meg hazai \u00e9s k\u00fclf\u00f6ldi lapokban. <br \/><strong>\u2013 Irod.:<\/strong> Kiss\u2013P\u00e9terffy\u2013P\u00e9terffy.<\/br><\/p>\n","protected":false},"excerpt":{"rendered":"<p>Beretty\u00f3sz\u00e9plak, 1916., \u2020 2009.: orvos. \u2013 Brass\u00f3ban \u00e9retts\u00e9gizett rom\u00e1n nyelven. A kv.-i Ferdin\u00e1nd egyetem orvosi szak\u00e1n v\u00e9gzett (1940), a Ferenc J\u00f3zsef TE magyar nyelven honos\u00edtotta. Az Orsz\u00e1gos K\u00f6zeg\u00e9szs\u00e9g\u00fcgyi Int\u00e9zet kv.-i mal\u00e1ria \u00e1llom\u00e1s\u00e1n kezdett dolgozni. Katon\u00e1nak sorozt\u00e1k be (1943\u2013), kivitt\u00e9k a frontra, ahol fogs\u00e1gba ker\u00fclt 4 \u00e9vig, \u00e9s ott orvosk\u00e9nt dolgozott a belgy\u00f3gy\u00e1szati klinik\u00e1n. Belgy\u00f3gy\u00e1sz szakorvosk\u00e9nt [&hellip;]<\/p>\n","protected":false},"featured_media":0,"comment_status":"open","ping_status":"closed","template":"","meta":[],"product_brand":[],"product_cat":[137],"product_tag":[],"class_list":{"0":"post-23726","1":"product","2":"type-product","3":"status-publish","5":"product_cat-maros-megyei-eletrajzi-lexikon","7":"first","8":"instock","9":"shipping-taxable","10":"product-type-simple"},"_links":{"self":[{"href":"https:\/\/uj.adatbank.ro\/lexikon\/wp-json\/wp\/v2\/product\/23726","targetHints":{"allow":["GET"]}}],"collection":[{"href":"https:\/\/uj.adatbank.ro\/lexikon\/wp-json\/wp\/v2\/product"}],"about":[{"href":"https:\/\/uj.adatbank.ro\/lexikon\/wp-json\/wp\/v2\/types\/product"}],"replies":[{"embeddable":true,"href":"https:\/\/uj.adatbank.ro\/lexikon\/wp-json\/wp\/v2\/comments?post=23726"}],"wp:attachment":[{"href":"https:\/\/uj.adatbank.ro\/lexikon\/wp-json\/wp\/v2\/media?parent=23726"}],"wp:term":[{"taxonomy":"product_brand","embeddable":true,"href":"https:\/\/uj.adatbank.ro\/lexikon\/wp-json\/wp\/v2\/product_brand?post=23726"},{"taxonomy":"product_cat","embeddable":true,"href":"https:\/\/uj.adatbank.ro\/lexikon\/wp-json\/wp\/v2\/product_cat?post=23726"},{"taxonomy":"product_tag","embeddable":true,"href":"https:\/\/uj.adatbank.ro\/lexikon\/wp-json\/wp\/v2\/product_tag?post=23726"}],"curies":[{"name":"wp","href":"https:\/\/api.w.org\/{rel}","templated":true}]}}

TUSA Ádám

<p>Berettyószéplak, 1916., † 2009.: orvos. – Brassóban érettségizett román nyelven. A kv.-i Ferdinánd egyetem orvosi szakán végzett (1940), a Ferenc József TE magyar nyelven honosította. Az Országos Közegészségügyi Intézet kv.-i malária állomásán kezdett dolgozni. Katonának sorozták be (1943–), kivitték a frontra, ahol fogságba került 4 évig, és ott orvosként dolgozott a belgyógyászati klinikán. Belgyógyász szakorvosként dolgozott, egyetemi oktató is volt. Tanulmányai, cikkei jelentek meg hazai és külföldi lapokban. <br /><strong>– Irod.:</strong> Kiss–Péterffy–Péterffy.</br></p>

<p>Berettyószéplak, 1916., † 2009.: orvos. – Brassóban érettségizett román nyelven. A kv.-i Ferdinánd egyetem orvosi szakán végzett (1940), a Ferenc József TE magyar nyelven honosította. Az Országos Közegészségügyi Intézet kv.-i malária állomásán kezdett dolgozni. Katonának sorozták be (1943–), kivitték a frontra, ahol fogságba került 4 évig, és ott orvosként dolgozott a belgyógyászati klinikán. Belgyógyász szakorvosként [&hellip;]</p>
