{"id":23732,"date":"2025-08-01T17:39:21","date_gmt":"2025-08-01T15:39:21","guid":{"rendered":"https:\/\/uj.adatbank.ro\/lexikon\/termek\/tuss-imre\/"},"modified":"2025-08-01T17:39:21","modified_gmt":"2025-08-01T15:39:21","slug":"tuss-imre","status":"publish","type":"product","link":"https:\/\/uj.adatbank.ro\/lexikon\/termek\/tuss-imre\/","title":{"rendered":"TUSS Imre"},"content":{"rendered":"<p>1912. nov.15., \u2020 Mv., 1974. szept. 17.: t\u00e1ncm\u0171v\u00e9sz \u00e9s balettmester. <br \/><strong>\u2013 Irod.:<\/strong> R.-k. temet\u0151.<\/br><\/p>\n","protected":false},"excerpt":{"rendered":"<p>1912. nov.15., \u2020 Mv., 1974. szept. 17.: t\u00e1ncm\u0171v\u00e9sz \u00e9s balettmester. \u2013 Irod.: R.-k. temet\u0151.<\/p>\n","protected":false},"featured_media":0,"comment_status":"open","ping_status":"closed","template":"","meta":[],"product_brand":[],"product_cat":[137],"product_tag":[],"class_list":{"0":"post-23732","1":"product","2":"type-product","3":"status-publish","5":"product_cat-maros-megyei-eletrajzi-lexikon","7":"first","8":"instock","9":"shipping-taxable","10":"product-type-simple"},"_links":{"self":[{"href":"https:\/\/uj.adatbank.ro\/lexikon\/wp-json\/wp\/v2\/product\/23732","targetHints":{"allow":["GET"]}}],"collection":[{"href":"https:\/\/uj.adatbank.ro\/lexikon\/wp-json\/wp\/v2\/product"}],"about":[{"href":"https:\/\/uj.adatbank.ro\/lexikon\/wp-json\/wp\/v2\/types\/product"}],"replies":[{"embeddable":true,"href":"https:\/\/uj.adatbank.ro\/lexikon\/wp-json\/wp\/v2\/comments?post=23732"}],"wp:attachment":[{"href":"https:\/\/uj.adatbank.ro\/lexikon\/wp-json\/wp\/v2\/media?parent=23732"}],"wp:term":[{"taxonomy":"product_brand","embeddable":true,"href":"https:\/\/uj.adatbank.ro\/lexikon\/wp-json\/wp\/v2\/product_brand?post=23732"},{"taxonomy":"product_cat","embeddable":true,"href":"https:\/\/uj.adatbank.ro\/lexikon\/wp-json\/wp\/v2\/product_cat?post=23732"},{"taxonomy":"product_tag","embeddable":true,"href":"https:\/\/uj.adatbank.ro\/lexikon\/wp-json\/wp\/v2\/product_tag?post=23732"}],"curies":[{"name":"wp","href":"https:\/\/api.w.org\/{rel}","templated":true}]}}