{"id":23734,"date":"2025-08-01T17:39:26","date_gmt":"2025-08-01T15:39:26","guid":{"rendered":"https:\/\/uj.adatbank.ro\/lexikon\/termek\/tutsek-istvan\/"},"modified":"2025-08-01T17:39:26","modified_gmt":"2025-08-01T15:39:26","slug":"tutsek-istvan","status":"publish","type":"product","link":"https:\/\/uj.adatbank.ro\/lexikon\/termek\/tutsek-istvan\/","title":{"rendered":"TUTSEK Istv\u00e1n"},"content":{"rendered":"<p>1834?, \u2020 Mv., 1881. m\u00e1j. 4.: keresked\u0151. \u2013 Testv\u00e9rei: T. Ferenc, feles\u00e9ge Amberboj M\u00e1ria; Ter\u00e9z 1. \u00f6zv. Sz\u00e1mtart\u00f3 M\u00e1rtonn\u00e9, 2. Tutsek Ger\u0151n\u00e9. Feles\u00e9ge: Harmath R\u00f3za: Gyermekeik: Ella, Lenke, R\u00f3za. \u2013 Mv.-i keresked\u0151 \u00e9s polg\u00e1r. <br \/><strong>\u2013 Irod.:<\/strong> Gy\u00e1szjelent\u0151.<\/br><\/p>\n","protected":false},"excerpt":{"rendered":"<p>1834?, \u2020 Mv., 1881. m\u00e1j. 4.: keresked\u0151. \u2013 Testv\u00e9rei: T. Ferenc, feles\u00e9ge Amberboj M\u00e1ria; Ter\u00e9z 1. \u00f6zv. Sz\u00e1mtart\u00f3 M\u00e1rtonn\u00e9, 2. Tutsek Ger\u0151n\u00e9. Feles\u00e9ge: Harmath R\u00f3za: Gyermekeik: Ella, Lenke, R\u00f3za. \u2013 Mv.-i keresked\u0151 \u00e9s polg\u00e1r. \u2013 Irod.: Gy\u00e1szjelent\u0151.<\/p>\n","protected":false},"featured_media":0,"comment_status":"open","ping_status":"closed","template":"","meta":[],"product_brand":[],"product_cat":[137],"product_tag":[],"class_list":{"0":"post-23734","1":"product","2":"type-product","3":"status-publish","5":"product_cat-maros-megyei-eletrajzi-lexikon","7":"first","8":"instock","9":"shipping-taxable","10":"product-type-simple"},"_links":{"self":[{"href":"https:\/\/uj.adatbank.ro\/lexikon\/wp-json\/wp\/v2\/product\/23734","targetHints":{"allow":["GET"]}}],"collection":[{"href":"https:\/\/uj.adatbank.ro\/lexikon\/wp-json\/wp\/v2\/product"}],"about":[{"href":"https:\/\/uj.adatbank.ro\/lexikon\/wp-json\/wp\/v2\/types\/product"}],"replies":[{"embeddable":true,"href":"https:\/\/uj.adatbank.ro\/lexikon\/wp-json\/wp\/v2\/comments?post=23734"}],"wp:attachment":[{"href":"https:\/\/uj.adatbank.ro\/lexikon\/wp-json\/wp\/v2\/media?parent=23734"}],"wp:term":[{"taxonomy":"product_brand","embeddable":true,"href":"https:\/\/uj.adatbank.ro\/lexikon\/wp-json\/wp\/v2\/product_brand?post=23734"},{"taxonomy":"product_cat","embeddable":true,"href":"https:\/\/uj.adatbank.ro\/lexikon\/wp-json\/wp\/v2\/product_cat?post=23734"},{"taxonomy":"product_tag","embeddable":true,"href":"https:\/\/uj.adatbank.ro\/lexikon\/wp-json\/wp\/v2\/product_tag?post=23734"}],"curies":[{"name":"wp","href":"https:\/\/api.w.org\/{rel}","templated":true}]}}